CRAN Package Check Results for Package alleHap

Last updated on 2025-07-03 09:50:35 CEST.

Flavor Version Tinstall Tcheck Ttotal Status Flags
r-devel-linux-x86_64-debian-clang 0.9.9 4.79 42.16 46.95 NOTE
r-devel-linux-x86_64-debian-gcc 0.9.9 3.64 32.28 35.92 NOTE
r-devel-linux-x86_64-fedora-clang 0.9.9 73.48 OK
r-devel-linux-x86_64-fedora-gcc 0.9.9 83.10 OK
r-devel-windows-x86_64 0.9.9 6.00 75.00 81.00 OK
r-patched-linux-x86_64 0.9.9 4.01 40.15 44.16 OK
r-release-linux-x86_64 0.9.9 3.82 39.63 43.45 OK
r-release-macos-arm64 0.9.9 34.00 OK
r-release-macos-x86_64 0.9.9 96.00 OK
r-release-windows-x86_64 0.9.9 6.00 74.00 80.00 OK
r-oldrel-macos-arm64 0.9.9 36.00 OK r-oldrel-macos-x86_64 0.9.9 75.00 OK
r-oldrel-windows-x86_64 0.9.9 6.00 77.00 83.00 eHap-00check.html"> OK

Check Details

Version: 0.9.9
Check: CRAN incoming feasibility
Result: NOTE Maintainer: ‘Nathan Medina-Rodriguez <nathan.medina@ulpgc.es>’ No Authors@R field in DESCRIPTION. Please add one, modifying Authors@R: c(person(given = "Nathan", family = "Medina-Rodriguez", role = c("aut", "cre"), email = "nathan.medina@ulpgc.es"), person(given = "Angelo", family = "Santana", role = "aut")) as necessary. Flavors: r-devel-linux-x86_64-debian-clang, r-devel-linux-x86_64-debian-gcc