Last updated on 2025-10-21 09:48:25 CEST.
Flavor | Version | Tinstall | Tcheck | Ttotal | Status | Flags |
---|---|---|---|---|---|---|
r-devel-linux-x86_64-debian-clang | 0.8.0 | 8.02 | 78.92 | 86.94 | OK | |
r-devel-linux-x86_64-debian-gcc | 0.8.0 | 6.80 | 58.86 | 65.66 | NOTE | |
r-devel-linux-x86_64-fedora-clang | 0.8.0 | 132.11 | OK | |||
r-devel-linux-x86_64-fedora-gcc | 0.8.0 | 142.89 | OK | |||
r-devel-windows-x86_64 | 0.8.0 | 10.00 | 92.00 | 102.00 | OK | |
r-patched-linux-x86_64 | 0.8.0 | 10.20 | 75.27 | 85.47 | OK | |
r-release-linux-x86_64 | 0.8.0 | 8.89 | 73.82 | 82.71 | OK | |
r-release-macos-arm64 | 0.8.0 | 48.00 | OK | |||
r-release-macos-x86_64 | 0.8.0 | 94.00 | OK | |||
r-release-windows-x86_64 | 0.8.0 | 10.00 | 94.00 | 104.00 | OK | |
r-oldrel-macos-arm64 | 0.8.0 | 50.00 | OK | |||
r-oldrel-macos-x86_64 | 0.8.0 | 105.00 | OK | |||
r-oldrel-windows-x86_64 | 0.8.0 | 14.00 | 115.00 | 129.00 | OK |
Version: 0.8.0
Check: HTML version of manual
Result: NOTE
Found the following HTML validation problems:
AnnData.html:421:1 (AnnData.Rd:642): Warning: <h5> anchor "Usage" already defined
AnnData.html:427:1 (AnnData.Rd:646): Warning: <h5> anchor "Examples" already defined
AnnData.html:456:1 (AnnData.Rd:670): Warning: <h5> anchor "Usage" already defined
AnnData.html:462:1 (AnnData.Rd:674): Warning: <h5> anchor "Arguments" already defined
AnnData.html:475:1 (AnnData.Rd:681): Warning: <h5> anchor "Examples" already defined
AnnData.html:502:1 (AnnData.Rd:703): Warning: <h5> anchor "Usage" already defined
AnnData.html:508:1 (AnnData.Rd:707): Warning: <h5> anchor "Examples" already defined
AnnData.html:538:1 (AnnData.Rd:732): Warning: <h5> anchor "Usage" already defined
AnnData.html:544:1 (AnnData.Rd:736): Warning: <h5> anchor "Examples" already defined
AnnData.html:573:1 (AnnData.Rd:760): Warning: <h5> anchor "Usage" already defined
AnnData.html:579:1 (AnnData.Rd:764): Warning: <h5> anchor "Arguments" already defined
AnnData.html:592:1 (AnnData.Rd:771): Warning: <h5> anchor "Examples" already defined
AnnData.html:619:1 (AnnData.Rd:793): Warning: <h5> anchor "Usage" already defined
AnnData.html:625:1 (AnnData.Rd:797): Warning: <h5> anchor "Examples" already defined
AnnData.html:655:1 (AnnData.Rd:822): Warning: <h5> anchor "Usage" already defined
AnnData.html:661:1 (AnnData.Rd:826): Warning: <h5> anchor "Examples" already defined
AnnData.html:687:1 (AnnData.Rd:847): Warning: <h5> anchor "Usage" already defined
AnnData.html:693:1 (AnnData.Rd:851): Warning: <h5> anchor "Arguments" already defined
AnnData.html:718:1 (AnnData.Rd:865): Warning: <h5> anchor "Examples" already defined
AnnData.html:744:1 (AnnData.Rd:886): Warning: <h5> anchor "Usage" already defined
AnnData.html:750:1 (AnnData.Rd:890): Warning: <h5> anchor "Arguments" already defined
AnnData.html:763:1 (AnnData.Rd:897): Warning: <h5> anchor "Examples" already defined
AnnData.html:789:1 (AnnData.Rd:918): Warning: <h5> anchor "Usage" already defined
AnnData.html:795:1 (AnnData.Rd:922): Warning: <h5> anchor "Arguments" already defined
AnnData.html:818:1 (AnnData.Rd:935): Warning: <h5> anchor "Usage" already defined
AnnData.html:824:1 (AnnData.Rd:939): Warning: <h5> anchor "Arguments" already defined
AnnData.html:837:1 (AnnData.Rd:946): Warning: <h5> anchor "Examples" already defined
AnnData.html:866:1 (AnnData.Rd:970): Warning: <h5> anchor "Usage" already defined
AnnData.html:872:1 (AnnData.Rd:974): Warning: <h5> anchor "Arguments" already defined
AnnData.html:887:1 (AnnData.Rd:983): Warning: <h5> anchor "Examples" already defined
AnnData.html:914:1 (AnnData.Rd:1005): Warning: <h5> anchor "Usage" already defined
AnnData.html:920:1 (AnnData.Rd:1009): Warning: <h5> anchor "Arguments" already defined
AnnData.html:933:1 (AnnData.Rd:1016): Warning: <h5> anchor "Examples" already defined
AnnData.html:965:1 (AnnData.Rd:1043): Warning: <h5> anchor "Usage" already defined
AnnData.html:971:1 (AnnData.Rd:1047): Warning: <h5> anchor "Arguments" already defined
AnnData.html:984:1 (AnnData.Rd:1054): Warning: <h5> anchor "Examples" already defined
AnnData.html:1020:1 (AnnData.Rd:1085): Warning: <h5> anchor "Usage" already defined
AnnData.html:1026:1 (AnnData.Rd:1089): Warning: <h5> anchor "Examples" already defined
AnnData.html:1055:1 (AnnData.Rd:1113): Warning: <h5> anchor "Usage" already defined
AnnData.html:1061:1 (AnnData.Rd:1117): Warning: <h5> anchor "Arguments" already defined
AnnData.html:1080:1 (AnnData.Rd:1130): Warning: <h5> anchor "Examples" already defined
AnnData.html:1118:1 (AnnData.Rd:1163): Warning: <h5> anchor "Usage" already defined
AnnData.html:1129:1 (AnnData.Rd:1172): Warning: <h5> anchor "Arguments" already defined
AnnData.html:1149:1 (AnnData.Rd:1186): Warning: <h5> anchor "Examples" already defined
AnnData.html:1184:1 (AnnData.Rd:1216): Warning: <h5> anchor "Usage" already defined
AnnData.html:1190:1 (AnnData.Rd:1220): Warning: <h5> anchor "Arguments" already defined
AnnData.html:1205:1 (AnnData.Rd:1229): Warning: <h5> anchor "Examples" already defined
AnnData.html:1240:1 (AnnData.Rd:1259): Warning: <h5> anchor "Usage" already defined
AnnData.html:1246:1 (AnnData.Rd:1263): Warning: <h5> anchor "Arguments" already defined
AnnData.html:1271:1 (AnnData.Rd:1278): Warning: <h5> anchor "Usage" already defined
AnnData.html:1277:1 (AnnData.Rd:1282): Warning: <h5> anchor "Arguments" already defined
AnnData.html:1290:1 (AnnData.Rd:1289): Warning: <h5> anchor "Examples" already defined
AnnData.html:1333:1 (AnnData.Rd:1327): Warning: <h5> anchor "Usage" already defined
AnnData.html:1339:1 (AnnData.Rd:1331): Warning: <h5> anchor "Arguments" already defined
AnnData.html:1362:1 (AnnData.Rd:1344): Warning: <h5> anchor "Usage" already defined
Layers.html:136:1 (Layers.Rd:97): Warning: <h5> anchor "Usage" already defined
Layers.html:142:1 (Layers.Rd:101): Warning: <h5> anchor "Arguments" already defined
Layers.html:186:1 (Layers.Rd:134): Warning: <h5> anchor "Usage" already defined
Layers.html:192:1 (Layers.Rd:138): Warning: <h5> anchor "Arguments" already defined
Layers.html:215:1 (Layers.Rd:151): Warning: <h5> anchor "Usage" already defined
Layers.html:221:1 (Layers.Rd:155): Warning: <h5> anchor "Arguments" already defined
Layers.html:246:1 (Layers.Rd:170): Warning: <h5> anchor "Usage" already defined
Layers.html:252:1 (Layers.Rd:174): Warning: <h5> anchor "Arguments" already defined
Layers.html:275:1 (Layers.Rd:187): Warning: <h5> anchor "Usage" already defined
Layers.html:291:1 (Layers.Rd:197): Warning: <h5> anchor "Usage" already defined
Layers.html:307:1 (Layers.Rd:207): Warning: <h5> anchor "Usage" already defined
Layers.html:313:1 (Layers.Rd:211): Warning: <h5> anchor "Arguments" already defined
Layers.html:336:1 (Layers.Rd:224): Warning: <h5> anchor "Usage" already defined
Raw.html:151:1 (Raw.Rd:179): Warning: <h5> anchor "Usage" already defined
Raw.html:157:1 (Raw.Rd:183): Warning: <h5> anchor "Arguments" already defined
Raw.html:195:1 (Raw.Rd:210): Warning: <h5> anchor "Usage" already defined
Raw.html:201:1 (Raw.Rd:214): Warning: <h5> anchor "Examples" already defined
Raw.html:233:1 (Raw.Rd:241): Warning: <h5> anchor "Usage" already defined
Raw.html:239:1 (Raw.Rd:245): Warning: <h5> anchor "Arguments" already defined
Raw.html:252:1 (Raw.Rd:252): Warning: <h5> anchor "Examples" already defined
Raw.html:303:1 (Raw.Rd:298): Warning: <h5> anchor "Usage" already defined
Raw.html:309:1 (Raw.Rd:302): Warning: <h5> anchor "Arguments" already defined
Raw.html:332:1 (Raw.Rd:315): Warning: <h5> anchor "Usage" already defined
all.equal.html:62:1 (all.equal.Rd:22): Warning: missing </ul> before </div>
Flavor: r-devel-linux-x86_64-debian-gcc