Last updated on 2025-10-21 09:48:25 CEST.
Flavor | Version | Tinstall | Tcheck | Ttotal | Status | Flags |
---|---|---|---|---|---|---|
r-devel-linux-x86_64-debian-clang | 2.2-1 | 26.00 | 463.58 | 489.58 | OK | |
r-devel-linux-x86_64-debian-gcc | 2.2-1 | 14.60 | 287.87 | 302.47 | NOTE | |
r-devel-linux-x86_64-fedora-clang | 2.2-1 | 656.93 | OK | |||
r-devel-linux-x86_64-fedora-gcc | 2.2-1 | 613.68 | OK | |||
r-devel-windows-x86_64 | 2.2-1 | 29.00 | 369.00 | 398.00 | OK | |
r-patched-linux-x86_64 | 2.2-1 | 26.53 | 373.92 | 400.45 | OK | |
r-release-linux-x86_64 | 2.2-1 | 24.34 | 375.86 | 400.20 | OK | |
r-release-macos-arm64 | 2.2-1 | 168.00 | OK | |||
r-release-macos-x86_64 | 2.2-1 | 332.00 | OK | |||
r-release-windows-x86_64 | 2.2-1 | 29.00 | 363.00 | 392.00 | OK | |
r-oldrel-macos-arm64 | 2.2-1 | 172.00 | NOTE | |||
r-oldrel-macos-x86_64 | 2.2-1 | 347.00 | NOTE | |||
r-oldrel-windows-x86_64 | 2.2-1 | 40.00 | 464.00 | 504.00 | NOTE |
Version: 2.2-1
Check: HTML version of manual
Result: NOTE
Found the following HTML validation problems:
aqp_df_class.html:54:1 (aqp_df_class.Rd:18): Warning: missing </ul> before </div>
dollarsign-set.html:57:1 (dollarsign-set.Rd:16): Warning: missing </ul> before </div>
doublebracket-set.html:64:1 (doublebracket-set.Rd:19): Warning: missing </ul> before </div>
getLastHorizonID.html:46:1 (getLastHorizonID.Rd:10): Warning: missing </ul> before </div>
groupSPC.html:50:1 (groupSPC.Rd:12): Warning: missing </ul> before </div>
horizonDepths.html:56:1 (horizonDepths.Rd:18): Warning: missing </ul> before </div>
horizonNames.html:56:1 (horizonNames.Rd:18): Warning: missing </ul> before </div>
hzDesgn.html:47:1 (hzDesgn.Rd:12): Warning: missing </ul> before </div>
hzID.html:56:1 (hzID.Rd:18): Warning: missing </ul> before </div>
hzMetadata.html:47:1 (hzMetadata.Rd:12): Warning: missing </ul> before </div>
idname.html:47:1 (idname.Rd:12): Warning: missing </ul> before </div>
length.html:47:1 (length.Rd:12): Warning: missing </ul> before </div>
max.html:55:1 (max.Rd:16): Warning: missing </ul> before </div>
min.html:55:1 (min.Rd:16): Warning: missing </ul> before </div>
names.html:47:1 (names.Rd:12): Warning: missing </ul> before </div>
nrow.html:47:1 (nrow.Rd:12): Warning: missing </ul> before </div>
profile_id.html:56:1 (profile_id.Rd:18): Warning: missing </ul> before </div>
singlebracket.html:90:1 (singlebracket.Rd:18): Warning: missing </ul> before </div>
siteNames.html:56:1 (siteNames.Rd:18): Warning: missing </ul> before </div>
xtableTauW.html:50:1 (xtableTauW.Rd:12): Warning: missing </ul> before </div>
Flavor: r-devel-linux-x86_64-debian-gcc
Version: 2.2-1
Check: installed package size
Result: NOTE
installed size is 6.9Mb
sub-directories of 1Mb or more:
R 2.1Mb
data 2.0Mb
doc 1.9Mb
Flavors: r-oldrel-macos-arm64, r-oldrel-macos-x86_64, r-oldrel-windows-x86_64