CRAN Package Check Results for Package argo

Last updated on 2025-07-04 09:49:45 CEST.

Flavor Version Tinstall Tcheck Ttotal Status Flags
r-devel-linux-x86_64-debian-clang 3.0.2 9.96 116.35 126.31 NOTE
r-devel-linux-x86_64-debian-gcc 3.0.2 7.59 79.96 87.55 NOTE
r-devel-linux-x86_64-fedora-clang 3.0.2 199.83 OK
r-devel-linux-x86_64-fedora-gcc 3.0.2 194.98 OK
r-devel-windows-x86_64 3.0.2 12.00 123.00 135.00 OK
r-patched-linux-x86_64 3.0.2 10.82 112.58 123.40 OK
r-release-linux-x86_64 3.0.2 10.44 112.90 123.34 OK
r-release-macos-arm64 3.0.2 65.00 OK
r-release-macos-x86_64 3.0.2 134.00 OK
r-release-windows-x86_64 3.0.2 12.00 125.00 137.00 OK
r-oldrel-macos-arm64 3.0.2 52.00 OK
r-oldrel-macos-x86_64 3.0.2 86.00 OK
r-oldrel-windows-x86_64 3.0.2 15.00 161.00 176.00 OK

Check Details

Version: 3.0.2
Check: CRAN incoming feasibility
Result: NOTE Maintainer: ‘Shihao Yang <shihao.yang@isye.gatech.edu>’ No Authors@R field in DESCRIPTION. Please add one, modifying Authors@R: c(person(given = "Shaoyang", family = "Ning", role = "aut"), person(given = "Shihao", family = "Yang", role = c("aut", "cre"), email = "shihao.yang@isye.gatech.edu"), person(given = c("S.", "C."), family = "Kou", role = "aut")) as necessary. Flavors: r-devel-linux-x86_64-debian-clang, r-devel-linux-x86_64-debian-gcc