CRAN Package Check Results for Package asdreader

Last updated on 2025-07-04 09:49:45 CEST.

Flavor Version Tinstall Tcheck Ttotal Status Flags
r-devel-linux-x86_64-debian-clang 0.1-3 1.84 17.81 19.65 OK
r-devel-linux-x86_64-debian-gcc 0.1-3 1.49 15.02 16.51 OK
r-devel-linux-x86_64-fedora-clang 0.1-3 29.85 OK
r-devel-linux-x86_64-fedora-gcc 0.1-3 28.32 OK
r-devel-windows-x86_64 0.1-3 4.00 38.00 42.00 OK
r-patched-linux-x86_64 0.1-3 1.98 16.39 18.37 OK
r-release-linux-x86_64 0.1-3 1.79 16.45 18.24 OK
r-release-macos-arm64 0.1-3 14.00 OK
r-release-macos-x86_64 0.1-3 21.00 OK
r-release-windows-x86_64 0.1-3 3.00 37.00 40.00 OK
r-oldrel-macos-arm64 0.1-3 21.00 NOTE
r-oldrel-macos-x86_64 0.1-3 19.00 NOTE
r-oldrel-windows-x86_64 0.1-3 3.00 36.00 39.00 NOTE

Check Details

Version: 0.1-3
Check: LazyData
Result: NOTE 'LazyData' is specified without a 'data' directory Flavors: r-oldrel-macos-arm64, r-oldrel-macos-x86_64, r-oldrel-windows-x86_64