Last updated on 2025-10-21 09:48:25 CEST.
Flavor | Version | Tinstall | Tcheck | Ttotal | Status | Flags |
---|---|---|---|---|---|---|
r-devel-linux-x86_64-debian-clang | 0.1.5 | 5.00 | 50.19 | 55.19 | OK | |
r-devel-linux-x86_64-debian-gcc | 0.1.5 | 3.04 | 34.89 | 37.93 | NOTE | |
r-devel-linux-x86_64-fedora-clang | 0.1.5 | 81.75 | OK | |||
r-devel-linux-x86_64-fedora-gcc | 0.1.5 | 79.29 | OK | |||
r-devel-windows-x86_64 | 0.1.5 | 6.00 | 63.00 | 69.00 | OK | |
r-patched-linux-x86_64 | 0.1.5 | 5.06 | 45.65 | 50.71 | OK | |
r-release-linux-x86_64 | 0.1.5 | 3.82 | 45.34 | 49.16 | OK | |
r-release-macos-arm64 | 0.1.5 | 27.00 | OK | |||
r-release-macos-x86_64 | 0.1.5 | 50.00 | OK | |||
r-release-windows-x86_64 | 0.1.5 | 8.00 | 65.00 | 73.00 | OK | |
r-oldrel-macos-arm64 | 0.1.5 | 78.00 | OK | |||
r-oldrel-macos-x86_64 | 0.1.5 | 50.00 | OK | |||
r-oldrel-windows-x86_64 | 0.1.5 | 8.00 | 77.00 | 85.00 | OK |
Version: 0.1.5
Check: HTML version of manual
Result: NOTE
Found the following HTML validation problems:
add_cog_group.html:62:1 (add_cog_group.Rd:18): Warning: missing </ul> before </div>
add_layer_cogs.html:62:1 (add_layer_cogs.Rd:18): Warning: missing </ul> before </div>
field_info.html:53:1 (field_info.Rd:15): Warning: missing </ul> before </div>
panel_cogs.html:56:1 (panel_cogs.Rd:17): Warning: missing </ul> before </div>
Flavor: r-devel-linux-x86_64-debian-gcc