Last updated on 2025-10-21 09:48:25 CEST.
Flavor | Version | Tinstall | Tcheck | Ttotal | Status | Flags |
---|---|---|---|---|---|---|
r-devel-linux-x86_64-debian-clang | 1.10.0 | 9.77 | 108.28 | 118.05 | NOTE | |
r-devel-linux-x86_64-debian-gcc | 1.10.0 | 7.56 | 81.31 | 88.87 | NOTE | |
r-devel-linux-x86_64-fedora-clang | 1.10.0 | 174.55 | NOTE | |||
r-devel-linux-x86_64-fedora-gcc | 1.10.0 | 187.80 | NOTE | |||
r-devel-windows-x86_64 | 1.10.0 | 14.00 | 142.00 | 156.00 | NOTE | |
r-patched-linux-x86_64 | 1.10.0 | 11.90 | 103.63 | 115.53 | NOTE | |
r-release-linux-x86_64 | 1.10.0 | 8.49 | 102.45 | 110.94 | NOTE | |
r-release-macos-arm64 | 1.10.0 | 82.00 | NOTE | |||
r-release-macos-x86_64 | 1.10.0 | 144.00 | NOTE | |||
r-release-windows-x86_64 | 1.10.0 | 15.00 | 142.00 | 157.00 | NOTE | |
r-oldrel-macos-arm64 | 1.10.0 | 64.00 | NOTE | |||
r-oldrel-macos-x86_64 | 1.10.0 | 107.00 | NOTE | |||
r-oldrel-windows-x86_64 | 1.10.0 | 18.00 | 164.00 | 182.00 | NOTE |
Version: 1.10.0
Check: Rd files
Result: NOTE
checkRd: (-1) create_tabular_dataset_from_delimited_files.Rd:44: Lost braces; missing escapes or markup?
44 | format '{x}' and datetime column from format '{x:yyyy/MM/dd/HH/mm/ss}', where 'yyyy', 'MM',
| ^
checkRd: (-1) create_tabular_dataset_from_delimited_files.Rd:44: Lost braces; missing escapes or markup?
44 | format '{x}' and datetime column from format '{x:yyyy/MM/dd/HH/mm/ss}', where 'yyyy', 'MM',
| ^
checkRd: (-1) create_tabular_dataset_from_delimited_files.Rd:48: Lost braces; missing escapes or markup?
48 | we can define '/{Country}/{PartitionDate:yyyy/MM/dd}/data.csv' to create columns 'Country'
| ^
checkRd: (-1) create_tabular_dataset_from_delimited_files.Rd:48: Lost braces; missing escapes or markup?
48 | we can define '/{Country}/{PartitionDate:yyyy/MM/dd}/data.csv' to create columns 'Country'
| ^
checkRd: (-1) create_tabular_dataset_from_json_lines_files.Rd:32: Lost braces; missing escapes or markup?
32 | format '{x}' and datetime column from format '{x:yyyy/MM/dd/HH/mm/ss}', where 'yyyy', 'MM',
| ^
checkRd: (-1) create_tabular_dataset_from_json_lines_files.Rd:32: Lost braces; missing escapes or markup?
32 | format '{x}' and datetime column from format '{x:yyyy/MM/dd/HH/mm/ss}', where 'yyyy', 'MM',
| ^
checkRd: (-1) create_tabular_dataset_from_json_lines_files.Rd:36: Lost braces; missing escapes or markup?
36 | we can define '/{Country}/{PartitionDate:yyyy/MM/dd}/data.csv' to create columns 'Country'
| ^
checkRd: (-1) create_tabular_dataset_from_json_lines_files.Rd:36: Lost braces; missing escapes or markup?
36 | we can define '/{Country}/{PartitionDate:yyyy/MM/dd}/data.csv' to create columns 'Country'
| ^
checkRd: (-1) create_tabular_dataset_from_parquet_files.Rd:31: Lost braces; missing escapes or markup?
31 | format '{x}' and datetime column from format '{x:yyyy/MM/dd/HH/mm/ss}', where 'yyyy', 'MM',
| ^
checkRd: (-1) create_tabular_dataset_from_parquet_files.Rd:31: Lost braces; missing escapes or markup?
31 | format '{x}' and datetime column from format '{x:yyyy/MM/dd/HH/mm/ss}', where 'yyyy', 'MM',
| ^
checkRd: (-1) create_tabular_dataset_from_parquet_files.Rd:35: Lost braces; missing escapes or markup?
35 | we can define '/{Country}/{PartitionDate:yyyy/MM/dd}/data.csv' to create columns 'Country'
| ^
checkRd: (-1) create_tabular_dataset_from_parquet_files.Rd:35: Lost braces; missing escapes or markup?
35 | we can define '/{Country}/{PartitionDate:yyyy/MM/dd}/data.csv' to create columns 'Country'
| ^
checkRd: (-1) get_run_metrics.Rd:20: Lost braces
20 | \item{recursive}{If specified, returns runs matching specified \emph{"property"} or {\emph{"property"}: \emph{"value"}}.}
| ^
checkRd: (-1) submit_child_run.Rd:14: Lost braces; missing escapes or markup?
14 | \item{tags}{Tags to be added to the submitted run, e.g., {"tag": "value"}.}
| ^
Flavors: r-devel-linux-x86_64-debian-clang, r-devel-linux-x86_64-debian-gcc, r-devel-linux-x86_64-fedora-clang, r-devel-linux-x86_64-fedora-gcc, r-devel-windows-x86_64, r-patched-linux-x86_64, r-release-linux-x86_64, r-release-macos-arm64, r-release-macos-x86_64, r-release-windows-x86_64, r-oldrel-macos-arm64, r-oldrel-macos-x86_64, r-oldrel-windows-x86_64
Version: 1.10.0
Check: HTML version of manual
Result: NOTE
Found the following HTML validation problems:
generate_entry_script.html:47:1 (generate_entry_script.Rd:11): Warning: missing </ul> before </div>
merge_results.html:59:1 (merge_results.Rd:17): Warning: missing </ul> before </div>
register_do_azureml_parallel.html:50:1 (register_do_azureml_parallel.Rd:12): Warning: missing </ul> before </div>
split_tasks.html:55:1 (split_tasks.Rd:15): Warning: missing </ul> before </div>
view_run_details.html:60:1 (view_run_details.Rd:13): Warning: missing </ul> before </div>
Flavor: r-devel-linux-x86_64-debian-gcc