Last updated on 2025-07-03 09:50:36 CEST.
Flavor | Version | Tinstall | Tcheck | Ttotal | Status | Flags |
---|---|---|---|---|---|---|
r-devel-linux-x86_64-debian-clang | 0.1.1 | 23.53 | 171.89 | 195.42 | NOTE | |
r-devel-linux-x86_64-debian-gcc | 0.1.1 | 15.33 | 113.19 | 128.52 | NOTE | |
r-devel-linux-x86_64-fedora-clang | 0.1.1 | 294.76 | NOTE | |||
r-devel-linux-x86_64-fedora-gcc | 0.1.1 | 283.84 | NOTE | |||
r-devel-windows-x86_64 | 0.1.1 | 22.00 | 165.00 | 187.00 | NOTE | |
r-patched-linux-x86_64 | 0.1.1 | 22.45 | 161.09 | 183.54 | NOTE | |
r-release-linux-x86_64 | 0.1.1 | 22.00 | 153.48 | 175.48 | NOTE | |
r-release-macos-arm64 | 0.1.1 | 76.00 | NOTE | |||
r-release-macos-x86_64 | 0.1.1 | 156.00 | NOTE | |||
r-release-windows-x86_64 | 0.1.1 | 22.00 | 163.00 | 185.00 | NOTE | |
r-oldrel-macos-arm64 | 0.1.1 | 71.00 | OK | |||
r-oldrel-macos-x86_64 | 0.1.1 | 189.00 | OK | |||
r-oldrel-windows-x86_64 | 0.1.1 | 29.00 | 213.00 | 242.00 | OK |
Version: 0.1.1
Check: DESCRIPTION meta-information
Result: NOTE
Missing dependency on R >= 4.1.0 because package code uses the pipe
|> or function shorthand \(...) syntax added in R 4.1.0.
File(s) using such syntax:
‘acceptenceRate.R’ ‘extractTreeData.R’ ‘generic_functions.R’
‘permVint.R’ ‘plot_all_trees.R’ ‘splitDensity.R’ ‘treeBarPlot.R’
‘treeDataframe.R’ ‘treeList.R’ ‘vintPlot.R’
Flavors: r-devel-linux-x86_64-debian-clang, r-devel-linux-x86_64-debian-gcc, r-devel-linux-x86_64-fedora-clang, r-devel-linux-x86_64-fedora-gcc, r-devel-windows-x86_64, r-patched-linux-x86_64, r-release-linux-x86_64, r-release-macos-arm64, r-release-macos-x86_64, r-release-windows-x86_64