CRAN Package Check Results for Package basictabler

Last updated on 2025-10-21 09:48:25 CEST.

Flavor Version Tinstall Tcheck Ttotal Status Flags
r-devel-linux-x86_64-debian-clang 1.0.4 22.67 120.32 142.99 OK
r-devel-linux-x86_64-debian-gcc 1.0.4 13.72 82.03 95.75 NOTE
r-devel-linux-x86_64-fedora-clang 1.0.4 217.61 OK
r-devel-linux-x86_64-fedora-gcc 1.0.4 219.74 OK
r-devel-windows-x86_64 1.0.4 21.00 133.00 154.00 OK
r-patched-linux-x86_64 1.0.4 20.78 112.14 132.92 OK
r-release-linux-x86_64 1.0.4 18.24 111.61 129.85 OK
r-release-macos-arm64 1.0.4 65.00 OK
r-release-macos-x86_64 1.0.4 126.00 OK
r-release-windows-x86_64 1.0.4 22.00 134.00 156.00 OK
r-oldrel-macos-arm64 1.0.4 71.00 OK
r-oldrel-macos-x86_64 1.0.4 139.00 OK
r-oldrel-windows-x86_64 1.0.4 30.00 164.00 194.00 OK

Check Details

Version: 1.0.4
Check: HTML version of manual
Result: NOTE Found the following HTML validation problems: BasicTable.html:280:1 (BasicTable.Rd:203): Warning: <h5> anchor "Usage" already defined BasicTable.html:297:1 (BasicTable.Rd:215): Warning: <h5> anchor "Returns" already defined BasicTable.html:315:1 (BasicTable.Rd:225): Warning: <h5> anchor "Usage" already defined BasicTable.html:333:1 (BasicTable.Rd:241): Warning: <h5> anchor "Arguments" already defined BasicTable.html:385:1 (BasicTable.Rd:287): Warning: <h5> anchor "Returns" already defined BasicTable.html:403:1 (BasicTable.Rd:297): Warning: <h5> anchor "Usage" already defined BasicTable.html:418:1 (BasicTable.Rd:310): Warning: <h5> anchor "Arguments" already defined BasicTable.html:460:1 (BasicTable.Rd:346): Warning: <h5> anchor "Returns" already defined BasicTable.html:480:1 (BasicTable.Rd:358): Warning: <h5> anchor "Usage" already defined BasicTable.html:495:1 (BasicTable.Rd:371): Warning: <h5> anchor "Arguments" already defined BasicTable.html:522:1 (BasicTable.Rd:392): Warning: <h5> anchor "Returns" already defined BasicTable.html:540:1 (BasicTable.Rd:402): Warning: <h5> anchor "Usage" already defined BasicTable.html:546:1 (BasicTable.Rd:406): Warning: <h5> anchor "Arguments" already defined BasicTable.html:564:1 (BasicTable.Rd:418): Warning: <h5> anchor "Returns" already defined BasicTable.html:582:1 (BasicTable.Rd:428): Warning: <h5> anchor "Usage" already defined BasicTable.html:588:1 (BasicTable.Rd:432): Warning: <h5> anchor "Returns" already defined BasicTable.html:605:1 (BasicTable.Rd:441): Warning: <h5> anchor "Usage" already defined BasicTable.html:611:1 (BasicTable.Rd:445): Warning: <h5> anchor "Arguments" already defined BasicTable.html:632:1 (BasicTable.Rd:460): Warning: <h5> anchor "Returns" already defined BasicTable.html:650:1 (BasicTable.Rd:470): Warning: <h5> anchor "Usage" already defined BasicTable.html:656:1 (BasicTable.Rd:474): Warning: <h5> anchor "Arguments" already defined BasicTable.html:672:1 (BasicTable.Rd:484): Warning: <h5> anchor "Returns" already defined BasicTable.html:691:1 (BasicTable.Rd:495): Warning: <h5> anchor "Usage" already defined BasicTable.html:697:1 (BasicTable.Rd:499): Warning: <h5> anchor "Arguments" already defined BasicTable.html:713:1 (BasicTable.Rd:509): Warning: <h5> anchor "Details" already defined BasicTable.html:723:1 (BasicTable.Rd:516): Warning: <h5> anchor "Returns" already defined BasicTable.html:740:1 (BasicTable.Rd:525): Warning: <h5> anchor "Usage" already defined BasicTable.html:760:1 (BasicTable.Rd:543): Warning: <h5> anchor "Arguments" already defined BasicTable.html:808:1 (BasicTable.Rd:585): Warning: <h5> anchor "Details" already defined BasicTable.html:830:1 (BasicTable.Rd:604): Warning: <h5> anchor "Returns" already defined BasicTable.html:847:1 (BasicTable.Rd:613): Warning: <h5> anchor "Usage" already defined BasicTable.html:861:1 (BasicTable.Rd:625): Warning: <h5> anchor "Arguments" already defined BasicTable.html:918:1 (BasicTable.Rd:676): Warning: <h5> anchor "Details" already defined BasicTable.html:942:1 (BasicTable.Rd:697): Warning: <h5> anchor "Returns" already defined BasicTable.html:959:1 (BasicTable.Rd:706): Warning: <h5> anchor "Usage" already defined BasicTable.html:965:1 (BasicTable.Rd:710): Warning: <h5> anchor "Details" already defined BasicTable.html:973:1 (BasicTable.Rd:715): Warning: <h5> anchor "Returns" already defined BasicTable.html:991:1 (BasicTable.Rd:725): Warning: <h5> anchor "Usage" already defined BasicTable.html:1004:1 (BasicTable.Rd:736): Warning: <h5> anchor "Arguments" already defined BasicTable.html:1040:1 (BasicTable.Rd:766): Warning: <h5> anchor "Details" already defined BasicTable.html:1071:1 (BasicTable.Rd:794): Warning: <h5> anchor "Returns" already defined BasicTable.html:1089:1 (BasicTable.Rd:804): Warning: <h5> anchor "Usage" already defined BasicTable.html:1108:1 (BasicTable.Rd:821): Warning: <h5> anchor "Arguments" already defined BasicTable.html:1160:1 (BasicTable.Rd:867): Warning: <h5> anchor "Details" already defined BasicTable.html:1178:1 (BasicTable.Rd:882): Warning: <h5> anchor "Returns" already defined BasicTable.html:1196:1 (BasicTable.Rd:892): Warning: <h5> anchor "Usage" already defined BasicTable.html:1202:1 (BasicTable.Rd:896): Warning: <h5> anchor "Arguments" already defined BasicTable.html:1216:1 (BasicTable.Rd:904): Warning: <h5> anchor "Returns" already defined BasicTable.html:1233:1 (BasicTable.Rd:913): Warning: <h5> anchor "Usage" already defined BasicTable.html:1243:1 (BasicTable.Rd:921): Warning: <h5> anchor "Arguments" already defined BasicTable.html:1263:1 (BasicTable.Rd:935): Warning: <h5> anchor "Details" already defined BasicTable.html:1270:1 (BasicTable.Rd:939): Warning: <h5> anchor "Returns" already defined BasicTable.html:1287:1 (BasicTable.Rd:948): Warning: <h5> anchor "Usage" already defined BasicTable.html:1298:1 (BasicTable.Rd:957): Warning: <h5> anchor "Arguments" already defined BasicTable.html:1322:1 (BasicTable.Rd:975): Warning: <h5> anchor "Details" already defined BasicTable.html:1329:1 (BasicTable.Rd:979): Warning: <h5> anchor "Returns" already defined BasicTable.html:1346:1 (BasicTable.Rd:988): Warning: <h5> anchor "Usage" already defined BasicTable.html:1352:1 (BasicTable.Rd:992): Warning: <h5> anchor "Arguments" already defined BasicTable.html:1366:1 (BasicTable.Rd:1000): Warning: <h5> anchor "Details" already defined BasicTable.html:1373:1 (BasicTable.Rd:1004): Warning: <h5> anchor "Returns" already defined BasicTable.html:1390:1 (BasicTable.Rd:1013): Warning: <h5> anchor "Usage" already defined BasicTable.html:1396:1 (BasicTable.Rd:1017): Warning: <h5> anchor "Arguments" already defined BasicTable.html:1410:1 (BasicTable.Rd:1025): Warning: <h5> anchor "Details" already defined BasicTable.html:1417:1 (BasicTable.Rd:1029): Warning: <h5> anchor "Returns" already defined BasicTable.html:1435:1 (BasicTable.Rd:1039): Warning: <h5> anchor "Usage" already defined BasicTable.html:1445:1 (BasicTable.Rd:1047): Warning: <h5> anchor "Arguments" already defined BasicTable.html:1464:1 (BasicTable.Rd:1060): Warning: <h5> anchor "Details" already defined BasicTable.html:1471:1 (BasicTable.Rd:1064): Warning: <h5> anchor "Returns" already defined BasicTable.html:1488:1 (BasicTable.Rd:1073): Warning: <h5> anchor "Usage" already defined BasicTable.html:1494:1 (BasicTable.Rd:1077): Warning: <h5> anchor "Arguments" already defined BasicTable.html:1512:1 (BasicTable.Rd:1089): Warning: <h5> anchor "Details" already defined BasicTable.html:1519:1 (BasicTable.Rd:1093): Warning: <h5> anchor "Returns" already defined BasicTable.html:1537:1 (BasicTable.Rd:1103): Warning: <h5> anchor "Usage" already defined BasicTable.html:1552:1 (BasicTable.Rd:1116): Warning: <h5> anchor "Arguments" already defined BasicTable.html:1588:1 (BasicTable.Rd:1146): Warning: <h5> anchor "Details" already defined BasicTable.html:1595:1 (BasicTable.Rd:1150): Warning: <h5> anchor "Returns" already defined BasicTable.html:1612:1 (BasicTable.Rd:1159): Warning: <h5> anchor "Usage" already defined BasicTable.html:1618:1 (BasicTable.Rd:1163): Warning: <h5> anchor "Arguments" already defined BasicTable.html:1634:1 (BasicTable.Rd:1173): Warning: <h5> anchor "Details" already defined BasicTable.html:1641:1 (BasicTable.Rd:1177): Warning: <h5> anchor "Returns" already defined BasicTable.html:1659:1 (BasicTable.Rd:1187): Warning: <h5> anchor "Usage" already defined BasicTable.html:1665:1 (BasicTable.Rd:1191): Warning: <h5> anchor "Arguments" already defined BasicTable.html:1682:1 (BasicTable.Rd:1202): Warning: <h5> anchor "Returns" already defined BasicTable.html:1699:1 (BasicTable.Rd:1211): Warning: <h5> anchor "Usage" already defined BasicTable.html:1705:1 (BasicTable.Rd:1215): Warning: <h5> anchor "Returns" already defined BasicTable.html:1722:1 (BasicTable.Rd:1224): Warning: <h5> anchor "Usage" already defined BasicTable.html:1728:1 (BasicTable.Rd:1228): Warning: <h5> anchor "Returns" already defined BasicTable.html:1745:1 (BasicTable.Rd:1237): Warning: <h5> anchor "Usage" already defined BasicTable.html:1751:1 (BasicTable.Rd:1241): Warning: <h5> anchor "Returns" already defined BasicTable.html:1768:1 (BasicTable.Rd:1250): Warning: <h5> anchor "Usage" already defined BasicTable.html:1774:1 (BasicTable.Rd:1254): Warning: <h5> anchor "Arguments" already defined FlexTableRenderer.html:106:1 (FlexTableRenderer.Rd:54): Warning: <h5> anchor "Usage" already defined FlexTableRenderer.html:125:1 (FlexTableRenderer.Rd:71): Warning: <h5> anchor "Arguments" already defined FlexTableRenderer.html:172:1 (FlexTableRenderer.Rd:112): Warning: <h5> anchor "Returns" already defined FlexTableRenderer.html:189:1 (FlexTableRenderer.Rd:121): Warning: <h5> anchor "Usage" already defined FlexTableRenderer.html:206:1 (FlexTableRenderer.Rd:136): Warning: <h5> anchor "Arguments" already defined FlexTableRenderer.html:240:1 (FlexTableRenderer.Rd:164): Warning: <h5> anchor "Returns" already defined FlexTableRenderer.html:257:1 (FlexTableRenderer.Rd:173): Warning: <h5> anchor "Usage" already defined FlexTableRenderer.html:263:1 (FlexTableRenderer.Rd:177): Warning: <h5> anchor "Arguments" already defined FlexTableRenderer.html:281:1 (FlexTableRenderer.Rd:189): Warning: <h5> anchor "Returns" already defined FlexTableRenderer.html:298:1 (FlexTableRenderer.Rd:198): Warning: <h5> anchor "Usage" already defined FlexTableRenderer.html:304:1 (FlexTableRenderer.Rd:202): Warning: <h5> anchor "Arguments" already defined FlexTableStyle.html:247:1 (FlexTableStyle.Rd:185): Warning: <h5> anchor "Usage" already defined FlexTableStyle.html:253:1 (FlexTableStyle.Rd:189): Warning: <h5> anchor "Arguments" already defined FlexTableStyle.html:266:1 (FlexTableStyle.Rd:196): Warning: <h5> anchor "Returns" already defined FlexTableStyle.html:283:1 (FlexTableStyle.Rd:205): Warning: <h5> anchor "Usage" already defined FlexTableStyle.html:311:1 (FlexTableStyle.Rd:231): Warning: <h5> anchor "Arguments" already defined FlexTableStyle.html:370:1 (FlexTableStyle.Rd:284): Warning: <h5> anchor "Returns" already defined FlexTableStyle.html:387:1 (FlexTableStyle.Rd:293): Warning: <h5> anchor "Usage" already defined FlexTableStyle.html:393:1 (FlexTableStyle.Rd:297): Warning: <h5> anchor "Returns" already defined FlexTableStyle.html:410:1 (FlexTableStyle.Rd:306): Warning: <h5> anchor "Usage" already defined FlexTableStyle.html:416:1 (FlexTableStyle.Rd:310): Warning: <h5> anchor "Returns" already defined FlexTableStyle.html:433:1 (FlexTableStyle.Rd:319): Warning: <h5> anchor "Usage" already defined FlexTableStyle.html:439:1 (FlexTableStyle.Rd:323): Warning: <h5> anchor "Returns" already defined FlexTableStyle.html:456:1 (FlexTableStyle.Rd:332): Warning: <h5> anchor "Usage" already defined FlexTableStyle.html:462:1 (FlexTableStyle.Rd:336): Warning: <h5> anchor "Arguments" already defined FlexTableStyles.html:133:1 (FlexTableStyles.Rd:68): Warning: <h5> anchor "Usage" already defined FlexTableStyles.html:139:1 (FlexTableStyles.Rd:72): Warning: <h5> anchor "Returns" already defined FlexTableStyles.html:156:1 (FlexTableStyles.Rd:81): Warning: <h5> anchor "Usage" already defined FlexTableStyles.html:162:1 (FlexTableStyles.Rd:85): Warning: <h5> anchor "Arguments" already defined FlexTableStyles.html:175:1 (FlexTableStyles.Rd:92): Warning: <h5> anchor "Returns" already defined FlexTableStyles.html:195:1 (FlexTableStyles.Rd:104): Warning: <h5> anchor "Usage" already defined FlexTableStyles.html:207:1 (FlexTableStyles.Rd:114): Warning: <h5> anchor "Arguments" already defined FlexTableStyles.html:231:1 (FlexTableStyles.Rd:132): Warning: <h5> anchor "Returns" already defined FlexTableStyles.html:250:1 (FlexTableStyles.Rd:143): Warning: <h5> anchor "Usage" already defined FlexTableStyles.html:256:1 (FlexTableStyles.Rd:147): Warning: <h5> anchor "Arguments" already defined FlexTableStyles.html:271:1 (FlexTableStyles.Rd:156): Warning: <h5> anchor "Returns" already defined FlexTableStyles.html:288:1 (FlexTableStyles.Rd:165): Warning: <h5> anchor "Usage" already defined FlexTableStyles.html:294:1 (FlexTableStyles.Rd:169): Warning: <h5> anchor "Returns" already defined FlexTableStyles.html:311:1 (FlexTableStyles.Rd:178): Warning: <h5> anchor "Usage" already defined FlexTableStyles.html:317:1 (FlexTableStyles.Rd:182): Warning: <h5> anchor "Returns" already defined FlexTableStyles.html:334:1 (FlexTableStyles.Rd:191): Warning: <h5> anchor "Usage" already defined FlexTableStyles.html:340:1 (FlexTableStyles.Rd:195): Warning: <h5> anchor "Arguments" already defined FlexTableStyles.html:353:1 (FlexTableStyles.Rd:202): Warning: <h5> anchor "Returns" already defined FlexTableStyles.html:370:1 (FlexTableStyles.Rd:211): Warning: <h5> anchor "Usage" already defined FlexTableStyles.html:376:1 (FlexTableStyles.Rd:215): Warning: <h5> anchor "Arguments" already defined TableCell.html:198:1 (TableCell.Rd:143): Warning: <h5> anchor "Usage" already defined TableCell.html:204:1 (TableCell.Rd:147): Warning: <h5> anchor "Arguments" already defined TableCell.html:221:1 (TableCell.Rd:158): Warning: <h5> anchor "Returns" already defined TableCell.html:238:1 (TableCell.Rd:167): Warning: <h5> anchor "Usage" already defined TableCell.html:244:1 (TableCell.Rd:171): Warning: <h5> anchor "Returns" already defined TableCell.html:261:1 (TableCell.Rd:180): Warning: <h5> anchor "Usage" already defined TableCell.html:267:1 (TableCell.Rd:184): Warning: <h5> anchor "Returns" already defined TableCell.html:284:1 (TableCell.Rd:193): Warning: <h5> anchor "Usage" already defined TableCell.html:290:1 (TableCell.Rd:197): Warning: <h5> anchor "Returns" already defined TableCell.html:307:1 (TableCell.Rd:206): Warning: <h5> anchor "Usage" already defined TableCell.html:313:1 (TableCell.Rd:210): Warning: <h5> anchor "Arguments" already defined TableCellRanges.html:144:1 (TableCellRanges.Rd:72): Warning: <h5> anchor "Usage" already defined TableCellRanges.html:157:1 (TableCellRanges.Rd:83): Warning: <h5> anchor "Arguments" already defined TableCellRanges.html:180:1 (TableCellRanges.Rd:100): Warning: <h5> anchor "Returns" already defined TableCellRanges.html:200:1 (TableCellRanges.Rd:112): Warning: <h5> anchor "Usage" already defined TableCellRanges.html:213:1 (TableCellRanges.Rd:123): Warning: <h5> anchor "Arguments" already defined TableCellRanges.html:236:1 (TableCellRanges.Rd:140): Warning: <h5> anchor "Returns" already defined TableCellRanges.html:253:1 (TableCellRanges.Rd:149): Warning: <h5> anchor "Usage" already defined TableCellRanges.html:259:1 (TableCellRanges.Rd:153): Warning: <h5> anchor "Arguments" already defined TableCellRanges.html:274:1 (TableCellRanges.Rd:162): Warning: <h5> anchor "Returns" already defined TableCellRanges.html:291:1 (TableCellRanges.Rd:171): Warning: <h5> anchor "Usage" already defined TableCellRanges.html:297:1 (TableCellRanges.Rd:175): Warning: <h5> anchor "Returns" already defined TableCellRanges.html:314:1 (TableCellRanges.Rd:184): Warning: <h5> anchor "Usage" already defined TableCellRanges.html:320:1 (TableCellRanges.Rd:188): Warning: <h5> anchor "Arguments" already defined TableCellRanges.html:333:1 (TableCellRanges.Rd:195): Warning: <h5> anchor "Returns" already defined TableCellRanges.html:350:1 (TableCellRanges.Rd:204): Warning: <h5> anchor "Usage" already defined TableCellRanges.html:356:1 (TableCellRanges.Rd:208): Warning: <h5> anchor "Arguments" already defined TableCellRanges.html:369:1 (TableCellRanges.Rd:215): Warning: <h5> anchor "Returns" already defined TableCellRanges.html:386:1 (TableCellRanges.Rd:224): Warning: <h5> anchor "Usage" already defined TableCellRanges.html:392:1 (TableCellRanges.Rd:228): Warning: <h5> anchor "Arguments" already defined TableCellRanges.html:405:1 (TableCellRanges.Rd:235): Warning: <h5> anchor "Returns" already defined TableCellRanges.html:422:1 (TableCellRanges.Rd:244): Warning: <h5> anchor "Usage" already defined TableCellRanges.html:428:1 (TableCellRanges.Rd:248): Warning: <h5> anchor "Arguments" already defined TableCellRanges.html:441:1 (TableCellRanges.Rd:255): Warning: <h5> anchor "Returns" already defined TableCellRanges.html:458:1 (TableCellRanges.Rd:264): Warning: <h5> anchor "Usage" already defined TableCellRanges.html:464:1 (TableCellRanges.Rd:268): Warning: <h5> anchor "Returns" already defined TableCellRanges.html:481:1 (TableCellRanges.Rd:277): Warning: <h5> anchor "Usage" already defined TableCellRanges.html:487:1 (TableCellRanges.Rd:281): Warning: <h5> anchor "Returns" already defined TableCellRanges.html:504:1 (TableCellRanges.Rd:290): Warning: <h5> anchor "Usage" already defined TableCellRanges.html:510:1 (TableCellRanges.Rd:294): Warning: <h5> anchor "Arguments" already defined TableCells.html:183:1 (TableCells.Rd:93): Warning: <h5> anchor "Usage" already defined TableCells.html:189:1 (TableCells.Rd:97): Warning: <h5> anchor "Returns" already defined TableCells.html:207:1 (TableCells.Rd:107): Warning: <h5> anchor "Usage" already defined TableCells.html:213:1 (TableCells.Rd:111): Warning: <h5> anchor "Arguments" already defined TableCells.html:228:1 (TableCells.Rd:120): Warning: <h5> anchor "Returns" already defined TableCells.html:246:1 (TableCells.Rd:130): Warning: <h5> anchor "Usage" already defined TableCells.html:252:1 (TableCells.Rd:134): Warning: <h5> anchor "Arguments" already defined TableCells.html:271:1 (TableCells.Rd:147): Warning: <h5> anchor "Returns" already defined TableCells.html:289:1 (TableCells.Rd:157): Warning: <h5> anchor "Usage" already defined TableCells.html:301:1 (TableCells.Rd:167): Warning: <h5> anchor "Arguments" already defined TableCells.html:328:1 (TableCells.Rd:188): Warning: <h5> anchor "Returns" already defined TableCells.html:346:1 (TableCells.Rd:198): Warning: <h5> anchor "Usage" already defined TableCells.html:358:1 (TableCells.Rd:208): Warning: <h5> anchor "Arguments" already defined TableCells.html:385:1 (TableCells.Rd:229): Warning: <h5> anchor "Returns" already defined TableCells.html:402:1 (TableCells.Rd:238): Warning: <h5> anchor "Usage" already defined TableCells.html:419:1 (TableCells.Rd:253): Warning: <h5> anchor "Arguments" already defined TableCells.html:458:1 (TableCells.Rd:286): Warning: <h5> anchor "Returns" already defined TableCells.html:475:1 (TableCells.Rd:295): Warning: <h5> anchor "Usage" already defined TableCells.html:491:1 (TableCells.Rd:309): Warning: <h5> anchor "Arguments" already defined TableCells.html:528:1 (TableCells.Rd:340): Warning: <h5> anchor "Returns" already defined TableCells.html:546:1 (TableCells.Rd:350): Warning: <h5> anchor "Usage" already defined TableCells.html:552:1 (TableCells.Rd:354): Warning: <h5> anchor "Arguments" already defined TableCells.html:567:1 (TableCells.Rd:363): Warning: <h5> anchor "Returns" already defined TableCells.html:584:1 (TableCells.Rd:372): Warning: <h5> anchor "Usage" already defined TableCells.html:590:1 (TableCells.Rd:376): Warning: <h5> anchor "Arguments" already defined TableCells.html:610:1 (TableCells.Rd:390): Warning: <h5> anchor "Returns" already defined TableCells.html:627:1 (TableCells.Rd:399): Warning: <h5> anchor "Usage" already defined TableCells.html:643:1 (TableCells.Rd:413): Warning: <h5> anchor "Arguments" already defined TableCells.html:684:1 (TableCells.Rd:448): Warning: <h5> anchor "Returns" already defined TableCells.html:701:1 (TableCells.Rd:457): Warning: <h5> anchor "Usage" already defined TableCells.html:717:1 (TableCells.Rd:471): Warning: <h5> anchor "Arguments" already defined TableCells.html:758:1 (TableCells.Rd:506): Warning: <h5> anchor "Returns" already defined TableCells.html:775:1 (TableCells.Rd:515): Warning: <h5> anchor "Usage" already defined TableCells.html:781:1 (TableCells.Rd:519): Warning: <h5> anchor "Arguments" already defined TableCells.html:796:1 (TableCells.Rd:528): Warning: <h5> anchor "Returns" already defined TableCells.html:813:1 (TableCells.Rd:537): Warning: <h5> anchor "Usage" already defined TableCells.html:819:1 (TableCells.Rd:541): Warning: <h5> anchor "Arguments" already defined TableCells.html:836:1 (TableCells.Rd:552): Warning: <h5> anchor "Returns" already defined TableCells.html:853:1 (TableCells.Rd:561): Warning: <h5> anchor "Usage" already defined TableCells.html:864:1 (TableCells.Rd:570): Warning: <h5> anchor "Arguments" already defined TableCells.html:883:1 (TableCells.Rd:583): Warning: <h5> anchor "Returns" already defined TableCells.html:900:1 (TableCells.Rd:592): Warning: <h5> anchor "Usage" already defined TableCells.html:906:1 (TableCells.Rd:596): Warning: <h5> anchor "Arguments" already defined TableCells.html:919:1 (TableCells.Rd:603): Warning: <h5> anchor "Returns" already defined TableCells.html:936:1 (TableCells.Rd:612): Warning: <h5> anchor "Usage" already defined TableCells.html:947:1 (TableCells.Rd:621): Warning: <h5> anchor "Arguments" already defined TableCells.html:966:1 (TableCells.Rd:634): Warning: <h5> anchor "Returns" already defined TableCells.html:983:1 (TableCells.Rd:643): Warning: <h5> anchor "Usage" already defined TableCells.html:989:1 (TableCells.Rd:647): Warning: <h5> anchor "Arguments" already defined TableCells.html:1002:1 (TableCells.Rd:654): Warning: <h5> anchor "Returns" already defined TableCells.html:1020:1 (TableCells.Rd:664): Warning: <h5> anchor "Usage" already defined TableCells.html:1033:1 (TableCells.Rd:675): Warning: <h5> anchor "Arguments" already defined TableCells.html:1100:1 (TableCells.Rd:733): Warning: <h5> anchor "Returns" already defined TableCells.html:1118:1 (TableCells.Rd:743): Warning: <h5> anchor "Usage" already defined TableCells.html:1137:1 (TableCells.Rd:760): Warning: <h5> anchor "Arguments" already defined TableCells.html:1189:1 (TableCells.Rd:806): Warning: <h5> anchor "Returns" already defined TableCells.html:1207:1 (TableCells.Rd:816): Warning: <h5> anchor "Usage" already defined TableCells.html:1213:1 (TableCells.Rd:820): Warning: <h5> anchor "Returns" already defined TableCells.html:1230:1 (TableCells.Rd:829): Warning: <h5> anchor "Usage" already defined TableCells.html:1236:1 (TableCells.Rd:833): Warning: <h5> anchor "Returns" already defined TableCells.html:1253:1 (TableCells.Rd:842): Warning: <h5> anchor "Usage" already defined TableCells.html:1259:1 (TableCells.Rd:846): Warning: <h5> anchor "Returns" already defined TableCells.html:1276:1 (TableCells.Rd:855): Warning: <h5> anchor "Usage" already defined TableCells.html:1282:1 (TableCells.Rd:859): Warning: <h5> anchor "Arguments" already defined TableHtmlRenderer.html:99:1 (TableHtmlRenderer.Rd:54): Warning: <h5> anchor "Usage" already defined TableHtmlRenderer.html:105:1 (TableHtmlRenderer.Rd:58): Warning: <h5> anchor "Arguments" already defined TableHtmlRenderer.html:119:1 (TableHtmlRenderer.Rd:66): Warning: <h5> anchor "Returns" already defined TableHtmlRenderer.html:137:1 (TableHtmlRenderer.Rd:76): Warning: <h5> anchor "Usage" already defined TableHtmlRenderer.html:143:1 (TableHtmlRenderer.Rd:80): Warning: <h5> anchor "Arguments" already defined TableOpenXlsxRenderer.html:104:1 (TableOpenXlsxRenderer.Rd:62): Warning: <h5> anchor "Usage" already defined TableOpenXlsxRenderer.html:122:1 (TableOpenXlsxRenderer.Rd:78): Warning: <h5> anchor "Arguments" already defined TableOpenXlsxRenderer.html:166:1 (TableOpenXlsxRenderer.Rd:116): Warning: <h5> anchor "Returns" already defined TableOpenXlsxRenderer.html:183:1 (TableOpenXlsxRenderer.Rd:125): Warning: <h5> anchor "Usage" already defined TableOpenXlsxRenderer.html:198:1 (TableOpenXlsxRenderer.Rd:138): Warning: <h5> anchor "Arguments" already defined TableOpenXlsxRenderer.html:234:1 (TableOpenXlsxRenderer.Rd:168): Warning: <h5> anchor "Returns" already defined TableOpenXlsxRenderer.html:251:1 (TableOpenXlsxRenderer.Rd:177): Warning: <h5> anchor "Usage" already defined TableOpenXlsxRenderer.html:257:1 (TableOpenXlsxRenderer.Rd:181): Warning: <h5> anchor "Arguments" already defined TableOpenXlsxStyle.html:280:1 (TableOpenXlsxStyle.Rd:225): Warning: <h5> anchor "Usage" already defined TableOpenXlsxStyle.html:286:1 (TableOpenXlsxStyle.Rd:229): Warning: <h5> anchor "Arguments" already defined TableOpenXlsxStyle.html:299:1 (TableOpenXlsxStyle.Rd:236): Warning: <h5> anchor "Returns" already defined TableOpenXlsxStyle.html:316:1 (TableOpenXlsxStyle.Rd:245): Warning: <h5> anchor "Usage" already defined TableOpenXlsxStyle.html:348:1 (TableOpenXlsxStyle.Rd:275): Warning: <h5> anchor "Arguments" already defined TableOpenXlsxStyle.html:409:1 (TableOpenXlsxStyle.Rd:330): Warning: <h5> anchor "Returns" already defined TableOpenXlsxStyle.html:426:1 (TableOpenXlsxStyle.Rd:339): Warning: <h5> anchor "Usage" already defined TableOpenXlsxStyle.html:432:1 (TableOpenXlsxStyle.Rd:343): Warning: <h5> anchor "Returns" already defined TableOpenXlsxStyle.html:449:1 (TableOpenXlsxStyle.Rd:352): Warning: <h5> anchor "Usage" already defined TableOpenXlsxStyle.html:455:1 (TableOpenXlsxStyle.Rd:356): Warning: <h5> anchor "Returns" already defined TableOpenXlsxStyle.html:472:1 (TableOpenXlsxStyle.Rd:365): Warning: <h5> anchor "Usage" already defined TableOpenXlsxStyle.html:478:1 (TableOpenXlsxStyle.Rd:369): Warning: <h5> anchor "Returns" already defined TableOpenXlsxStyle.html:495:1 (TableOpenXlsxStyle.Rd:378): Warning: <h5> anchor "Usage" already defined TableOpenXlsxStyle.html:501:1 (TableOpenXlsxStyle.Rd:382): Warning: <h5> anchor "Returns" already defined TableOpenXlsxStyle.html:518:1 (TableOpenXlsxStyle.Rd:391): Warning: <h5> anchor "Usage" already defined TableOpenXlsxStyle.html:524:1 (TableOpenXlsxStyle.Rd:395): Warning: <h5> anchor "Arguments" already defined TableOpenXlsxStyles.html:133:1 (TableOpenXlsxStyles.Rd:76): Warning: <h5> anchor "Usage" already defined TableOpenXlsxStyles.html:139:1 (TableOpenXlsxStyles.Rd:80): Warning: <h5> anchor "Returns" already defined TableOpenXlsxStyles.html:156:1 (TableOpenXlsxStyles.Rd:89): Warning: <h5> anchor "Usage" already defined TableOpenXlsxStyles.html:162:1 (TableOpenXlsxStyles.Rd:93): Warning: <h5> anchor "Arguments" already defined TableOpenXlsxStyles.html:175:1 (TableOpenXlsxStyles.Rd:100): Warning: <h5> anchor "Returns" already defined TableOpenXlsxStyles.html:195:1 (TableOpenXlsxStyles.Rd:112): Warning: <h5> anchor "Usage" already defined TableOpenXlsxStyles.html:207:1 (TableOpenXlsxStyles.Rd:122): Warning: <h5> anchor "Arguments" already defined TableOpenXlsxStyles.html:231:1 (TableOpenXlsxStyles.Rd:140): Warning: <h5> anchor "Returns" already defined TableOpenXlsxStyles.html:250:1 (TableOpenXlsxStyles.Rd:151): Warning: <h5> anchor "Usage" already defined TableOpenXlsxStyles.html:256:1 (TableOpenXlsxStyles.Rd:155): Warning: <h5> anchor "Arguments" already defined TableOpenXlsxStyles.html:271:1 (TableOpenXlsxStyles.Rd:164): Warning: <h5> anchor "Returns" already defined TableOpenXlsxStyles.html:288:1 (TableOpenXlsxStyles.Rd:173): Warning: <h5> anchor "Usage" already defined TableOpenXlsxStyles.html:294:1 (TableOpenXlsxStyles.Rd:177): Warning: <h5> anchor "Returns" already defined TableOpenXlsxStyles.html:311:1 (TableOpenXlsxStyles.Rd:186): Warning: <h5> anchor "Usage" already defined TableOpenXlsxStyles.html:317:1 (TableOpenXlsxStyles.Rd:190): Warning: <h5> anchor "Returns" already defined TableOpenXlsxStyles.html:334:1 (TableOpenXlsxStyles.Rd:199): Warning: <h5> anchor "Usage" already defined TableOpenXlsxStyles.html:340:1 (TableOpenXlsxStyles.Rd:203): Warning: <h5> anchor "Arguments" already defined TableOpenXlsxStyles.html:353:1 (TableOpenXlsxStyles.Rd:210): Warning: <h5> anchor "Returns" already defined TableOpenXlsxStyles.html:370:1 (TableOpenXlsxStyles.Rd:219): Warning: <h5> anchor "Usage" already defined TableOpenXlsxStyles.html:376:1 (TableOpenXlsxStyles.Rd:223): Warning: <h5> anchor "Arguments" already defined TableStyle.html:143:1 (TableStyle.Rd:76): Warning: <h5> anchor "Usage" already defined TableStyle.html:149:1 (TableStyle.Rd:80): Warning: <h5> anchor "Arguments" already defined TableStyle.html:164:1 (TableStyle.Rd:89): Warning: <h5> anchor "Returns" already defined TableStyle.html:181:1 (TableStyle.Rd:98): Warning: <h5> anchor "Usage" already defined TableStyle.html:187:1 (TableStyle.Rd:102): Warning: <h5> anchor "Arguments" already defined TableStyle.html:201:1 (TableStyle.Rd:110): Warning: <h5> anchor "Returns" already defined TableStyle.html:218:1 (TableStyle.Rd:119): Warning: <h5> anchor "Usage" already defined TableStyle.html:224:1 (TableStyle.Rd:123): Warning: <h5> anchor "Arguments" already defined TableStyle.html:237:1 (TableStyle.Rd:130): Warning: <h5> anchor "Returns" already defined TableStyle.html:254:1 (TableStyle.Rd:139): Warning: <h5> anchor "Usage" already defined TableStyle.html:260:1 (TableStyle.Rd:143): Warning: <h5> anchor "Arguments" already defined TableStyle.html:273:1 (TableStyle.Rd:150): Warning: <h5> anchor "Returns" already defined TableStyle.html:290:1 (TableStyle.Rd:159): Warning: <h5> anchor "Usage" already defined TableStyle.html:296:1 (TableStyle.Rd:163): Warning: <h5> anchor "Arguments" already defined TableStyle.html:310:1 (TableStyle.Rd:171): Warning: <h5> anchor "Returns" already defined TableStyle.html:327:1 (TableStyle.Rd:180): Warning: <h5> anchor "Usage" already defined TableStyle.html:333:1 (TableStyle.Rd:184): Warning: <h5> anchor "Arguments" already defined TableStyle.html:346:1 (TableStyle.Rd:191): Warning: <h5> anchor "Returns" already defined TableStyle.html:363:1 (TableStyle.Rd:200): Warning: <h5> anchor "Usage" already defined TableStyle.html:369:1 (TableStyle.Rd:204): Warning: <h5> anchor "Returns" already defined TableStyle.html:386:1 (TableStyle.Rd:213): Warning: <h5> anchor "Usage" already defined TableStyle.html:392:1 (TableStyle.Rd:217): Warning: <h5> anchor "Returns" already defined TableStyle.html:409:1 (TableStyle.Rd:226): Warning: <h5> anchor "Usage" already defined TableStyle.html:415:1 (TableStyle.Rd:230): Warning: <h5> anchor "Arguments" already defined TableStyles.html:165:1 (TableStyles.Rd:110): Warning: <h5> anchor "Usage" already defined TableStyles.html:171:1 (TableStyles.Rd:114): Warning: <h5> anchor "Arguments" already defined TableStyles.html:184:1 (TableStyles.Rd:121): Warning: <h5> anchor "Returns" already defined TableStyles.html:201:1 (TableStyles.Rd:130): Warning: <h5> anchor "Usage" already defined TableStyles.html:207:1 (TableStyles.Rd:134): Warning: <h5> anchor "Arguments" already defined TableStyles.html:220:1 (TableStyles.Rd:141): Warning: <h5> anchor "Returns" already defined TableStyles.html:237:1 (TableStyles.Rd:150): Warning: <h5> anchor "Usage" already defined TableStyles.html:243:1 (TableStyles.Rd:154): Warning: <h5> anchor "Arguments" already defined TableStyles.html:259:1 (TableStyles.Rd:164): Warning: <h5> anchor "Returns" already defined TableStyles.html:276:1 (TableStyles.Rd:173): Warning: <h5> anchor "Usage" already defined TableStyles.html:282:1 (TableStyles.Rd:177): Warning: <h5> anchor "Arguments" already defined TableStyles.html:297:1 (TableStyles.Rd:186): Warning: <h5> anchor "Returns" already defined TableStyles.html:314:1 (TableStyles.Rd:195): Warning: <h5> anchor "Usage" already defined TableStyles.html:320:1 (TableStyles.Rd:199): Warning: <h5> anchor "Arguments" already defined TableStyles.html:335:1 (TableStyles.Rd:208): Warning: <h5> anchor "Returns" already defined TableStyles.html:352:1 (TableStyles.Rd:217): Warning: <h5> anchor "Usage" already defined TableStyles.html:358:1 (TableStyles.Rd:221): Warning: <h5> anchor "Arguments" already defined TableStyles.html:374:1 (TableStyles.Rd:231): Warning: <h5> anchor "Returns" already defined TableStyles.html:391:1 (TableStyles.Rd:240): Warning: <h5> anchor "Usage" already defined TableStyles.html:397:1 (TableStyles.Rd:244): Warning: <h5> anchor "Returns" already defined TableStyles.html:414:1 (TableStyles.Rd:253): Warning: <h5> anchor "Usage" already defined TableStyles.html:420:1 (TableStyles.Rd:257): Warning: <h5> anchor "Returns" already defined TableStyles.html:437:1 (TableStyles.Rd:266): Warning: <h5> anchor "Usage" already defined TableStyles.html:443:1 (TableStyles.Rd:270): Warning: <h5> anchor "Arguments" already defined TableStyles.html:456:1 (TableStyles.Rd:277): Warning: <h5> anchor "Returns" already defined TableStyles.html:473:1 (TableStyles.Rd:286): Warning: <h5> anchor "Usage" already defined TableStyles.html:479:1 (TableStyles.Rd:290): Warning: <h5> anchor "Arguments" already defined Flavor: r-devel-linux-x86_64-debian-gcc