Last updated on 2025-07-04 09:49:45 CEST.
Flavor | Version | Tinstall | Tcheck | Ttotal | Status | Flags |
---|---|---|---|---|---|---|
r-devel-linux-x86_64-debian-clang | 2.1.10 | 2.87 | 27.73 | 30.60 | NOTE | |
r-devel-linux-x86_64-debian-gcc | 2.1.10 | 2.53 | 21.14 | 23.67 | NOTE | |
r-devel-linux-x86_64-fedora-clang | 2.1.10 | 46.41 | OK | |||
r-devel-linux-x86_64-fedora-gcc | 2.1.10 | 44.40 | OK | |||
r-devel-windows-x86_64 | 2.1.10 | 6.00 | 54.00 | 60.00 | OK | |
r-patched-linux-x86_64 | 2.1.10 | 3.12 | 25.66 | 28.78 | OK | |
r-release-linux-x86_64 | 2.1.10 | 2.53 | 25.58 | 28.11 | OK | |
r-release-macos-arm64 | 2.1.10 | 21.00 | OK | |||
r-release-macos-x86_64 | 2.1.10 | 35.00 | OK | |||
r-release-windows-x86_64 | 2.1.10 | 6.00 | 58.00 | 64.00 | OK | |
r-oldrel-macos-arm64 | 2.1.10 | 26.00 | OK | |||
r-oldrel-macos-x86_64 | 2.1.10 | 28.00 | OK | |||
r-oldrel-windows-x86_64 | 2.1.10 | 7.00 | 67.00 | 74.00 | OK |
Version: 2.1.10
Check: CRAN incoming feasibility
Result: NOTE
Maintainer: ‘David Ardia <david.ardia.ch@gmail.com>’
Package CITATION file contains call(s) to old-style personList() or
as.personList(). Please use c() on person objects instead.
Package CITATION file contains call(s) to old-style citEntry(). Please
use bibentry() instead.
Flavors: r-devel-linux-x86_64-debian-clang, r-devel-linux-x86_64-debian-gcc