Last updated on 2025-10-22 09:50:27 CEST.
Flavor | Version | Tinstall | Tcheck | Ttotal | Status | Flags |
---|---|---|---|---|---|---|
r-devel-linux-x86_64-debian-clang | 0.9-2 | 8.41 | 82.10 | 90.51 | NOTE | |
r-devel-linux-x86_64-debian-gcc | 0.9-2 | 7.22 | 61.97 | 69.19 | NOTE | |
r-devel-linux-x86_64-fedora-clang | 0.9-2 | 46.00 | 104.34 | 150.34 | OK | |
r-devel-linux-x86_64-fedora-gcc | 0.9-2 | 19.00 | 133.23 | 152.23 | OK | |
r-devel-windows-x86_64 | 0.9-2 | 11.00 | 88.00 | 99.00 | OK | |
r-patched-linux-x86_64 | 0.9-2 | 10.48 | 79.16 | 89.64 | OK | |
r-release-linux-x86_64 | 0.9-2 | 7.89 | 78.97 | 86.86 | OK | |
r-release-macos-arm64 | 0.9-2 | 4.00 | 50.00 | 54.00 | OK | |
r-release-macos-x86_64 | 0.9-2 | 6.00 | 69.00 | 75.00 | OK | |
r-release-windows-x86_64 | 0.9-2 | 11.00 | 91.00 | 102.00 | OK | |
r-oldrel-macos-arm64 | 0.9-2 | 4.00 | 38.00 | 42.00 | OK | |
r-oldrel-macos-x86_64 | 0.9-2 | 5.00 | 58.00 | 63.00 | OK | |
r-oldrel-windows-x86_64 | 0.9-2 | 16.00 | 111.00 | 127.00 | OK |
Version: 0.9-2
Check: HTML version of manual
Result: NOTE
Found the following HTML validation problems:
checkSetup.html:46:1 (checkSetup.Rd:10): Warning: missing </ul> before </div>
createFileskeleton.html:83:1 (createFileskeleton.Rd:33): Warning: missing </ul> before </div>
Flavors: r-devel-linux-x86_64-debian-clang, r-devel-linux-x86_64-debian-gcc