Last updated on 2025-10-21 09:48:26 CEST.
Flavor | Version | Tinstall | Tcheck | Ttotal | Status | Flags |
---|---|---|---|---|---|---|
r-devel-linux-x86_64-debian-clang | 2.0.0 | 10.48 | 112.62 | 123.10 | OK | |
r-devel-linux-x86_64-debian-gcc | 2.0.0 | 6.35 | 80.02 | 86.37 | NOTE | |
r-devel-linux-x86_64-fedora-clang | 2.0.0 | 192.75 | OK | |||
r-devel-linux-x86_64-fedora-gcc | 2.0.0 | 194.92 | OK | |||
r-devel-windows-x86_64 | 2.0.0 | 13.00 | 105.00 | 118.00 | OK | --no-vignettes |
r-patched-linux-x86_64 | 2.0.0 | 10.48 | 102.96 | 113.44 | OK | |
r-release-linux-x86_64 | 2.0.0 | 9.76 | 103.82 | 113.58 | OK | |
r-release-macos-arm64 | 2.0.0 | 116.00 | OK | |||
r-release-macos-x86_64 | 2.0.0 | 268.00 | OK | |||
r-release-windows-x86_64 | 2.0.0 | 12.00 | 111.00 | 123.00 | OK | --no-vignettes |
r-oldrel-macos-arm64 | 2.0.0 | 125.00 | OK | |||
r-oldrel-macos-x86_64 | 2.0.0 | 272.00 | OK | |||
r-oldrel-windows-x86_64 | 2.0.0 | 16.00 | 113.00 | 129.00 | OK | --no-vignettes |
Version: 2.0.0
Check: HTML version of manual
Result: NOTE
Found the following HTML validation problems:
bcorr.html:59:1 (bcorr.Rd:16): Warning: missing </ul> before </div>
bdotsCorr.html:58:1 (bdotsCorr.Rd:16): Warning: missing </ul> before </div>
bool2idx.html:46:1 (bool2idx.Rd:10): Warning: missing </ul> before </div>
createCurveList.html:54:1 (createCurveList.Rd:14): Warning: missing </ul> before </div>
createGroupDists.html:59:1 (createGroupDists.Rd:16): Warning: missing </ul> before </div>
curveFitter.html:70:1 (curveFitter.Rd:22): Warning: missing </ul> before </div>
effectiveAlpha_f.html:60:1 (effectiveAlpha_f.Rd:17): Warning: missing </ul> before </div>
findModifiedAlpha.html:88:1 (findModifiedAlpha.Rd:36): Warning: missing </ul> before </div>
getBootDistPaired.html:54:1 (getBootDistPaired.Rd:14): Warning: missing </ul> before </div>
getBootDistUnpaired.html:50:1 (getBootDistUnpaired.Rd:12): Warning: missing </ul> before </div>
getFitCorforGroups.html:59:1 (getFitCorforGroups.Rd:16): Warning: missing </ul> before </div>
getT.html:67:1 (getT.Rd:20): Warning: missing </ul> before </div>
getTDist.html:50:1 (getTDist.Rd:12): Warning: missing </ul> before </div>
permTest.html:66:1 (permTest.Rd:20): Warning: missing </ul> before </div>
plot.bdotsCorrObj.html:61:1 (plot.bdotsCorrObj.Rd:18): Warning: missing </ul> before </div>
print.bdotsBootSummary.html:52:1 (print.bdotsBootSummary.Rd:12): Warning: missing </ul> before </div>
split.bdotsObj.html:66:1 (split.bdotsObj.Rd:20): Warning: missing </ul> before </div>
Flavor: r-devel-linux-x86_64-debian-gcc