CRAN Package Check Results for Package beadplexr

Last updated on 2025-10-22 09:50:27 CEST.

Flavor Version Tinstall Tcheck Ttotal Status Flags
r-devel-linux-x86_64-debian-clang 0.5.0 4.13 198.20 202.33 NOTE
r-devel-linux-x86_64-debian-gcc 0.5.0 2.72 132.67 135.39 NOTE
r-devel-linux-x86_64-fedora-clang 0.5.0 26.00 295.95 321.95 OK
r-devel-linux-x86_64-fedora-gcc 0.5.0 11.00 312.44 323.44 OK
r-devel-windows-x86_64 0.5.0 8.00 212.00 220.00 OK
r-patched-linux-x86_64 0.5.0 4.85 187.90 192.75 OK
r-release-linux-x86_64 0.5.0 3.94 189.49 193.43 OK
r-release-macos-arm64 0.5.0 2.00 101.00 103.00 OK
r-release-macos-x86_64 0.5.0 3.00 211.00 214.00 OK
r-release-windows-x86_64 0.5.0 8.00 212.00 220.00 OK
r-oldrel-macos-arm64 0.5.0 2.00 99.00 101.00 OK
r-oldrel-macos-x86_64 0.5.0 3.00 156.00 159.00 OK
r-oldrel-windows-x86_64 0.5.0 9.00 273.00 282.00 OK

Check Details

Version: 0.5.0
Check: HTML version of manual
Result: NOTE Found the following HTML validation problems: read_fcs.html:80:1 (read_fcs.Rd:32): Warning: missing </ul> before </div> Flavors: r-devel-linux-x86_64-debian-clang, r-devel-linux-x86_64-debian-gcc