Last updated on 2025-10-21 09:48:26 CEST.
Flavor | Version | Tinstall | Tcheck | Ttotal | Status | Flags |
---|---|---|---|---|---|---|
r-devel-linux-x86_64-debian-clang | 1.3.0 | 109.06 | 155.73 | 264.79 | OK | |
r-devel-linux-x86_64-debian-gcc | 1.3.0 | 64.10 | 92.13 | 156.23 | NOTE | |
r-devel-linux-x86_64-fedora-clang | 1.3.0 | 521.01 | OK | |||
r-devel-linux-x86_64-fedora-gcc | 1.3.0 | 428.06 | OK | |||
r-devel-windows-x86_64 | 1.3.0 | 125.00 | 203.00 | 328.00 | OK | |
r-patched-linux-x86_64 | 1.3.0 | 104.01 | 145.02 | 249.03 | OK | |
r-release-linux-x86_64 | 1.3.0 | 109.35 | 143.68 | 253.03 | OK | |
r-release-macos-arm64 | 1.3.0 | 118.00 | OK | |||
r-release-macos-x86_64 | 1.3.0 | 168.00 | OK | |||
r-release-windows-x86_64 | 1.3.0 | 133.00 | 193.00 | 326.00 | OK | |
r-oldrel-macos-arm64 | 1.3.0 | 92.00 | NOTE | |||
r-oldrel-macos-x86_64 | 1.3.0 | 143.00 | NOTE | |||
r-oldrel-windows-x86_64 | 1.3.0 | 145.00 | 246.00 | 391.00 | OK |
Version: 1.3.0
Check: HTML version of manual
Result: NOTE
Found the following HTML validation problems:
bayes_factor.html:46:1 (bayes_factor.Rd:10): Warning: missing </ul> before </div>
betaBasis_k.html:54:1 (betaBasis_k.Rd:14): Warning: missing </ul> before </div>
plot.bdp_dw_result.html:72:1 (plot.bdp_dw_result.Rd:27): Warning: missing </ul> before </div>
print.bdp_dw_result.html:51:1 (print.bdp_dw_result.Rd:12): Warning: missing </ul> before </div>
print.gibbs_psd.html:51:1 (print.gibbs_psd.Rd:12): Warning: missing </ul> before </div>
print_summary_gibbs_psd_help.html:46:1 (print_summary_gibbs_psd_help.Rd:10): Warning: missing </ul> before </div>
summary.bdp_dw_result.html:51:1 (summary.bdp_dw_result.Rd:12): Warning: missing </ul> before </div>
summary.gibbs_psd.html:51:1 (summary.gibbs_psd.Rd:12): Warning: missing </ul> before </div>
Flavor: r-devel-linux-x86_64-debian-gcc
Version: 1.3.0
Check: installed package size
Result: NOTE
installed size is 5.6Mb
sub-directories of 1Mb or more:
libs 5.2Mb
Flavors: r-oldrel-macos-arm64, r-oldrel-macos-x86_64