Last updated on 2025-07-04 09:49:46 CEST.
Flavor | Version | Tinstall | Tcheck | Ttotal | Status | Flags |
---|---|---|---|---|---|---|
r-devel-linux-x86_64-debian-clang | 1.6 | 11.07 | 138.52 | 149.59 | NOTE | |
r-devel-linux-x86_64-debian-gcc | 1.6 | 7.62 | 113.86 | 121.48 | NOTE | |
r-devel-linux-x86_64-fedora-clang | 1.6 | 219.11 | NOTE | |||
r-devel-linux-x86_64-fedora-gcc | 1.6 | 235.52 | NOTE | |||
r-devel-windows-x86_64 | 1.6 | 13.00 | 151.00 | 164.00 | NOTE | |
r-patched-linux-x86_64 | 1.6 | 10.25 | 136.04 | 146.29 | NOTE | |
r-release-linux-x86_64 | 1.6 | 9.95 | 135.19 | 145.14 | NOTE | |
r-release-macos-arm64 | 1.6 | 115.00 | NOTE | |||
r-release-macos-x86_64 | 1.6 | 186.00 | NOTE | |||
r-release-windows-x86_64 | 1.6 | 13.00 | 151.00 | 164.00 | NOTE | |
r-oldrel-macos-arm64 | 1.6 | 89.00 | NOTE | |||
r-oldrel-macos-x86_64 | 1.6 | 160.00 | NOTE | |||
r-oldrel-windows-x86_64 | 1.6 | 16.00 | 191.00 | 207.00 | NOTE |
Version: 1.6
Check: CRAN incoming feasibility
Result: NOTE
Maintainer: ‘Thomas Lumley <t.lumley@auckland.ac.nz>’
No Authors@R field in DESCRIPTION.
Please add one, modifying
Authors@R: person(given = "Thomas",
family = "Lumley",
role = c("aut", "cre"),
email = "t.lumley@auckland.ac.nz")
as necessary.
Flavors: r-devel-linux-x86_64-debian-clang, r-devel-linux-x86_64-debian-gcc
Version: 1.6
Check: Rd files
Result: NOTE
checkRd: (-1) pQF.Rd:30: Lost braces; missing escapes or markup?
30 | When \code{M} is not square, a randomised estimator for the trace of \code{crossprod(M)^2} is used. This is the sample size. When \code{M} is of \code{"matrixfree"} and does not include the trace of {crossprod(M)} as a component, this sample size will also be used to compute that. See Hutchinson reference. }
| ^
Flavors: r-devel-linux-x86_64-debian-clang, r-devel-linux-x86_64-debian-gcc, r-devel-linux-x86_64-fedora-clang, r-devel-linux-x86_64-fedora-gcc, r-devel-windows-x86_64, r-patched-linux-x86_64, r-release-linux-x86_64, r-release-macos-arm64, r-release-macos-x86_64, r-release-windows-x86_64, r-oldrel-macos-arm64, r-oldrel-macos-x86_64, r-oldrel-windows-x86_64