Last updated on 2025-07-04 09:49:46 CEST.
Flavor | Version | Tinstall | Tcheck | Ttotal | Status | Flags |
---|---|---|---|---|---|---|
r-devel-linux-x86_64-debian-clang | 0.2.3 | 51.02 | 50.42 | 101.44 | OK | |
r-devel-linux-x86_64-debian-gcc | 0.2.3 | 35.75 | 38.39 | 74.14 | OK | |
r-devel-linux-x86_64-fedora-clang | 0.2.3 | 175.66 | OK | |||
r-devel-linux-x86_64-fedora-gcc | 0.2.3 | 164.83 | OK | |||
r-devel-windows-x86_64 | 0.2.3 | 60.00 | 89.00 | 149.00 | OK | |
r-patched-linux-x86_64 | 0.2.3 | 52.07 | 48.49 | 100.56 | OK | |
r-release-linux-x86_64 | 0.2.3 | 48.86 | 48.83 | 97.69 | OK | |
r-release-macos-arm64 | 0.2.3 | 43.00 | OK | |||
r-release-macos-x86_64 | 0.2.3 | 94.00 | OK | |||
r-release-windows-x86_64 | 0.2.3 | 61.00 | 93.00 | 154.00 | OK | |
r-oldrel-macos-arm64 | 0.2.3 | 44.00 | NOTE | |||
r-oldrel-macos-x86_64 | 0.2.3 | 54.00 | NOTE | |||
r-oldrel-windows-x86_64 | 0.2.3 | 72.00 | 107.00 | 179.00 | OK |
Version: 0.2.3
Check: installed package size
Result: NOTE
installed size is 5.6Mb
sub-directories of 1Mb or more:
libs 4.6Mb
Flavors: r-oldrel-macos-arm64, r-oldrel-macos-x86_64