Last updated on 2025-07-04 09:49:46 CEST.
Flavor | Version | Tinstall | Tcheck | Ttotal | Status | Flags |
---|---|---|---|---|---|---|
r-devel-linux-x86_64-debian-clang | 1.0.2 | 27.61 | 207.65 | 235.26 | NOTE | |
r-devel-linux-x86_64-debian-gcc | 1.0.2 | 18.99 | 146.64 | 165.63 | NOTE | |
r-devel-linux-x86_64-fedora-clang | 1.0.2 | 386.36 | OK | |||
r-devel-linux-x86_64-fedora-gcc | 1.0.2 | 354.29 | OK | |||
r-devel-windows-x86_64 | 1.0.2 | 29.00 | 179.00 | 208.00 | OK | |
r-patched-linux-x86_64 | 1.0.2 | 28.24 | 194.89 | 223.13 | OK | |
r-release-linux-x86_64 | 1.0.2 | 28.06 | 189.82 | 217.88 | OK | |
r-release-macos-arm64 | 1.0.2 | 96.00 | OK | |||
r-release-macos-x86_64 | 1.0.2 | 246.00 | OK | |||
r-release-windows-x86_64 | 1.0.2 | 30.00 | 181.00 | 211.00 | OK | |
r-oldrel-macos-arm64 | 1.0.2 | 82.00 | OK | |||
r-oldrel-macos-x86_64 | 1.0.2 | 180.00 | OK | |||
r-oldrel-windows-x86_64 | 1.0.2 | 41.00 | 243.00 | 284.00 | OK |
Version: 1.0.2
Check: CRAN incoming feasibility
Result: NOTE
Maintainer: ‘Stefan Michiels <stefan.michiels@gustaveroussy.fr>’
No Authors@R field in DESCRIPTION.
Please add one, modifying
Authors@R: c(person(given = "Nils",
family = "Ternes",
role = "aut"),
person(given = "Federico",
family = "Rotolo",
role = "aut"),
person(given = "Stefan",
family = "Michiels",
role = c("aut", "cre"),
email = "stefan.michiels@gustaveroussy.fr"))
as necessary.
Flavors: r-devel-linux-x86_64-debian-clang, r-devel-linux-x86_64-debian-gcc