Last updated on 2025-10-21 09:48:26 CEST.
Flavor | Version | Tinstall | Tcheck | Ttotal | Status | Flags |
---|---|---|---|---|---|---|
r-devel-linux-x86_64-debian-clang | 0.2.0 | 13.99 | 45.18 | 59.17 | OK | |
r-devel-linux-x86_64-debian-gcc | 0.2.0 | 9.85 | 38.16 | 48.01 | NOTE | |
r-devel-linux-x86_64-fedora-clang | 0.2.0 | 97.80 | OK | |||
r-devel-linux-x86_64-fedora-gcc | 0.2.0 | 88.73 | OK | |||
r-devel-windows-x86_64 | 0.2.0 | 16.00 | 57.00 | 73.00 | OK | |
r-patched-linux-x86_64 | 0.2.0 | 15.85 | 42.38 | 58.23 | OK | |
r-release-linux-x86_64 | 0.2.0 | 15.30 | 42.29 | 57.59 | OK | |
r-release-macos-arm64 | 0.2.0 | 44.00 | OK | |||
r-release-macos-x86_64 | 0.2.0 | 82.00 | OK | |||
r-release-windows-x86_64 | 0.2.0 | 15.00 | 60.00 | 75.00 | OK | |
r-oldrel-macos-arm64 | 0.2.0 | 32.00 | OK | |||
r-oldrel-macos-x86_64 | 0.2.0 | 51.00 | OK | |||
r-oldrel-windows-x86_64 | 0.2.0 | 21.00 | 68.00 | 89.00 | OK |
Version: 0.2.0
Check: HTML version of manual
Result: NOTE
Found the following HTML validation problems:
Command.html:102:1 (Command.Rd:48): Warning: <h5> anchor "Usage" already defined
Command.html:108:1 (Command.Rd:52): Warning: <h5> anchor "Arguments" already defined
Command.html:144:1 (Command.Rd:74): Warning: <h5> anchor "Usage" already defined
Command.html:150:1 (Command.Rd:78): Warning: <h5> anchor "Returns" already defined
Command.html:167:1 (Command.Rd:87): Warning: <h5> anchor "Usage" already defined
Command.html:173:1 (Command.Rd:91): Warning: <h5> anchor "Returns" already defined
Command.html:190:1 (Command.Rd:100): Warning: <h5> anchor "Usage" already defined
Command.html:196:1 (Command.Rd:104): Warning: <h5> anchor "Returns" already defined
Command.html:213:1 (Command.Rd:113): Warning: <h5> anchor "Usage" already defined
Command.html:219:1 (Command.Rd:117): Warning: <h5> anchor "Returns" already defined
Command.html:236:1 (Command.Rd:126): Warning: <h5> anchor "Usage" already defined
Command.html:242:1 (Command.Rd:130): Warning: <h5> anchor "Arguments" already defined
Command.html:255:1 (Command.Rd:137): Warning: <h5> anchor "Returns" already defined
Command.html:272:1 (Command.Rd:146): Warning: <h5> anchor "Usage" already defined
Command.html:278:1 (Command.Rd:150): Warning: <h5> anchor "Arguments" already defined
Flavor: r-devel-linux-x86_64-debian-gcc