CRAN Package Check Results for Package bsvarSIGNs

Last updated on 2025-10-22 09:50:28 CEST.

Flavor Version Tinstall Tcheck Ttotal Status Flags
r-devel-linux-x86_64-debian-clang 2.0 120.13 52.43 172.56 NOTE
r-devel-linux-x86_64-debian-gcc 2.0 76.12 39.92 116.04 NOTE
r-devel-linux-x86_64-fedora-clang 2.0 382.00 -38.13 343.87 OK
r-devel-linux-x86_64-fedora-gcc 2.0 164.00 136.12 300.12 OK
r-devel-windows-x86_64 2.0 137.00 100.00 237.00 OK
r-patched-linux-x86_64 2.0 117.44 48.85 166.29 OK
r-release-linux-x86_64 2.0 123.95 49.35 173.30 OK
r-release-macos-arm64 2.0 45.00 44.00 89.00 OK
r-release-macos-x86_64 2.0 39.00 65.00 104.00 OK
r-release-windows-x86_64 2.0 137.00 105.00 242.00 OK
r-oldrel-macos-arm64 2.0 36.00 38.00 74.00 NOTE
r-oldrel-macos-x86_64 2.0 63.00 75.00 138.00 NOTE
r-oldrel-windows-x86_64 2.0 157.00 119.00 276.00 OK

Check Details

Version: 2.0
Check: HTML version of manual
Result: NOTE Found the following HTML validation problems: specify_bsvarSIGN.html:154:1 (specify_bsvarSIGN.Rd:168): Warning: <h5> anchor "Usage" already defined specify_bsvarSIGN.html:189:1 (specify_bsvarSIGN.Rd:196): Warning: <h5> anchor "Usage" already defined specify_bsvarSIGN.html:195:1 (specify_bsvarSIGN.Rd:200): Warning: <h5> anchor "Examples" already defined specify_bsvarSIGN.html:223:1 (specify_bsvarSIGN.Rd:223): Warning: <h5> anchor "Usage" already defined specify_bsvarSIGN.html:229:1 (specify_bsvarSIGN.Rd:227): Warning: <h5> anchor "Examples" already defined specify_bsvarSIGN.html:258:1 (specify_bsvarSIGN.Rd:251): Warning: <h5> anchor "Usage" already defined specify_bsvarSIGN.html:264:1 (specify_bsvarSIGN.Rd:255): Warning: <h5> anchor "Examples" already defined specify_bsvarSIGN.html:293:1 (specify_bsvarSIGN.Rd:279): Warning: <h5> anchor "Usage" already defined specify_bsvarSIGN.html:299:1 (specify_bsvarSIGN.Rd:283): Warning: <h5> anchor "Arguments" already defined specify_identification_bsvarSIGN.html:138:1 (specify_identification_bsvarSIGN.Rd:91): Warning: <h5> anchor "Usage" already defined specify_identification_bsvarSIGN.html:154:1 (specify_identification_bsvarSIGN.Rd:101): Warning: <h5> anchor "Usage" already defined specify_identification_bsvarSIGN.html:165:1 (specify_identification_bsvarSIGN.Rd:110): Warning: <h5> anchor "Arguments" already defined specify_identification_bsvarSIGN.html:203:1 (specify_identification_bsvarSIGN.Rd:138): Warning: <h5> anchor "Usage" already defined specify_identification_bsvarSIGN.html:209:1 (specify_identification_bsvarSIGN.Rd:142): Warning: <h5> anchor "Arguments" already defined specify_posterior_bsvarSIGN.html:120:1 (specify_posterior_bsvarSIGN.Rd:98): Warning: <h5> anchor "Usage" already defined specify_posterior_bsvarSIGN.html:151:1 (specify_posterior_bsvarSIGN.Rd:122): Warning: <h5> anchor "Usage" already defined specify_posterior_bsvarSIGN.html:157:1 (specify_posterior_bsvarSIGN.Rd:126): Warning: <h5> anchor "Examples" already defined specify_posterior_bsvarSIGN.html:183:1 (specify_posterior_bsvarSIGN.Rd:147): Warning: <h5> anchor "Usage" already defined specify_posterior_bsvarSIGN.html:189:1 (specify_posterior_bsvarSIGN.Rd:151): Warning: <h5> anchor "Arguments" already defined specify_prior_bsvarSIGN.html:178:1 (specify_prior_bsvarSIGN.Rd:163): Warning: <h5> anchor "Usage" already defined specify_prior_bsvarSIGN.html:184:1 (specify_prior_bsvarSIGN.Rd:167): Warning: <h5> anchor "Examples" already defined specify_prior_bsvarSIGN.html:206:1 (specify_prior_bsvarSIGN.Rd:184): Warning: <h5> anchor "Usage" already defined specify_prior_bsvarSIGN.html:219:1 (specify_prior_bsvarSIGN.Rd:195): Warning: <h5> anchor "Arguments" already defined specify_prior_bsvarSIGN.html:246:1 (specify_prior_bsvarSIGN.Rd:216): Warning: <h5> anchor "Examples" already defined specify_prior_bsvarSIGN.html:277:1 (specify_prior_bsvarSIGN.Rd:242): Warning: <h5> anchor "Usage" already defined specify_prior_bsvarSIGN.html:283:1 (specify_prior_bsvarSIGN.Rd:246): Warning: <h5> anchor "Arguments" already defined Flavors: r-devel-linux-x86_64-debian-clang, r-devel-linux-x86_64-debian-gcc

Version: 2.0
Check: installed package size
Result: NOTE installed size is 9.1Mb sub-directories of 1Mb or more: libs 8.0Mb Flavors: r-oldrel-macos-arm64, r-oldrel-macos-x86_64