Last updated on 2025-07-03 09:50:37 CEST.
Flavor | Version | Tinstall | Tcheck | Ttotal | Status | Flags | ||||||
---|---|---|---|---|---|---|---|---|---|---|---|---|
r-devel-linux-x86_64-debian-clang | 0.1.0 | 1.78 | 19.68 | 21.46 | NOTE | |||||||
r-devel-linux-x86_64-debian-gcc | 0.1.0 | 1.25 | 16.54 | 17.79 | NOTE | |||||||
r-devel-linux-x86_64-fedora-clang | 0.1.0 | 33.59 | NOTE | |||||||||
r-devel-linux-x86_64-fedora-gcc | 0.1.0 | 30.96 | NOTE | |||||||||
r-devel-windows-x86_64 | 0.1.0 | 4.00 | 41.00 | 45.00 | NOTE | |||||||
r-patched-linux-x86_64 | 0.1.0 | 1.82 | 18.75 | 20.57 | NOTE | |||||||
r-release-linux-x86_64 | 0.1.0 | 1.79 | 18.70 | 20.49 | NOTE | |||||||
r-release-macos-arm64 | 0.1.0 | 17.00 | NOTE | |||||||||
r-release-macos-x86_64 | 0.1.0 | 24.00 | NOTE | |||||||||
r-release-windows-x86_64 | 0.1.0 | 4.00 | 41.00 | 45.00 | NOTE | |||||||
r-oldrel-macos-arm64 | 0.1.0 | 16.00 | OK | 0.1.0 | 23.00 | OK | ||||||
r-oldrel-windows-x86_64 | 0.1.0 | 4.00 | 46.00 | 50.00 | OK |
Version: 0.1.0
Check: DESCRIPTION meta-information
Result: NOTE
Missing dependency on R >= 4.1.0 because package code uses the pipe
|> or function shorthand \(...) syntax added in R 4.1.0.
File(s) using such syntax:
‘get_data_from_bursa.R’ ‘list_data_names.R’
Flavors: r-devel-linux-x86_64-debian-clang, r-devel-linux-x86_64-debian-gcc, r-devel-linux-x86_64-fedora-clang, r-devel-linux-x86_64-fedora-gcc, r-devel-windows-x86_64, r-patched-linux-x86_64, r-release-linux-x86_64, r-release-macos-arm64, r-release-macos-x86_64, r-release-windows-x86_64