CRAN Package Check Results for Package bzinb

Last updated on 2025-10-22 09:50:28 CEST.

Flavor Version Tinstall Tcheck Ttotal Status Flags
r-devel-linux-x86_64-debian-clang 1.0.8 25.82 35.62 61.44 NOTE
r-devel-linux-x86_64-debian-gcc 1.0.8 17.49 26.26 43.75 NOTE
r-devel-linux-x86_64-fedora-clang 1.0.8 79.00 40.95 119.95 OK
r-devel-linux-x86_64-fedora-gcc 1.0.8 51.00 47.30 98.30 OK
r-devel-windows-x86_64 1.0.8 29.00 71.00 100.00 OK
r-patched-linux-x86_64 1.0.8 26.59 33.63 60.22 OK
r-release-linux-x86_64 1.0.8 24.76 33.86 58.62 OK
r-release-macos-arm64 1.0.8 11.00 19.00 30.00 OK
r-release-macos-x86_64 1.0.8 14.00 37.00 51.00 OK
r-release-windows-x86_64 1.0.8 29.00 81.00 110.00 OK
r-oldrel-macos-arm64 1.0.8 10.00 23.00 33.00 OK
r-oldrel-macos-x86_64 1.0.8 12.00 26.00 38.00 OK
r-oldrel-windows-x86_64 1.0.8 31.00 85.00 116.00 OK

Check Details

Version: 1.0.8
Check: CRAN incoming feasibility
Result: NOTE Maintainer: ‘Hunyong Cho <hunyong.cho@gmail.com>’ No Authors@R field in DESCRIPTION. Please add one, modifying Authors@R: c(person(given = "Hunyong", family = "Cho", role = c("aut", "cre"), email = "hunyong.cho@gmail.com"), person(given = "Chuwen", family = "Liu", role = "aut"), person(given = "Jinyoung", family = "Park", role = "aut"), person(given = "Di", family = "Wu", role = "aut")) as necessary. Flavors: r-devel-linux-x86_64-debian-clang, r-devel-linux-x86_64-debian-gcc