Last updated on 2025-10-23 09:50:40 CEST.
| Flavor | Version | Tinstall | Tcheck | Ttotal | Status | Flags |
|---|---|---|---|---|---|---|
| r-devel-linux-x86_64-debian-clang | 1.0.1 | 41.06 | 92.62 | 133.68 | NOTE | |
| r-devel-linux-x86_64-debian-gcc | 1.0.1 | 25.67 | 58.27 | 83.94 | OK | |
| r-devel-linux-x86_64-fedora-clang | 1.0.1 | 91.00 | 127.79 | 218.79 | OK | |
| r-devel-linux-x86_64-fedora-gcc | 1.0.1 | 91.00 | 118.27 | 209.27 | OK | |
| r-devel-windows-x86_64 | 1.0.1 | 44.00 | 112.00 | 156.00 | OK | |
| r-patched-linux-x86_64 | 1.0.1 | 40.80 | 87.37 | 128.17 | OK | |
| r-release-linux-x86_64 | 1.0.1 | 36.84 | 86.43 | 123.27 | OK | |
| r-release-macos-arm64 | 1.0.1 | 15.00 | 35.00 | 50.00 | OK | |
| r-release-macos-x86_64 | 1.0.1 | 25.00 | 67.00 | 92.00 | OK | |
| r-release-windows-x86_64 | 1.0.1 | 42.00 | 114.00 | 156.00 | OK | |
| r-oldrel-macos-arm64 | 1.0.1 | 11.00 | 37.00 | 48.00 | OK | |
| r-oldrel-macos-x86_64 | 1.0.1 | 27.00 | 110.00 | 137.00 | OK | |
| r-oldrel-windows-x86_64 | 1.0.1 | 49.00 | 133.00 | 182.00 | OK |
Version: 1.0.1
Check: HTML version of manual
Result: NOTE
Found the following HTML validation problems:
c212BH.adjust.pvals.html:58:1 (c212BH.adjust.pvals.rd:32): Warning: <h3> anchor "_sec_note" already defined
Flavor: r-devel-linux-x86_64-debian-clang