Last updated on 2025-10-21 09:48:27 CEST.
Flavor | Version | Tinstall | Tcheck | Ttotal | Status | Flags |
---|---|---|---|---|---|---|
r-devel-linux-x86_64-debian-clang | 3.7.6 | 7.36 | 35.00 | 42.36 | OK | |
r-devel-linux-x86_64-debian-gcc | 3.7.6 | 5.14 | 26.31 | 31.45 | NOTE | |
r-devel-linux-x86_64-fedora-clang | 3.7.6 | 52.93 | OK | |||
r-devel-linux-x86_64-fedora-gcc | 3.7.6 | 58.62 | OK | |||
r-devel-windows-x86_64 | 3.7.6 | 8.00 | 53.00 | 61.00 | OK | |
r-patched-linux-x86_64 | 3.7.6 | 7.70 | 31.20 | 38.90 | OK | |
r-release-linux-x86_64 | 3.7.6 | 5.79 | 31.95 | 37.74 | OK | |
r-release-macos-arm64 | 3.7.6 | 26.00 | OK | |||
r-release-macos-x86_64 | 3.7.6 | 42.00 | OK | |||
r-release-windows-x86_64 | 3.7.6 | 9.00 | 55.00 | 64.00 | OK | |
r-oldrel-macos-arm64 | 3.7.6 | 21.00 | OK | |||
r-oldrel-macos-x86_64 | 3.7.6 | 31.00 | OK | |||
r-oldrel-windows-x86_64 | 3.7.6 | 12.00 | 62.00 | 74.00 | OK |
Version: 3.7.6
Check: HTML version of manual
Result: NOTE
Found the following HTML validation problems:
new_callr_crash_error.html:60:1 (new_callr_crash_error.Rd:12): Warning: missing </ul> before </div>
r_process.html:162:1 (r_process.Rd:118): Warning: <h5> anchor "Usage" already defined
r_process.html:168:1 (r_process.Rd:122): Warning: <h5> anchor "Returns" already defined
r_process.html:187:1 (r_process.Rd:133): Warning: <h5> anchor "Usage" already defined
r_process.html:203:1 (r_process.Rd:143): Warning: <h5> anchor "Usage" already defined
r_process.html:209:1 (r_process.Rd:147): Warning: <h5> anchor "Arguments" already defined
r_session.html:215:1 (r_session.Rd:146): Warning: <h5> anchor "Usage" already defined
r_session.html:221:1 (r_session.Rd:150): Warning: <h5> anchor "Arguments" already defined
r_session.html:252:1 (r_session.Rd:168): Warning: <h5> anchor "Returns" already defined
r_session.html:271:1 (r_session.Rd:179): Warning: <h5> anchor "Usage" already defined
r_session.html:277:1 (r_session.Rd:183): Warning: <h5> anchor "Arguments" already defined
r_session.html:308:1 (r_session.Rd:201): Warning: <h5> anchor "Returns" already defined
r_session.html:348:1 (r_session.Rd:222): Warning: <h5> anchor "Usage" already defined
r_session.html:354:1 (r_session.Rd:226): Warning: <h5> anchor "Arguments" already defined
r_session.html:397:1 (r_session.Rd:252): Warning: <h5> anchor "Usage" already defined
r_session.html:403:1 (r_session.Rd:256): Warning: <h5> anchor "Arguments" already defined
r_session.html:416:1 (r_session.Rd:263): Warning: <h5> anchor "Returns" already defined
r_session.html:433:1 (r_session.Rd:272): Warning: <h5> anchor "Usage" already defined
r_session.html:439:1 (r_session.Rd:276): Warning: <h5> anchor "Returns" already defined
r_session.html:473:1 (r_session.Rd:293): Warning: <h5> anchor "Usage" already defined
r_session.html:479:1 (r_session.Rd:297): Warning: <h5> anchor "Returns" already defined
r_session.html:502:1 (r_session.Rd:312): Warning: <h5> anchor "Usage" already defined
r_session.html:508:1 (r_session.Rd:316): Warning: <h5> anchor "Returns" already defined
r_session.html:561:1 (r_session.Rd:346): Warning: <h5> anchor "Usage" already defined
r_session.html:567:1 (r_session.Rd:350): Warning: <h5> anchor "Arguments" already defined
r_session.html:600:1 (r_session.Rd:373): Warning: <h5> anchor "Usage" already defined
r_session.html:606:1 (r_session.Rd:377): Warning: <h5> anchor "Returns" already defined
r_session.html:629:1 (r_session.Rd:392): Warning: <h5> anchor "Usage" already defined
r_session.html:646:1 (r_session.Rd:403): Warning: <h5> anchor "Usage" already defined
r_session.html:663:1 (r_session.Rd:414): Warning: <h5> anchor "Usage" already defined
r_session.html:679:1 (r_session.Rd:424): Warning: <h5> anchor "Usage" already defined
r_session.html:685:1 (r_session.Rd:428): Warning: <h5> anchor "Arguments" already defined
r_session.html:708:1 (r_session.Rd:441): Warning: <h5> anchor "Usage" already defined
r_session.html:714:1 (r_session.Rd:445): Warning: <h5> anchor "Arguments" already defined
rcmd_process.html:155:1 (rcmd_process.Rd:109): Warning: <h5> anchor "Usage" already defined
rcmd_process.html:171:1 (rcmd_process.Rd:119): Warning: <h5> anchor "Usage" already defined
rcmd_process.html:177:1 (rcmd_process.Rd:123): Warning: <h5> anchor "Arguments" already defined
rscript_process.html:149:1 (rscript_process.Rd:107): Warning: <h5> anchor "Usage" already defined
rscript_process.html:165:1 (rscript_process.Rd:117): Warning: <h5> anchor "Usage" already defined
rscript_process.html:171:1 (rscript_process.Rd:121): Warning: <h5> anchor "Arguments" already defined
Flavor: r-devel-linux-x86_64-debian-gcc