Last updated on 2025-10-22 09:50:28 CEST.
Flavor | Version | Tinstall | Tcheck | Ttotal | Status | Flags |
---|---|---|---|---|---|---|
r-devel-linux-x86_64-debian-clang | 0.13.0 | 5.77 | 59.46 | 65.23 | NOTE | |
r-devel-linux-x86_64-debian-gcc | 0.13.0 | 4.10 | 43.25 | 47.35 | NOTE | |
r-devel-linux-x86_64-fedora-clang | 0.13.0 | 87.08 | OK | |||
r-devel-linux-x86_64-fedora-gcc | 0.13.0 | 11.00 | 80.91 | 91.91 | OK | |
r-devel-windows-x86_64 | 0.13.0 | 8.00 | 73.00 | 81.00 | OK | |
r-patched-linux-x86_64 | 0.13.0 | 5.56 | 56.08 | 61.64 | OK | |
r-release-linux-x86_64 | 0.13.0 | 4.44 | 56.15 | 60.59 | OK | |
r-release-macos-arm64 | 0.13.0 | 3.00 | 30.00 | 33.00 | OK | |
r-release-macos-x86_64 | 0.13.0 | 5.00 | 57.00 | 62.00 | OK | |
r-release-windows-x86_64 | 0.13.0 | 7.00 | 75.00 | 82.00 | OK | |
r-oldrel-macos-arm64 | 0.13.0 | 2.00 | 27.00 | 29.00 | OK | |
r-oldrel-macos-x86_64 | 0.13.0 | 4.00 | 49.00 | 53.00 | OK | |
r-oldrel-windows-x86_64 | 0.13.0 | 10.00 | 92.00 | 102.00 | OK |
Version: 0.13.0
Check: CRAN incoming feasibility
Result: NOTE
Maintainer: ‘Henrik Bengtsson <henrikb@braju.com>’
Package CITATION file contains call(s) to old-style citEntry(). Please
use bibentry() instead.
Flavors: r-devel-linux-x86_64-debian-clang, r-devel-linux-x86_64-debian-gcc