Last updated on 2025-07-03 09:50:37 CEST.
Flavor | Version | Tinstall | Tcheck | Ttotal | Status | Flags | |||||
---|---|---|---|---|---|---|---|---|---|---|---|
r-devel-linux-x86_64-debian-clang | 1.0.1 | 11.25 | 94.50 | 105.75 | NOTE | ||||||
r-devel-linux-x86_64-debian-gcc | 1.0.1 | 7.27 | 66.58 | 73.85 | NOTE | ||||||
r-devel-linux-x86_64-fedora-clang | 1.0.1 | 160.36 | OK | ||||||||
r-devel-linux-x86_64-fedora-gcc | 1.0.1 | 144.76 | OK | ||||||||
r-devel-windows-x86_64 | 1.0.1 | 12.00 | 97.00 | 109.00 | OK | ||||||
r-patched-linux-x86_64 | 1.0.1 | 9.42 | 88.65 | 98.07 | OK | ||||||
r-release-linux-x86_64 | 1.0.1 | 7.38 | 88.44 | 95.82 | OK | ||||||
r-release-macos-arm64 | 1.0.1 | 44.00 | OK | ||||||||
r-release-macos-x86_64 | 1.0.1 | 86.00 | OK | ||||||||
r-release-windows-x86_64 | 1.0.1 | 12.00 | 96.00 | 108.00 | OK | ||||||
r-oldrel-macos-arm64 | 1.0.1 | 43.00 | r-oldrel-macos-x86_64 | 1.0.1 | 68.00 | OK | |||||
r-oldrel-windows-x86_64 | 1.0.1 | 16.00 | 125.00 | 141.00 | OK |
Version: 1.0.1
Check: CRAN incoming feasibility
Result: NOTE
Maintainer: ‘Audrey Q. Fu <audreyqyfu@gmail.com>’
No Authors@R field in DESCRIPTION.
Please add one, modifying
Authors@R: c(person(given = c("Audrey", "Qiuyan"),
family = "Fu",
role = "aut"),
person(given = "Xiaoyue",
family = "Wang",
role = "aut"),
person(given = c("Audrey", "Q."),
family = "Fu",
role = "cre",
email = "audreyqyfu@gmail.com"))
as necessary.
Flavors: r-devel-linux-x86_64-debian-clang, r-devel-linux-x86_64-debian-gcc