Last updated on 2025-10-21 09:48:27 CEST.
Flavor | Version | Tinstall | Tcheck | Ttotal | Status | Flags |
---|---|---|---|---|---|---|
r-devel-linux-x86_64-debian-clang | 2.0.0 | 21.37 | 163.91 | 185.28 | OK | |
r-devel-linux-x86_64-debian-gcc | 2.0.0 | 14.35 | 110.86 | 125.21 | NOTE | |
r-devel-linux-x86_64-fedora-clang | 2.0.0 | 272.75 | OK | |||
r-devel-linux-x86_64-fedora-gcc | 2.0.0 | 245.66 | OK | |||
r-devel-windows-x86_64 | 2.0.0 | 20.00 | 164.00 | 184.00 | OK | |
r-patched-linux-x86_64 | 2.0.0 | 21.18 | 149.94 | 171.12 | OK | |
r-release-linux-x86_64 | 2.0.0 | 19.07 | 150.53 | 169.60 | OK | |
r-release-macos-arm64 | 2.0.0 | 111.00 | OK | |||
r-release-macos-x86_64 | 2.0.0 | 144.00 | OK | |||
r-release-windows-x86_64 | 2.0.0 | 24.00 | 166.00 | 190.00 | OK | |
r-oldrel-macos-arm64 | 2.0.0 | 113.00 | OK | |||
r-oldrel-macos-x86_64 | 2.0.0 | 165.00 | OK | |||
r-oldrel-windows-x86_64 | 2.0.0 | 28.00 | 212.00 | 240.00 | OK |
Version: 2.0.0
Check: HTML version of manual
Result: NOTE
Found the following HTML validation problems:
cfbd_draft.html:66:1 (cfbd_draft.Rd:37): Warning: missing </ul> before </div>
cfbd_games.html:125:1 (cfbd_games.Rd:80): Warning: missing </ul> before </div>
cfbd_metrics.html:138:1 (cfbd_metrics.Rd:88): Warning: missing </ul> before </div>
cfbd_play.html:102:1 (cfbd_play.Rd:66): Warning: missing </ul> before </div>
cfbd_players.html:65:1 (cfbd_players.Rd:33): Warning: missing </ul> before </div>
cfbd_ratings.html:112:1 (cfbd_ratings.Rd:75): Warning: missing </ul> before </div>
cfbd_stats.html:95:1 (cfbd_stats.Rd:58): Warning: missing </ul> before </div>
cfbd_teams.html:107:1 (cfbd_teams.Rd:69): Warning: missing </ul> before </div>
csv_from_url.html:46:1 (csv_from_url.Rd:10): Warning: missing </ul> before </div>
Flavor: r-devel-linux-x86_64-debian-gcc