Last updated on 2025-10-21 09:48:27 CEST.
Flavor | Version | Tinstall | Tcheck | Ttotal | Status | Flags |
---|---|---|---|---|---|---|
r-devel-linux-x86_64-debian-clang | 0.2.12 | 22.80 | 1025.57 | 1048.37 | OK | |
r-devel-linux-x86_64-debian-gcc | 0.2.12 | 14.14 | 632.29 | 646.43 | NOTE | |
r-devel-linux-x86_64-fedora-clang | 0.2.12 | 1238.44 | OK | |||
r-devel-linux-x86_64-fedora-gcc | 0.2.12 | 1601.42 | OK | |||
r-devel-windows-x86_64 | 0.2.12 | 26.00 | 562.00 | 588.00 | OK | |
r-patched-linux-x86_64 | 0.2.12 | 25.39 | 963.66 | 989.05 | OK | |
r-release-linux-x86_64 | 0.2.12 | 22.83 | 958.35 | 981.18 | OK | |
r-release-macos-arm64 | 0.2.12 | 214.00 | OK | |||
r-release-macos-x86_64 | 0.2.12 | 397.00 | OK | |||
r-release-windows-x86_64 | 0.2.12 | 26.00 | 562.00 | 588.00 | OK | |
r-oldrel-macos-arm64 | 0.2.12 | 254.00 | OK | |||
r-oldrel-macos-x86_64 | 0.2.12 | 420.00 | OK | |||
r-oldrel-windows-x86_64 | 0.2.12 | 35.00 | 782.00 | 817.00 | OK |
Version: 0.2.12
Check: HTML version of manual
Result: NOTE
Found the following HTML validation problems:
afun_p.html:98:1 (afun_p.Rd:44): Warning: missing </ul> before </div>
afun_skip.html:110:1 (afun_skip.Rd:50): Warning: missing </ul> before </div>
count_or_summarize.html:58:1 (count_or_summarize.Rd:16): Warning: missing </ul> before </div>
count_patients_recursive.html:58:1 (count_patients_recursive.Rd:16): Warning: missing </ul> before </div>
fuse_sequentially.html:50:1 (fuse_sequentially.Rd:12): Warning: missing </ul> before </div>
get_x_hjust.html:46:1 (get_x_hjust.Rd:10): Warning: missing </ul> before </div>
get_x_vjust.html:46:1 (get_x_vjust.Rd:10): Warning: missing </ul> before </div>
lbt04_lyt.html:82:1 (lbt04_lyt.Rd:34): Warning: missing </ul> before </div>
lbt05_lyt.html:62:1 (lbt05_lyt.Rd:18): Warning: missing </ul> before </div>
lbt06_lyt.html:93:1 (lbt06_lyt.Rd:39): Warning: missing </ul> before </div>
lbt07_lyt.html:85:1 (lbt07_lyt.Rd:35): Warning: missing </ul> before </div>
lbt14_lyt.html:54:1 (lbt14_lyt.Rd:14): Warning: missing </ul> before </div>
occurrence_lyt.html:75:1 (occurrence_lyt.Rd:29): Warning: missing </ul> before </div>
pdt01_lyt.html:73:1 (pdt01_lyt.Rd:27): Warning: missing </ul> before </div>
pdt02_lyt.html:73:1 (pdt02_lyt.Rd:27): Warning: missing </ul> before </div>
proportion_lyt.html:81:1 (proportion_lyt.Rd:35): Warning: missing </ul> before </div>
rmpt01_lyt.html:74:1 (rmpt01_lyt.Rd:28): Warning: missing </ul> before </div>
rmpt06_lyt.html:60:1 (rmpt06_lyt.Rd:22): Warning: missing </ul> before </div>
rspt01_lyt.html:55:1 (rspt01_lyt.Rd:19): Warning: missing </ul> before </div>
s_summary_na.html:69:1 (s_summary_na.Rd:25): Warning: missing </ul> before </div>
split_rows_by_recursive.html:54:1 (split_rows_by_recursive.Rd:14): Warning: missing </ul> before </div>
ttet01_lyt.html:66:1 (ttet01_lyt.Rd:26): Warning: missing </ul> before </div>
vst02_lyt.html:69:1 (vst02_lyt.Rd:25): Warning: missing </ul> before </div>
Flavor: r-devel-linux-x86_64-debian-gcc