CRAN Package Check Results for Package clap

Last updated on 2025-10-22 09:50:29 CEST.

Flavor Version Tinstall Tcheck Ttotal Status Flags
r-devel-linux-x86_64-debian-clang 0.1.0 3.73 35.86 39.59 NOTE
r-devel-linux-x86_64-debian-gcc 0.1.0 2.35 26.61 28.96 NOTE
r-devel-linux-x86_64-fedora-clang 0.1.0 58.19 NOTE
r-devel-linux-x86_64-fedora-gcc 0.1.0 56.80 NOTE
r-devel-windows-x86_64 0.1.0 5.00 48.00 53.00 NOTE
r-patched-linux-x86_64 0.1.0 3.56 33.29 36.85 NOTE
r-release-linux-x86_64 0.1.0 3.36 33.61 36.97 NOTE
r-release-macos-arm64 0.1.0 2.00 28.00 30.00 NOTE
r-release-macos-x86_64 0.1.0 3.00 31.00 34.00 NOTE
r-release-windows-x86_64 0.1.0 6.00 52.00 58.00 NOTE
r-oldrel-macos-arm64 0.1.0 2.00 20.00 22.00 OK
r-oldrel-macos-x86_64 0.1.0 5.00 40.00 45.00 OK
r-oldrel-windows-x86_64 0.1.0 7.00 62.00 69.00 OK

Check Details

Version: 0.1.0
Check: DESCRIPTION meta-information
Result: NOTE Missing dependency on R >= 4.1.0 because package code uses the pipe |> or function shorthand \(...) syntax added in R 4.1.0. File(s) using such syntax: ‘compute_cluster_composition.R’ ‘extract_ids_vector.R’ ‘perform_clustering.R’ Flavors: r-devel-linux-x86_64-debian-clang, r-devel-linux-x86_64-debian-gcc, r-devel-linux-x86_64-fedora-clang, r-devel-linux-x86_64-fedora-gcc, r-devel-windows-x86_64, r-patched-linux-x86_64, r-release-linux-x86_64, r-release-macos-arm64, r-release-macos-x86_64, r-release-windows-x86_64