Last updated on 2025-10-22 09:50:29 CEST.
Flavor | Version | Tinstall | Tcheck | Ttotal | Status | Flags |
---|---|---|---|---|---|---|
r-devel-linux-x86_64-debian-clang | 0.2.3 | 119.98 | 476.59 | 596.57 | NOTE | |
r-devel-linux-x86_64-debian-gcc | 0.2.3 | 101.58 | 314.99 | 416.57 | NOTE | |
r-devel-linux-x86_64-fedora-clang | 0.2.3 | 140.00 | 555.89 | 695.89 | OK | |
r-devel-linux-x86_64-fedora-gcc | 0.2.3 | 301.00 | 686.54 | 987.54 | OK | |
r-devel-windows-x86_64 | 0.2.3 | 140.00 | 460.00 | 600.00 | OK | |
r-patched-linux-x86_64 | 0.2.3 | 136.68 | 473.75 | 610.43 | OK | |
r-release-linux-x86_64 | 0.2.3 | 141.32 | 468.39 | 609.71 | OK | |
r-release-macos-arm64 | 0.2.3 | 47.00 | 162.00 | 209.00 | OK | |
r-release-macos-x86_64 | 0.2.3 | 104.00 | 387.00 | 491.00 | OK | |
r-release-windows-x86_64 | 0.2.3 | 151.00 | 455.00 | 606.00 | OK | |
r-oldrel-macos-arm64 | 0.2.3 | 25.00 | 96.00 | 121.00 | NOTE | |
r-oldrel-macos-x86_64 | 0.2.3 | 48.00 | 194.00 | 242.00 | NOTE | |
r-oldrel-windows-x86_64 | 0.2.3 | 162.00 | 597.00 | 759.00 | NOTE |
Version: 0.2.3
Check: HTML version of manual
Result: NOTE
Found the following HTML validation problems:
inputCheck.html:52:1 (inputCheck.Rd:13): Warning: missing </ul> before </div>
Flavors: r-devel-linux-x86_64-debian-clang, r-devel-linux-x86_64-debian-gcc
Version: 0.2.3
Check: installed package size
Result: NOTE
installed size is 38.1Mb
sub-directories of 1Mb or more:
libs 36.0Mb
Flavors: r-oldrel-macos-arm64, r-oldrel-macos-x86_64
Version: 0.2.3
Check: for GNU extensions in Makefiles
Result: NOTE
GNU make is a SystemRequirements.
Flavors: r-oldrel-macos-arm64, r-oldrel-macos-x86_64, r-oldrel-windows-x86_64