Last updated on 2025-10-22 09:50:29 CEST.
Flavor | Version | Tinstall | Tcheck | Ttotal | Status | Flags |
---|---|---|---|---|---|---|
r-devel-linux-x86_64-debian-clang | 1.0 | 5.91 | 41.05 | 46.96 | NOTE | |
r-devel-linux-x86_64-debian-gcc | 1.0 | 4.05 | 31.29 | 35.34 | NOTE | |
r-devel-linux-x86_64-fedora-clang | 1.0 | 51.79 | OK | |||
r-devel-linux-x86_64-fedora-gcc | 1.0 | 11.00 | 56.60 | 67.60 | OK | |
r-devel-windows-x86_64 | 1.0 | 6.00 | 57.00 | 63.00 | OK | |
r-patched-linux-x86_64 | 1.0 | 5.62 | 39.31 | 44.93 | OK | |
r-release-linux-x86_64 | 1.0 | 5.90 | 38.79 | 44.69 | OK | |
r-release-macos-arm64 | 1.0 | 2.00 | 20.00 | 22.00 | OK | |
r-release-macos-x86_64 | 1.0 | 5.00 | 37.00 | 42.00 | OK | |
r-release-windows-x86_64 | 1.0 | 6.00 | 58.00 | 64.00 | OK | |
r-oldrel-macos-arm64 | 1.0 | 2.00 | 24.00 | 26.00 | OK | |
r-oldrel-macos-x86_64 | 1.0 | 5.00 | 38.00 | 43.00 | OK | |
r-oldrel-windows-x86_64 | 1.0 | 7.00 | 65.00 | 72.00 | OK |
Version: 1.0
Check: CRAN incoming feasibility
Result: NOTE
Maintainer: ‘Muhammad Atif <muhammad96_atif@yahoo.com>’
No Authors@R field in DESCRIPTION.
Please add one, modifying
Authors@R: person(given = "Muhammad",
family = "Atif",
role = c("aut", "cre"),
email = "muhammad96_atif@yahoo.com")
as necessary.
Package CITATION file contains call(s) to old-style citEntry(). Please
use bibentry() instead.
Flavors: r-devel-linux-x86_64-debian-clang, r-devel-linux-x86_64-debian-gcc
Version: 1.0
Check: HTML version of manual
Result: NOTE
Found the following HTML validation problems:
moplot-methods.html:52:1 (moplot-methods.Rd:15): Warning: missing </ul> before </div>
show-methods.html:47:1 (show-methods.Rd:12): Warning: missing </ul> before </div>
Flavors: r-devel-linux-x86_64-debian-clang, r-devel-linux-x86_64-debian-gcc