CRAN Package Check Results for Package coefficientalpha

Last updated on 2025-10-22 09:50:29 CEST.

Flavor Version Tinstall Tcheck Ttotal Status Flags
r-devel-linux-x86_64-debian-clang 0.7.2 3.24 38.08 41.32 NOTE
r-devel-linux-x86_64-debian-gcc 0.7.2 2.23 28.75 30.98 NOTE
r-devel-linux-x86_64-fedora-clang 0.7.2 48.59 OK
r-devel-linux-x86_64-fedora-gcc 0.7.2 59.83 OK
r-devel-windows-x86_64 0.7.2 4.00 54.00 58.00 OK
r-patched-linux-x86_64 0.7.2 3.37 37.00 40.37 OK
r-release-linux-x86_64 0.7.2 2.89 36.77 39.66 OK
r-release-macos-arm64 0.7.2 2.00 24.00 26.00 OK
r-release-macos-x86_64 0.7.2 4.00 47.00 51.00 OK
r-release-windows-x86_64 0.7.2 4.00 55.00 59.00 OK
r-oldrel-macos-arm64 0.7.2 2.00 20.00 22.00 OK
r-oldrel-macos-x86_64 0.7.2 2.00 32.00 34.00 OK
r-oldrel-windows-x86_64 0.7.2 4.00 65.00 69.00 OK

Check Details

Version: 0.7.2
Check: CRAN incoming feasibility
Result: NOTE Maintainer: ‘Zhiyong Zhang <johnnyzhz@gmail.com>’ No Authors@R field in DESCRIPTION. Please add one, modifying Authors@R: c(person(given = "Zhiyong", family = "Zhang", role = c("aut", "cre"), email = "johnnyzhz@gmail.com"), person(given = "Ke-Hai", family = "Yuan", role = "aut")) as necessary. Flavors: r-devel-linux-x86_64-debian-clang, r-devel-linux-x86_64-debian-gcc