Last updated on 2025-10-21 09:48:28 CEST.
Flavor | Version | Tinstall | Tcheck | Ttotal | Status | Flags |
---|---|---|---|---|---|---|
r-devel-linux-x86_64-debian-clang | 0.2.7 | 4.87 | 62.57 | 67.44 | OK | |
r-devel-linux-x86_64-debian-gcc | 0.2.7 | 3.22 | 45.77 | 48.99 | NOTE | |
r-devel-linux-x86_64-fedora-clang | 0.2.7 | 76.04 | OK | |||
r-devel-linux-x86_64-fedora-gcc | 0.2.7 | 108.21 | OK | |||
r-devel-windows-x86_64 | 0.2.7 | 6.00 | 74.00 | 80.00 | OK | |
r-patched-linux-x86_64 | 0.2.7 | 4.84 | 57.22 | 62.06 | OK | |
r-release-linux-x86_64 | 0.2.7 | 4.86 | 56.12 | 60.98 | OK | |
r-release-macos-arm64 | 0.2.7 | 40.00 | OK | |||
r-release-macos-x86_64 | 0.2.7 | 85.00 | OK | |||
r-release-windows-x86_64 | 0.2.7 | 9.00 | 79.00 | 88.00 | OK | |
r-oldrel-macos-arm64 | 0.2.7 | 39.00 | OK | |||
r-oldrel-macos-x86_64 | 0.2.7 | 62.00 | OK | |||
r-oldrel-windows-x86_64 | 0.2.7 | 8.00 | 89.00 | 97.00 | OK |
Version: 0.2.7
Check: HTML version of manual
Result: NOTE
Found the following HTML validation problems:
num_wins.html:59:1 (num_wins.Rd:16): Warning: missing </ul> before </div>
Flavor: r-devel-linux-x86_64-debian-gcc