Last updated on 2025-10-21 09:48:28 CEST.
Flavor | Version | Tinstall | Tcheck | Ttotal | Status | Flags |
---|---|---|---|---|---|---|
r-devel-linux-x86_64-debian-clang | 1.1.0 | 9.17 | 48.22 | 57.39 | OK | |
r-devel-linux-x86_64-debian-gcc | 1.1.0 | 9.92 | 38.19 | 48.11 | NOTE | |
r-devel-linux-x86_64-fedora-clang | 1.1.0 | 64.74 | OK | |||
r-devel-linux-x86_64-fedora-gcc | 1.1.0 | 96.24 | OK | |||
r-devel-windows-x86_64 | 1.1.0 | 14.00 | 63.00 | 77.00 | OK | |
r-patched-linux-x86_64 | 1.1.0 | 10.87 | 43.67 | 54.54 | OK | |
r-release-linux-x86_64 | 1.1.0 | 10.34 | 44.33 | 54.67 | OK | |
r-release-macos-arm64 | 1.1.0 | 53.00 | OK | |||
r-release-macos-x86_64 | 1.1.0 | 74.00 | OK | |||
r-release-windows-x86_64 | 1.1.0 | 14.00 | 68.00 | 82.00 | OK | |
r-oldrel-macos-arm64 | 1.1.0 | 39.00 | OK | |||
r-oldrel-macos-x86_64 | 1.1.0 | 59.00 | OK | |||
r-oldrel-windows-x86_64 | 1.1.0 | 19.00 | 77.00 | 96.00 | OK |
Version: 1.1.0
Check: HTML version of manual
Result: NOTE
Found the following HTML validation problems:
multi-assign.html:50:1 (multi-assign.Rd:12): Warning: missing </ul> before </div>
Flavor: r-devel-linux-x86_64-debian-gcc