CRAN Package Check Results for Package complmrob

Last updated on 2025-10-22 09:50:29 CEST.

Flavor Version Tinstall Tcheck Ttotal Status Flags
r-devel-linux-x86_64-debian-clang 0.7.1 6.45 61.50 67.95 NOTE
r-devel-linux-x86_64-debian-gcc 0.7.1 5.00 43.59 48.59 NOTE
r-devel-linux-x86_64-fedora-clang 0.7.1 76.49 OK
r-devel-linux-x86_64-fedora-gcc 0.7.1 14.00 85.86 99.86 OK
r-devel-windows-x86_64 0.7.1 8.00 69.00 77.00 OK
r-patched-linux-x86_64 0.7.1 6.65 58.11 64.76 OK
r-release-linux-x86_64 0.7.1 5.95 58.81 64.76 OK
r-release-macos-arm64 0.7.1 3.00 42.00 45.00 OK
r-release-macos-x86_64 0.7.1 6.00 44.00 50.00 OK
r-release-windows-x86_64 0.7.1 7.00 72.00 79.00 OK
r-oldrel-macos-arm64 0.7.1 3.00 30.00 33.00 OK
r-oldrel-macos-x86_64 0.7.1 5.00 47.00 52.00 OK
r-oldrel-windows-x86_64 0.7.1 11.00 90.00 101.00 OK

Check Details

Version: 0.7.1
Check: HTML version of manual
Result: NOTE Found the following HTML validation problems: print.summary.complmrob.html:64:1 (print.summary.complmrob.Rd:21): Warning: missing </ul> before </div> summary-methods.html:68:1 (summary-methods.Rd:24): Warning: missing </ul> before </div> Flavors: r-devel-linux-x86_64-debian-clang, r-devel-linux-x86_64-debian-gcc