Last updated on 2025-10-22 09:50:29 CEST.
Flavor | Version | Tinstall | Tcheck | Ttotal | Status | Flags |
---|---|---|---|---|---|---|
r-devel-linux-x86_64-debian-clang | 1.3.3 | 164.54 | 69.01 | 233.55 | OK | |
r-devel-linux-x86_64-debian-gcc | 1.3.3 | 102.43 | 50.46 | 152.89 | OK | |
r-devel-linux-x86_64-fedora-clang | 1.3.3 | 106.00 | 161.83 | 267.83 | OK | |
r-devel-linux-x86_64-fedora-gcc | 1.3.3 | 166.00 | 216.50 | 382.50 | OK | |
r-devel-windows-x86_64 | 1.3.3 | 153.00 | 99.00 | 252.00 | OK | |
r-patched-linux-x86_64 | 1.3.3 | 149.70 | 65.01 | 214.71 | OK | |
r-release-linux-x86_64 | 1.3.3 | 152.31 | 67.36 | 219.67 | OK | |
r-release-macos-arm64 | 1.3.3 | 62.00 | 32.00 | 94.00 | OK | |
r-release-macos-x86_64 | 1.3.3 | 71.00 | 58.00 | 129.00 | OK | |
r-release-windows-x86_64 | 1.3.3 | 154.00 | 103.00 | 257.00 | OK | |
r-oldrel-macos-arm64 | 1.3.3 | 61.00 | 31.00 | 92.00 | NOTE | |
r-oldrel-macos-x86_64 | 1.3.3 | 57.00 | 60.00 | 117.00 | NOTE | |
r-oldrel-windows-x86_64 | 1.3.3 | 184.00 | 131.00 | 315.00 | OK |
Version: 1.3.3
Check: installed package size
Result: NOTE
installed size is 19.7Mb
sub-directories of 1Mb or more:
libs 19.4Mb
Flavors: r-oldrel-macos-arm64, r-oldrel-macos-x86_64