Last updated on 2025-10-22 09:50:29 CEST.
Flavor | Version | Tinstall | Tcheck | Ttotal | Status | Flags |
---|---|---|---|---|---|---|
r-devel-linux-x86_64-debian-clang | 0.2.1 | 57.11 | 45.60 | 102.71 | WARN | |
r-devel-linux-x86_64-debian-gcc | 0.2.1 | 35.52 | 34.21 | 69.73 | WARN | |
r-devel-linux-x86_64-fedora-clang | 0.2.2 | 250.00 | -37.02 | 212.98 | OK | |
r-devel-linux-x86_64-fedora-gcc | 0.2.2 | 318.00 | -154.65 | 163.35 | OK | |
r-devel-windows-x86_64 | 0.2.1 | 72.00 | 80.00 | 152.00 | WARN | |
r-patched-linux-x86_64 | 0.2.1 | 56.21 | 41.80 | 98.01 | WARN | |
r-release-linux-x86_64 | 0.2.1 | 54.52 | 42.24 | 96.76 | WARN | |
r-release-macos-arm64 | 0.2.2 | 21.00 | 23.00 | 44.00 | OK | |
r-release-macos-x86_64 | 0.2.2 | 29.00 | 49.00 | 78.00 | OK | |
r-release-windows-x86_64 | 0.2.1 | 73.00 | 80.00 | 153.00 | WARN | |
r-oldrel-macos-arm64 | 0.2.2 | 20.00 | 28.00 | 48.00 | NOTE | |
r-oldrel-macos-x86_64 | 0.2.2 | 27.00 | 48.00 | 75.00 | NOTE | |
r-oldrel-windows-x86_64 | 0.2.1 | 86.00 | 102.00 | 188.00 | WARN |
Version: 0.2.1
Check: whether package can be installed
Result: WARN
Found the following significant warnings:
seq_measures.cpp:5:50: warning: 'from<unsigned int, arma::mtOp<unsigned int, arma::mtOp<unsigned int, arma::Col<unsigned int>, arma::op_rel_eq>, arma::op_find_simple>>' is deprecated: replace conv_to<...>::from(X) with as_scalar(X) [-Wdeprecated-declarations]
See ‘/home/hornik/tmp/R.check/r-devel-clang/Work/PKGS/copre.Rcheck/00install.out’ for details.
* used C++ compiler: ‘Debian clang version 19.1.7 (7)’
Flavor: r-devel-linux-x86_64-debian-clang
Version: 0.2.1
Check: whether package can be installed
Result: WARN
Found the following significant warnings:
seq_measures.cpp:5:54: warning: ‘static out_eT arma::conv_to<out_eT>::from(const arma::Base<eT2, expr>&, const typename arma::arma_not_cx<in_eT>::result*) [with in_eT = unsigned int; T1 = arma::mtOp<unsigned int, arma::mtOp<unsigned int, arma::Col<unsigned int>, arma::op_rel_eq>, arma::op_find_simple>; out_eT = unsigned int; typename arma::arma_not_cx<in_eT>::result = unsigned int]’ is deprecated: replace conv_to<...>::from(X) with as_scalar(X) [-Wdeprecated-declarations]
See ‘/home/hornik/tmp/R.check/r-devel-gcc/Work/PKGS/copre.Rcheck/00install.out’ for details.
* used C++ compiler: ‘g++-15 (Debian 15.2.0-4) 15.2.0’
Flavor: r-devel-linux-x86_64-debian-gcc
Version: 0.2.1
Check: whether package can be installed
Result: WARN
Found the following significant warnings:
seq_measures.cpp:5:54: warning: 'static out_eT arma::conv_to<out_eT>::from(const arma::Base<eT2, expr>&, const typename arma::arma_not_cx<in_eT>::result*) [with in_eT = unsigned int; T1 = arma::mtOp<unsigned int, arma::mtOp<unsigned int, arma::Col<unsigned int>, arma::op_rel_eq>, arma::op_find_simple>; out_eT = unsigned int; typename arma::arma_not_cx<in_eT>::result = unsigned int]' is deprecated: replace conv_to<...>::from(X) with as_scalar(X) [-Wdeprecated-declarations]
See 'd:/Rcompile/CRANpkg/local/4.6/copre.Rcheck/00install.out' for details.
* used C++ compiler: 'g++.exe (GCC) 14.2.0'
Flavor: r-devel-windows-x86_64
Version: 0.2.1
Check: whether package can be installed
Result: WARN
Found the following significant warnings:
seq_measures.cpp:5:54: warning: ‘static out_eT arma::conv_to<out_eT>::from(const arma::Base<eT2, expr>&, const typename arma::arma_not_cx<in_eT>::result*) [with in_eT = unsigned int; T1 = arma::mtOp<unsigned int, arma::mtOp<unsigned int, arma::Col<unsigned int>, arma::op_rel_eq>, arma::op_find_simple>; out_eT = unsigned int; typename arma::arma_not_cx<in_eT>::result = unsigned int]’ is deprecated: replace conv_to<...>::from(X) with as_scalar(X) [-Wdeprecated-declarations]
See ‘/home/hornik/tmp/R.check/r-patched-gcc/Work/PKGS/copre.Rcheck/00install.out’ for details.
* used C++ compiler: ‘g++-14 (Debian 14.3.0-8) 14.3.0’
Flavor: r-patched-linux-x86_64
Version: 0.2.1
Check: whether package can be installed
Result: WARN
Found the following significant warnings:
seq_measures.cpp:5:54: warning: ‘static out_eT arma::conv_to<out_eT>::from(const arma::Base<eT2, expr>&, const typename arma::arma_not_cx<in_eT>::result*) [with in_eT = unsigned int; T1 = arma::mtOp<unsigned int, arma::mtOp<unsigned int, arma::Col<unsigned int>, arma::op_rel_eq>, arma::op_find_simple>; out_eT = unsigned int; typename arma::arma_not_cx<in_eT>::result = unsigned int]’ is deprecated: replace conv_to<...>::from(X) with as_scalar(X) [-Wdeprecated-declarations]
See ‘/home/hornik/tmp/R.check/r-release-gcc/Work/PKGS/copre.Rcheck/00install.out’ for details.
* used C++ compiler: ‘g++-14 (Debian 14.3.0-8) 14.3.0’
Flavor: r-release-linux-x86_64
Version: 0.2.1
Check: whether package can be installed
Result: WARN
Found the following significant warnings:
seq_measures.cpp:5:54: warning: 'static out_eT arma::conv_to<out_eT>::from(const arma::Base<eT2, expr>&, const typename arma::arma_not_cx<in_eT>::result*) [with in_eT = unsigned int; T1 = arma::mtOp<unsigned int, arma::mtOp<unsigned int, arma::Col<unsigned int>, arma::op_rel_eq>, arma::op_find_simple>; out_eT = unsigned int; typename arma::arma_not_cx<in_eT>::result = unsigned int]' is deprecated: replace conv_to<...>::from(X) with as_scalar(X) [-Wdeprecated-declarations]
See 'd:/Rcompile/CRANpkg/local/4.5/copre.Rcheck/00install.out' for details.
* used C++ compiler: 'g++.exe (GCC) 14.2.0'
Flavor: r-release-windows-x86_64
Version: 0.2.2
Check: installed package size
Result: NOTE
installed size is 5.8Mb
sub-directories of 1Mb or more:
help 2.6Mb
libs 3.1Mb
Flavors: r-oldrel-macos-arm64, r-oldrel-macos-x86_64
Version: 0.2.1
Check: whether package can be installed
Result: WARN
Found the following significant warnings:
seq_measures.cpp:5:54: warning: 'static out_eT arma::conv_to<out_eT>::from(const arma::Base<eT2, expr>&, const typename arma::arma_not_cx<in_eT>::result*) [with in_eT = unsigned int; T1 = arma::mtOp<unsigned int, arma::mtOp<unsigned int, arma::Col<unsigned int>, arma::op_rel_eq>, arma::op_find_simple>; out_eT = unsigned int; typename arma::arma_not_cx<in_eT>::result = unsigned int]' is deprecated: replace conv_to<...>::from(X) with as_scalar(X) [-Wdeprecated-declarations]
See 'd:/Rcompile/CRANpkg/local/4.4/copre.Rcheck/00install.out' for details.
* used C++ compiler: 'g++.exe (GCC) 13.3.0'
Flavor: r-oldrel-windows-x86_64