Last updated on 2025-10-21 09:48:28 CEST.
Flavor | Version | Tinstall | Tcheck | Ttotal | Status | Flags |
---|---|---|---|---|---|---|
r-devel-linux-x86_64-debian-clang | 1.2.0 | 2.52 | 33.42 | 35.94 | OK | |
r-devel-linux-x86_64-debian-gcc | 1.2.0 | 1.91 | 26.85 | 28.76 | NOTE | |
r-devel-linux-x86_64-fedora-clang | 1.2.0 | 41.29 | OK | |||
r-devel-linux-x86_64-fedora-gcc | 1.2.0 | 61.82 | OK | |||
r-devel-windows-x86_64 | 1.2.0 | 3.00 | 53.00 | 56.00 | OK | |
r-patched-linux-x86_64 | 1.2.0 | 2.76 | 30.61 | 33.37 | OK | |
r-release-linux-x86_64 | 1.2.0 | 2.36 | 30.35 | 32.71 | OK | |
r-release-macos-arm64 | 1.2.0 | 32.00 | OK | |||
r-release-macos-x86_64 | 1.2.0 | 54.00 | OK | |||
r-release-windows-x86_64 | 1.2.0 | 4.00 | 55.00 | 59.00 | OK | |
r-oldrel-macos-arm64 | 1.2.0 | 70.00 | OK | |||
r-oldrel-macos-x86_64 | 1.2.0 | 99.00 | OK | |||
r-oldrel-windows-x86_64 | 1.2.0 | 7.00 | 61.00 | 68.00 | OK |
Version: 1.2.0
Check: HTML version of manual
Result: NOTE
Found the following HTML validation problems:
say.html:126:1 (say.Rd:83): Warning: <h3> anchor "what" already defined
say.html:150:1 (say.Rd:97): Warning: <h3> anchor "by" already defined
say_think.html:52:1 (say_think.Rd:14): Warning: missing </ul> before </div>
Flavor: r-devel-linux-x86_64-debian-gcc