Last updated on 2025-10-21 09:48:28 CEST.
Flavor | Version | Tinstall | Tcheck | Ttotal | Status | Flags |
---|---|---|---|---|---|---|
r-devel-linux-x86_64-debian-clang | 0.0.3 | 54.33 | 74.21 | 128.54 | WARN | |
r-devel-linux-x86_64-debian-gcc | 0.0.3 | 37.00 | 52.52 | 89.52 | WARN | |
r-devel-linux-x86_64-fedora-clang | 0.0.3 | 233.91 | NOTE | |||
r-devel-linux-x86_64-fedora-gcc | 0.0.3 | 203.14 | NOTE | |||
r-devel-windows-x86_64 | 0.0.3 | 60.00 | 107.00 | 167.00 | NOTE | |
r-patched-linux-x86_64 | 0.0.3 | 58.97 | 70.05 | 129.02 | NOTE | |
r-release-linux-x86_64 | 0.0.3 | 54.66 | 70.94 | 125.60 | NOTE | |
r-release-macos-arm64 | 0.0.3 | 47.00 | NOTE | |||
r-release-macos-x86_64 | 0.0.3 | 82.00 | NOTE | |||
r-release-windows-x86_64 | 0.0.3 | 66.00 | 107.00 | 173.00 | NOTE | |
r-oldrel-macos-arm64 | 0.0.3 | 50.00 | NOTE | |||
r-oldrel-macos-x86_64 | 0.0.3 | 63.00 | NOTE | |||
r-oldrel-windows-x86_64 | 0.0.3 | 76.00 | 131.00 | 207.00 | NOTE |
Version: 0.0.3
Check: whether package can be installed
Result: WARN
Found the following significant warnings:
/home/hornik/tmp/R.check/r-devel-clang/Work/build/Packages/RcppArmadillo/include/RcppArmadillo/version/arma.h:66:17: warning: Using fallback compilation with Armadillo 14.6.3. Please consider defining -DARMA_USE_CURRENT and also removing C++11 compilation directive. See GitHub issue #475 for more. [-W#pragma-messages]
See ‘/home/hornik/tmp/R.check/r-devel-clang/Work/PKGS/cpss.Rcheck/00install.out’ for details.
* used C++ compiler: ‘Debian clang version 19.1.7 (7)’
Flavor: r-devel-linux-x86_64-debian-clang
Version: 0.0.3
Check: C++ specification
Result: NOTE
Specified C++11: please drop specification unless essential
Flavors: r-devel-linux-x86_64-debian-clang, r-devel-linux-x86_64-debian-gcc, r-devel-linux-x86_64-fedora-clang, r-devel-linux-x86_64-fedora-gcc, r-devel-windows-x86_64, r-patched-linux-x86_64, r-release-linux-x86_64, r-release-macos-arm64, r-release-macos-x86_64, r-release-windows-x86_64, r-oldrel-macos-arm64, r-oldrel-macos-x86_64, r-oldrel-windows-x86_64
Version: 0.0.3
Check: whether package can be installed
Result: WARN
Found the following significant warnings:
/home/hornik/tmp/R.check/r-devel-gcc/Work/build/Packages/RcppArmadillo/include/RcppArmadillo/version/arma.h:66:199: note: ‘#pragma message: Using fallback compilation with Armadillo 14.6.3. Please consider defining -DARMA_USE_CURRENT and also removing C++11 compilation directive. See GitHub issue #475 for more.’
See ‘/home/hornik/tmp/R.check/r-devel-gcc/Work/PKGS/cpss.Rcheck/00install.out’ for details.
* used C++ compiler: ‘g++-15 (Debian 15.2.0-4) 15.2.0’
Flavor: r-devel-linux-x86_64-debian-gcc
Version: 0.0.3
Check: HTML version of manual
Result: NOTE
Found the following HTML validation problems:
SC.html:58:1 (SC.Rd:21): Warning: missing </ul> before </div>
SC_vals.html:58:1 (SC_vals.Rd:21): Warning: missing </ul> before </div>
S_vals.html:58:1 (S_vals.Rd:21): Warning: missing </ul> before </div>
algo.html:58:1 (algo.Rd:21): Warning: missing </ul> before </div>
algo_param_dim.html:58:1 (algo_param_dim.Rd:21): Warning: missing </ul> before </div>
coef-cpss-method.html:51:1 (coef-cpss-method.Rd:12): Warning: missing </ul> before </div>
cps.html:58:1 (cps.Rd:21): Warning: missing </ul> before </div>
dat.html:62:1 (dat.Rd:23): Warning: missing </ul> before </div>
mdl.html:58:1 (mdl.Rd:21): Warning: missing </ul> before </div>
ncps.html:58:1 (ncps.Rd:21): Warning: missing </ul> before </div>
params.html:58:1 (params.Rd:21): Warning: missing </ul> before </div>
pelt_pen.html:58:1 (pelt_pen.Rd:21): Warning: missing </ul> before </div>
plot-cpss-method.html:67:1 (plot-cpss-method.Rd:20): Warning: missing </ul> before </div>
summary-cpss-method.html:51:1 (summary-cpss-method.Rd:12): Warning: missing </ul> before </div>
update-cpss-method.html:55:1 (update-cpss-method.Rd:14): Warning: missing </ul> before </div>
update_inputs.html:58:1 (update_inputs.Rd:21): Warning: missing </ul> before </div>
Flavor: r-devel-linux-x86_64-debian-gcc