Last updated on 2025-10-21 09:48:28 CEST.
Flavor | Version | Tinstall | Tcheck | Ttotal | Status | Flags |
---|---|---|---|---|---|---|
r-devel-linux-x86_64-debian-clang | 1.0.3 | 4.60 | 42.40 | 47.00 | NOTE | |
r-devel-linux-x86_64-debian-gcc | 1.0.3 | 3.37 | 32.58 | 35.95 | NOTE | |
r-devel-linux-x86_64-fedora-clang | 1.0.3 | 49.82 | OK | |||
r-devel-linux-x86_64-fedora-gcc | 1.0.3 | 61.26 | OK | |||
r-devel-windows-x86_64 | 1.0.3 | 6.00 | 58.00 | 64.00 | OK | |
r-patched-linux-x86_64 | 1.0.3 | 4.37 | 39.94 | 44.31 | OK | |
r-release-linux-x86_64 | 1.0.3 | 4.26 | 40.01 | 44.27 | OK | |
r-release-macos-arm64 | 1.0.3 | 28.00 | OK | |||
r-release-macos-x86_64 | 1.0.3 | 47.00 | OK | |||
r-release-windows-x86_64 | 1.0.3 | 9.00 | 59.00 | 68.00 | OK | |
r-oldrel-macos-arm64 | 1.0.3 | 24.00 | OK | |||
r-oldrel-macos-x86_64 | 1.0.3 | 34.00 | OK | |||
r-oldrel-windows-x86_64 | 1.0.3 | 8.00 | 72.00 | 80.00 | OK |
Version: 1.0.3
Check: CRAN incoming feasibility
Result: NOTE
Maintainer: ‘Gábor Csárdi <csardi.gabor@gmail.com>’
No Authors@R field in DESCRIPTION.
Please add one, modifying
Authors@R: person(given = "Gábor",
family = "Csárdi",
role = c("aut", "cre"),
email = "csardi.gabor@gmail.com")
as necessary.
Flavors: r-devel-linux-x86_64-debian-clang, r-devel-linux-x86_64-debian-gcc
Version: 1.0.3
Check: HTML version of manual
Result: NOTE
Found the following HTML validation problems:
create_empty_PACKAGES.html:76:1 (create_empty_PACKAGES.Rd:35): Warning: missing </ul> before </div>
with_db.html:53:1 (with_db.Rd:13): Warning: missing </ul> before </div>
with_db_lock.html:52:1 (with_db_lock.Rd:13): Warning: missing </ul> before </div>
Flavor: r-devel-linux-x86_64-debian-gcc