Last updated on 2025-10-21 09:48:28 CEST.
Flavor | Version | Tinstall | Tcheck | Ttotal | Status | Flags |
---|---|---|---|---|---|---|
r-devel-linux-x86_64-debian-clang | 0.4.0 | 9.64 | 57.58 | 67.22 | OK | |
r-devel-linux-x86_64-debian-gcc | 0.4.0 | 6.11 | 40.74 | 46.85 | NOTE | |
r-devel-linux-x86_64-fedora-clang | 0.4.0 | 76.61 | OK | |||
r-devel-linux-x86_64-fedora-gcc | 0.4.0 | 88.51 | OK | |||
r-devel-windows-x86_64 | 0.4.0 | 11.00 | 76.00 | 87.00 | OK | |
r-patched-linux-x86_64 | 0.4.0 | 8.83 | 53.28 | 62.11 | OK | |
r-release-linux-x86_64 | 0.4.0 | 8.69 | 53.86 | 62.55 | OK | |
r-release-macos-arm64 | 0.4.0 | 31.00 | OK | |||
r-release-macos-x86_64 | 0.4.0 | 57.00 | OK | |||
r-release-windows-x86_64 | 0.4.0 | 11.00 | 76.00 | 87.00 | OK | |
r-oldrel-macos-arm64 | 0.4.0 | 37.00 | OK | |||
r-oldrel-macos-x86_64 | 0.4.0 | 66.00 | OK | |||
r-oldrel-windows-x86_64 | 0.4.0 | 14.00 | 91.00 | 105.00 | OK |
Version: 0.4.0
Check: HTML version of manual
Result: NOTE
Found the following HTML validation problems:
crew_class_launcher_cluster.html:197:1 (crew_class_launcher_cluster.Rd:143): Warning: <h5> anchor "Usage" already defined
crew_class_launcher_cluster.html:203:1 (crew_class_launcher_cluster.Rd:147): Warning: <h5> anchor "Returns" already defined
crew_class_launcher_cluster.html:220:1 (crew_class_launcher_cluster.Rd:156): Warning: <h5> anchor "Usage" already defined
crew_class_launcher_cluster.html:226:1 (crew_class_launcher_cluster.Rd:160): Warning: <h5> anchor "Arguments" already defined
crew_class_launcher_cluster.html:252:1 (crew_class_launcher_cluster.Rd:177): Warning: <h5> anchor "Returns" already defined
crew_class_launcher_lsf.html:121:1 (crew_class_launcher_lsf.Rd:94): Warning: <h5> anchor "Usage" already defined
crew_class_launcher_lsf.html:155:1 (crew_class_launcher_lsf.Rd:117): Warning: <h5> anchor "Returns" already defined
crew_class_launcher_pbs.html:121:1 (crew_class_launcher_pbs.Rd:92): Warning: <h5> anchor "Usage" already defined
crew_class_launcher_pbs.html:155:1 (crew_class_launcher_pbs.Rd:115): Warning: <h5> anchor "Returns" already defined
crew_class_launcher_sge.html:121:1 (crew_class_launcher_sge.Rd:94): Warning: <h5> anchor "Usage" already defined
crew_class_launcher_sge.html:155:1 (crew_class_launcher_sge.Rd:117): Warning: <h5> anchor "Returns" already defined
crew_class_launcher_slurm.html:121:1 (crew_class_launcher_slurm.Rd:95): Warning: <h5> anchor "Usage" already defined
crew_class_launcher_slurm.html:155:1 (crew_class_launcher_slurm.Rd:118): Warning: <h5> anchor "Returns" already defined
crew_class_monitor_cluster.html:120:1 (crew_class_monitor_cluster.Rd:72): Warning: <h5> anchor "Usage" already defined
crew_class_monitor_cluster.html:126:1 (crew_class_monitor_cluster.Rd:76): Warning: <h5> anchor "Returns" already defined
crew_class_monitor_sge.html:111:1 (crew_class_monitor_sge.Rd:65): Warning: <h5> anchor "Usage" already defined
crew_class_monitor_sge.html:117:1 (crew_class_monitor_sge.Rd:69): Warning: <h5> anchor "Arguments" already defined
crew_class_monitor_sge.html:136:1 (crew_class_monitor_sge.Rd:82): Warning: <h5> anchor "Returns" already defined
crew_class_monitor_slurm.html:123:1 (crew_class_monitor_slurm.Rd:74): Warning: <h5> anchor "Usage" already defined
crew_class_monitor_slurm.html:129:1 (crew_class_monitor_slurm.Rd:78): Warning: <h5> anchor "Arguments" already defined
crew_class_monitor_slurm.html:148:1 (crew_class_monitor_slurm.Rd:91): Warning: <h5> anchor "Returns" already defined
Flavor: r-devel-linux-x86_64-debian-gcc