Last updated on 2025-07-02 09:51:01 CEST.
Flavor | Version | Tinstall | Tcheck | Ttotal | Status | Flags |
---|---|---|---|---|---|---|
r-devel-linux-x86_64-debian-clang | 0.3.0 | 2.34 | 26.30 | 28.64 | NOTE | |
r-devel-linux-x86_64-debian-gcc | 0.3.0 | 1.78 | 21.50 | 23.28 | NOTE | |
r-devel-linux-x86_64-fedora-clang | 0.3.0 | 41.99 | OK | |||
r-devel-linux-x86_64-fedora-gcc | 0.3.0 | 37.92 | OK | |||
r-devel-windows-x86_64 | 0.3.0 | 4.00 | 46.00 | 50.00 | OK | |
r-patched-linux-x86_64 | OK | |||||
r-release-linux-x86_64 | 0.3.0 | 2.08 | 22.90 | 24.98 | OK | |
r-release-macos-arm64 | 0.3.0 | 18.00 | OK | |||
r-release-macos-x86_64 | 0.3.0 | 27.00 | OK | |||
r-release-windows-x86_64 | 0.3.0 | 3.00 | 53.00 | 56.00 | OK | |
r-oldrel-macos-arm64 | 0.3.0 | 18.00 | OK | |||
r-oldrel-macos-x86_64 | 0.3.0 | 26.00 | OK | |||
r-oldrel-windows-x86_64 | 0.3.0 | 3.00 | 50.00 | 53.00 | OK |
Version: 0.3.0
Check: CRAN incoming feasibility
Result: NOTE
Maintainer: ‘Thomas J. Leeper <thosjleeper@gmail.com>’
Package CITATION file contains call(s) to old-style personList() or
as.personList(). Please use c() on person objects instead.
Package CITATION file contains call(s) to old-style citEntry(). Please
use bibentry() instead.
Flavors: r-devel-linux-x86_64-debian-clang, r-devel-linux-x86_64-debian-gcc