Last updated on 2025-10-21 09:48:28 CEST.
Flavor | Version | Tinstall | Tcheck | Ttotal | Status | Flags |
---|---|---|---|---|---|---|
r-devel-linux-x86_64-debian-clang | 1.0.1 | 90.03 | 213.04 | 303.07 | OK | |
r-devel-linux-x86_64-debian-gcc | 1.0.1 | 75.85 | 152.13 | 227.98 | NOTE | |
r-devel-linux-x86_64-fedora-clang | 1.0.1 | 499.29 | OK | |||
r-devel-linux-x86_64-fedora-gcc | 1.0.1 | 502.38 | OK | |||
r-devel-windows-x86_64 | 1.0.1 | 93.00 | 215.00 | 308.00 | OK | |
r-patched-linux-x86_64 | 1.0.1 | 106.43 | 206.71 | 313.14 | OK | |
r-release-linux-x86_64 | 1.0.1 | 103.38 | 207.77 | 311.15 | OK | |
r-release-macos-arm64 | 1.0.1 | 128.00 | OK | |||
r-release-macos-x86_64 | 1.0.1 | 210.00 | OK | |||
r-release-windows-x86_64 | 1.0.1 | 102.00 | 219.00 | 321.00 | OK | |
r-oldrel-macos-arm64 | 1.0.1 | 127.00 | NOTE | |||
r-oldrel-macos-x86_64 | 1.0.1 | 219.00 | NOTE | |||
r-oldrel-windows-x86_64 | 1.0.1 | 114.00 | 282.00 | 396.00 | OK |
Version: 1.0.1
Check: HTML version of manual
Result: NOTE
Found the following HTML validation problems:
ctsmTMB.html:177:1 (ctsmTMB.Rd:114): Warning: <h5> anchor "Usage" already defined
ctsmTMB.html:194:1 (ctsmTMB.Rd:125): Warning: <h5> anchor "Usage" already defined
ctsmTMB.html:212:1 (ctsmTMB.Rd:137): Warning: <h5> anchor "Usage" already defined
ctsmTMB.html:251:1 (ctsmTMB.Rd:164): Warning: <h5> anchor "Usage" already defined
ctsmTMB.html:257:1 (ctsmTMB.Rd:168): Warning: <h5> anchor "Arguments" already defined
ctsmTMB.html:295:1 (ctsmTMB.Rd:196): Warning: <h5> anchor "Usage" already defined
ctsmTMB.html:301:1 (ctsmTMB.Rd:200): Warning: <h5> anchor "Arguments" already defined
ctsmTMB.html:334:1 (ctsmTMB.Rd:223): Warning: <h5> anchor "Usage" already defined
ctsmTMB.html:340:1 (ctsmTMB.Rd:227): Warning: <h5> anchor "Arguments" already defined
ctsmTMB.html:379:1 (ctsmTMB.Rd:251): Warning: <h5> anchor "Usage" already defined
ctsmTMB.html:385:1 (ctsmTMB.Rd:255): Warning: <h5> anchor "Arguments" already defined
ctsmTMB.html:417:1 (ctsmTMB.Rd:277): Warning: <h5> anchor "Usage" already defined
ctsmTMB.html:423:1 (ctsmTMB.Rd:281): Warning: <h5> anchor "Arguments" already defined
ctsmTMB.html:448:1 (ctsmTMB.Rd:296): Warning: <h5> anchor "Usage" already defined
ctsmTMB.html:454:1 (ctsmTMB.Rd:300): Warning: <h5> anchor "Arguments" already defined
ctsmTMB.html:479:1 (ctsmTMB.Rd:315): Warning: <h5> anchor "Usage" already defined
ctsmTMB.html:485:1 (ctsmTMB.Rd:319): Warning: <h5> anchor "Arguments" already defined
ctsmTMB.html:528:1 (ctsmTMB.Rd:343): Warning: <h5> anchor "Usage" already defined
ctsmTMB.html:534:1 (ctsmTMB.Rd:347): Warning: <h5> anchor "Arguments" already defined
ctsmTMB.html:563:1 (ctsmTMB.Rd:366): Warning: <h5> anchor "Usage" already defined
ctsmTMB.html:569:1 (ctsmTMB.Rd:370): Warning: <h5> anchor "Arguments" already defined
ctsmTMB.html:596:1 (ctsmTMB.Rd:387): Warning: <h5> anchor "Usage" already defined
ctsmTMB.html:602:1 (ctsmTMB.Rd:391): Warning: <h5> anchor "Arguments" already defined
ctsmTMB.html:631:1 (ctsmTMB.Rd:410): Warning: <h5> anchor "Usage" already defined
ctsmTMB.html:637:1 (ctsmTMB.Rd:414): Warning: <h5> anchor "Arguments" already defined
ctsmTMB.html:662:1 (ctsmTMB.Rd:429): Warning: <h5> anchor "Usage" already defined
ctsmTMB.html:678:1 (ctsmTMB.Rd:439): Warning: <h5> anchor "Usage" already defined
ctsmTMB.html:694:1 (ctsmTMB.Rd:449): Warning: <h5> anchor "Usage" already defined
ctsmTMB.html:710:1 (ctsmTMB.Rd:459): Warning: <h5> anchor "Usage" already defined
ctsmTMB.html:726:1 (ctsmTMB.Rd:469): Warning: <h5> anchor "Usage" already defined
ctsmTMB.html:742:1 (ctsmTMB.Rd:479): Warning: <h5> anchor "Usage" already defined
ctsmTMB.html:748:1 (ctsmTMB.Rd:483): Warning: <h5> anchor "Arguments" already defined
ctsmTMB.html:773:1 (ctsmTMB.Rd:498): Warning: <h5> anchor "Usage" already defined
ctsmTMB.html:789:1 (ctsmTMB.Rd:508): Warning: <h5> anchor "Usage" already defined
ctsmTMB.html:805:1 (ctsmTMB.Rd:518): Warning: <h5> anchor "Usage" already defined
ctsmTMB.html:821:1 (ctsmTMB.Rd:528): Warning: <h5> anchor "Usage" already defined
ctsmTMB.html:837:1 (ctsmTMB.Rd:538): Warning: <h5> anchor "Usage" already defined
ctsmTMB.html:853:1 (ctsmTMB.Rd:548): Warning: <h5> anchor "Usage" already defined
ctsmTMB.html:874:1 (ctsmTMB.Rd:567): Warning: <h5> anchor "Arguments" already defined
ctsmTMB.html:971:1 (ctsmTMB.Rd:642): Warning: <h5> anchor "Usage" already defined
ctsmTMB.html:990:1 (ctsmTMB.Rd:659): Warning: <h5> anchor "Arguments" already defined
ctsmTMB.html:1083:1 (ctsmTMB.Rd:730): Warning: <h5> anchor "Usage" already defined
ctsmTMB.html:1107:1 (ctsmTMB.Rd:752): Warning: <h5> anchor "Arguments" already defined
ctsmTMB.html:1220:1 (ctsmTMB.Rd:843): Warning: <h5> anchor "Usage" already defined
ctsmTMB.html:1239:1 (ctsmTMB.Rd:860): Warning: <h5> anchor "Arguments" already defined
ctsmTMB.html:1347:1 (ctsmTMB.Rd:941): Warning: <h5> anchor "Usage" already defined
ctsmTMB.html:1367:1 (ctsmTMB.Rd:959): Warning: <h5> anchor "Arguments" already defined
ctsmTMB.html:1454:1 (ctsmTMB.Rd:1027): Warning: <h5> anchor "Usage" already defined
ctsmTMB.html:1476:1 (ctsmTMB.Rd:1047): Warning: <h5> anchor "Arguments" already defined
ctsmTMB.html:1572:1 (ctsmTMB.Rd:1126): Warning: <h5> anchor "Returns" already defined
ctsmTMB.html:1591:1 (ctsmTMB.Rd:1137): Warning: <h5> anchor "Usage" already defined
ctsmTMB.html:1607:1 (ctsmTMB.Rd:1147): Warning: <h5> anchor "Usage" already defined
ctsmTMB.html:1613:1 (ctsmTMB.Rd:1151): Warning: <h5> anchor "Arguments" already defined
Flavor: r-devel-linux-x86_64-debian-gcc
Version: 1.0.1
Check: installed package size
Result: NOTE
installed size is 22.5Mb
sub-directories of 1Mb or more:
doc 1.4Mb
libs 20.4Mb
Flavors: r-oldrel-macos-arm64, r-oldrel-macos-x86_64