Last updated on 2025-10-21 09:48:28 CEST.
Flavor | Version | Tinstall | Tcheck | Ttotal | Status | Flags |
---|---|---|---|---|---|---|
r-devel-linux-x86_64-debian-clang | 0.1.2 | 35.23 | 237.17 | 272.40 | OK | |
r-devel-linux-x86_64-debian-gcc | 0.1.2 | 20.91 | 158.97 | 179.88 | NOTE | |
r-devel-linux-x86_64-fedora-clang | 0.1.2 | 435.16 | OK | |||
r-devel-linux-x86_64-fedora-gcc | 0.1.2 | 404.55 | OK | |||
r-devel-windows-x86_64 | 0.1.2 | 34.00 | 198.00 | 232.00 | OK | |
r-patched-linux-x86_64 | 0.1.2 | 32.69 | 224.98 | 257.67 | OK | |
r-release-linux-x86_64 | 0.1.2 | 32.97 | 226.17 | 259.14 | OK | |
r-release-macos-arm64 | 0.1.2 | 113.00 | OK | |||
r-release-macos-x86_64 | 0.1.2 | 236.00 | OK | |||
r-release-windows-x86_64 | 0.1.2 | 34.00 | 204.00 | 238.00 | OK | |
r-oldrel-macos-arm64 | 0.1.2 | 165.00 | OK | |||
r-oldrel-macos-x86_64 | 0.1.2 | 198.00 | OK | |||
r-oldrel-windows-x86_64 | 0.1.2 | 45.00 | 263.00 | 308.00 | OK |
Version: 0.1.2
Check: HTML version of manual
Result: NOTE
Found the following HTML validation problems:
TTC_ic_Jakobsen_wei.html:72:1 (TTC_ic_Jakobsen_wei.Rd:25): Warning: missing </ul> before </div>
TTC_ic_log_wei.html:85:1 (TTC_ic_log_wei.Rd:31): Warning: missing </ul> before </div>
TTC_ic_wei.html:81:1 (TTC_ic_wei.Rd:31): Warning: missing </ul> before </div>
TTC_theoric_adtneh.html:50:1 (TTC_theoric_adtneh.Rd:12): Warning: missing </ul> before </div>
dTTCdtheta_wei.html:71:1 (dTTCdtheta_wei.Rd:25): Warning: missing </ul> before </div>
dexhazdtheta_adtneh2.html:70:1 (dexhazdtheta_adtneh2.Rd:25): Warning: missing </ul> before </div>
dexhazdtheta_multneh.html:70:1 (dexhazdtheta_multneh.Rd:25): Warning: missing </ul> before </div>
dexhazdtheta_wei.html:69:1 (dexhazdtheta_wei.Rd:25): Warning: missing </ul> before </div>
dlogCumHazdtheta_wei.html:70:1 (dlogCumHazdtheta_wei.Rd:24): Warning: missing </ul> before </div>
dlogTTCdtheta_wei.html:71:1 (dlogTTCdtheta_wei.Rd:25): Warning: missing </ul> before </div>
dloglogpdtheta_wei.html:70:1 (dloglogpdtheta_wei.Rd:25): Warning: missing </ul> before </div>
dlogpdtheta_wei.html:70:1 (dlogpdtheta_wei.Rd:25): Warning: missing </ul> before </div>
dlogsndtheta_wei.html:70:1 (dlogsndtheta_wei.Rd:24): Warning: missing </ul> before </div>
dpdtheta_adtneh2.html:80:1 (dpdtheta_adtneh2.Rd:31): Warning: missing </ul> before </div>
dpdtheta_wei.html:69:1 (dpdtheta_wei.Rd:25): Warning: missing </ul> before </div>
dpidtheta_adtneh2.html:72:1 (dpidtheta_adtneh2.Rd:25): Warning: missing </ul> before </div>
dpidtheta_multneh.html:70:1 (dpidtheta_multneh.Rd:25): Warning: missing </ul> before </div>
dpidtheta_wei.html:69:1 (dpidtheta_wei.Rd:25): Warning: missing </ul> before </div>
dptdtheta_multneh.html:80:1 (dptdtheta_multneh.Rd:31): Warning: missing </ul> before </div>
dsndtheta_wei.html:70:1 (dsndtheta_wei.Rd:24): Warning: missing </ul> before </div>
exhaz_ic_adtneh2.html:76:1 (exhaz_ic_adtneh2.Rd:28): Warning: missing </ul> before </div>
exhaz_ic_adtneh2_log.html:76:1 (exhaz_ic_adtneh2_log.Rd:28): Warning: missing </ul> before </div>
exhaz_ic_adtneh2_loglog.html:76:1 (exhaz_ic_adtneh2_loglog.Rd:28): Warning: missing </ul> before </div>
exhaz_ic_multneh.html:76:1 (exhaz_ic_multneh.Rd:28): Warning: missing </ul> before </div>
exhaz_ic_multneh_log.html:76:1 (exhaz_ic_multneh_log.Rd:28): Warning: missing </ul> before </div>
exhaz_ic_multneh_loglog.html:76:1 (exhaz_ic_multneh_loglog.Rd:28): Warning: missing </ul> before </div>
logCumHaz_ic_wei.html:77:1 (logCumHaz_ic_wei.Rd:27): Warning: missing </ul> before </div>
pi_ic_adtneh2.html:81:1 (pi_ic_adtneh2.Rd:31): Warning: missing </ul> before </div>
pi_ic_adtneh2_log.html:81:1 (pi_ic_adtneh2_log.Rd:31): Warning: missing </ul> before </div>
pi_ic_adtneh2_loglog.html:81:1 (pi_ic_adtneh2_loglog.Rd:31): Warning: missing </ul> before </div>
pi_ic_log_wei.html:79:1 (pi_ic_log_wei.Rd:30): Warning: missing </ul> before </div>
pi_ic_loglog_wei.html:79:1 (pi_ic_loglog_wei.Rd:30): Warning: missing </ul> before </div>
pi_ic_multneh.html:81:1 (pi_ic_multneh.Rd:31): Warning: missing </ul> before </div>
pi_ic_multneh_log.html:81:1 (pi_ic_multneh_log.Rd:31): Warning: missing </ul> before </div>
pi_ic_multneh_loglog.html:81:1 (pi_ic_multneh_loglog.Rd:31): Warning: missing </ul> before </div>
pt_cure_ic_adtneh2_log.html:81:1 (pt_cure_ic_adtneh2_log.Rd:31): Warning: missing </ul> before </div>
pt_cure_ic_log_wei.html:79:1 (pt_cure_ic_log_wei.Rd:30): Warning: missing </ul> before </div>
pt_cure_ic_loglog_wei.html:79:1 (pt_cure_ic_loglog_wei.Rd:30): Warning: missing </ul> before </div>
pt_cure_ic_multneh_log.html:81:1 (pt_cure_ic_multneh_log.Rd:31): Warning: missing </ul> before </div>
pt_cure_ic_noDM.html:62:1 (pt_cure_ic_noDM.Rd:18): Warning: missing </ul> before </div>
pt_cure_wei.html:62:1 (pt_cure_wei.Rd:17): Warning: missing </ul> before </div>
sn_ic_log_wei.html:82:1 (sn_ic_log_wei.Rd:30): Warning: missing </ul> before </div>
sn_ic_wei.html:81:1 (sn_ic_wei.Rd:30): Warning: missing </ul> before </div>
trigamma.html:46:1 (trigamma.Rd:10): Warning: missing </ul> before </div>
var_TTC_Jakobsen_wei.html:75:1 (var_TTC_Jakobsen_wei.Rd:28): Warning: missing </ul> before </div>
var_TTC_wei.html:71:1 (var_TTC_wei.Rd:25): Warning: missing </ul> before </div>
var_logCumHaz_wei.html:69:1 (var_logCumHaz_wei.Rd:24): Warning: missing </ul> before </div>
var_pt_cure_wei.html:69:1 (var_pt_cure_wei.Rd:24): Warning: missing </ul> before </div>
varlogTTC_Jakobsen_wei.html:75:1 (varlogTTC_Jakobsen_wei.Rd:28): Warning: missing </ul> before </div>
varlogTTC_wei.html:73:1 (varlogTTC_wei.Rd:25): Warning: missing </ul> before </div>
Flavor: r-devel-linux-x86_64-debian-gcc