Last updated on 2025-10-21 09:48:29 CEST.
Flavor | Version | Tinstall | Tcheck | Ttotal | Status | Flags |
---|---|---|---|---|---|---|
r-devel-linux-x86_64-debian-clang | 1.0.2 | 14.49 | 201.23 | 215.72 | NOTE | |
r-devel-linux-x86_64-debian-gcc | 1.0.2 | 9.95 | 137.51 | 147.46 | NOTE | |
r-devel-linux-x86_64-fedora-clang | 1.0.2 | 341.69 | NOTE | |||
r-devel-linux-x86_64-fedora-gcc | 1.0.2 | 328.04 | NOTE | |||
r-devel-windows-x86_64 | 1.0.2 | 17.00 | 220.00 | 237.00 | NOTE | |
r-patched-linux-x86_64 | 1.0.2 | 14.25 | 189.13 | 203.38 | NOTE | |
r-release-linux-x86_64 | 1.0.2 | 12.71 | 191.27 | 203.98 | NOTE | |
r-release-macos-arm64 | 1.0.2 | 86.00 | NOTE | |||
r-release-macos-x86_64 | 1.0.2 | 157.00 | NOTE | |||
r-release-windows-x86_64 | 1.0.2 | 17.00 | 219.00 | 236.00 | NOTE | |
r-oldrel-macos-arm64 | 1.0.2 | 73.00 | NOTE | |||
r-oldrel-macos-x86_64 | 1.0.2 | 117.00 | NOTE | |||
r-oldrel-windows-x86_64 | 1.0.2 | 24.00 | 278.00 | 302.00 | NOTE |
Version: 1.0.2
Check: CRAN incoming feasibility
Result: NOTE
Maintainer: ‘Daniel Kaschek <daniel.kaschek@gmail.com>’
No Authors@R field in DESCRIPTION.
Please add one, modifying
Authors@R: person(given = "Daniel",
family = "Kaschek",
role = c("aut", "cre"),
email = "daniel.kaschek@gmail.com")
as necessary.
Flavors: r-devel-linux-x86_64-debian-clang, r-devel-linux-x86_64-debian-gcc
Version: 1.0.2
Check: Rd files
Result: NOTE
checkRd: (-1) scale_color_dMod.Rd:10: Lost braces
10 | \item{...}{arguments goint to code{scale_color_manual()}}
| ^
checkRd: (-1) scale_fill_dMod.Rd:10: Lost braces
10 | \item{...}{arguments goint to code{scale_color_manual()}}
| ^
checkRd: (-1) trust.Rd:103: Lost braces in \itemize; \value handles \item{}{} directly
checkRd: (-1) trust.Rd:104: Lost braces in \itemize; \value handles \item{}{} directly
checkRd: (-1) trust.Rd:105: Lost braces in \itemize; \value handles \item{}{} directly
checkRd: (-1) trust.Rd:106: Lost braces in \itemize; \value handles \item{}{} directly
checkRd: (-1) trust.Rd:107-108: Lost braces in \itemize; \value handles \item{}{} directly
checkRd: (-1) trust.Rd:109-110: Lost braces in \itemize; \value handles \item{}{} directly
checkRd: (-1) trust.Rd:111-112: Lost braces in \itemize; \value handles \item{}{} directly
checkRd: (-1) trust.Rd:113-114: Lost braces in \itemize; \value handles \item{}{} directly
checkRd: (-1) trust.Rd:115-122: Lost braces in \itemize; \value handles \item{}{} directly
checkRd: (-1) trust.Rd:123-126: Lost braces in \itemize; \value handles \item{}{} directly
checkRd: (-1) trust.Rd:127: Lost braces in \itemize; \value handles \item{}{} directly
checkRd: (-1) trust.Rd:128-131: Lost braces in \itemize; \value handles \item{}{} directly
checkRd: (-1) trust.Rd:132-133: Lost braces in \itemize; \value handles \item{}{} directly
checkRd: (-1) trust.Rd:134-135: Lost braces in \itemize; \value handles \item{}{} directly
checkRd: (-1) trust.Rd:136-138: Lost braces in \itemize; \value handles \item{}{} directly
checkRd: (-1) trust.Rd:139-141: Lost braces in \itemize; \value handles \item{}{} directly
Flavors: r-devel-linux-x86_64-debian-clang, r-devel-linux-x86_64-debian-gcc, r-devel-linux-x86_64-fedora-clang, r-devel-linux-x86_64-fedora-gcc, r-devel-windows-x86_64, r-patched-linux-x86_64, r-release-linux-x86_64, r-release-macos-arm64, r-release-macos-x86_64, r-release-windows-x86_64, r-oldrel-macos-arm64, r-oldrel-macos-x86_64, r-oldrel-windows-x86_64
Version: 1.0.2
Check: HTML version of manual
Result: NOTE
Found the following HTML validation problems:
as.eventlist.html:56:1 (as.eventlist.Rd:18): Warning: missing </ul> before </div>
compile.html:63:1 (compile.Rd:19): Warning: missing </ul> before </div>
confint.parframe.html:64:1 (confint.parframe.Rd:19): Warning: missing </ul> before </div>
ggopen.html:54:1 (ggopen.Rd:14): Warning: missing </ul> before </div>
loadDLL.html:50:1 (loadDLL.Rd:10): Warning: missing </ul> before </div>
match.fnargs.html:50:1 (match.fnargs.Rd:12): Warning: missing </ul> before </div>
mname.html:62:1 (mname.Rd:24): Warning: missing </ul> before </div>
plotPars.html:58:1 (plotPars.Rd:18): Warning: missing </ul> before </div>
plotValues.html:59:1 (plotValues.Rd:19): Warning: missing </ul> before </div>
prdlist.html:62:1 (prdlist.Rd:21): Warning: missing </ul> before </div>
progressBar.html:54:1 (progressBar.Rd:14): Warning: missing </ul> before </div>
scale_fill_dMod.html:46:1 (scale_fill_dMod.Rd:10): Warning: missing </ul> before </div>
stat.parlist.html:46:1 (stat.parlist.Rd:10): Warning: missing </ul> before </div>
theme_dMod.html:50:1 (theme_dMod.Rd:12): Warning: missing </ul> before </div>
write.eqnlist.html:50:1 (write.eqnlist.Rd:12): Warning: missing </ul> before </div>
Flavor: r-devel-linux-x86_64-debian-gcc