CRAN Package Check Results for Package datawizard

Last updated on 2025-10-21 09:48:29 CEST.

Flavor Version Tinstall Tcheck Ttotal Status Flags
r-devel-linux-x86_64-debian-clang 1.3.0 11.80 481.77 493.57 OK
r-devel-linux-x86_64-debian-gcc 1.3.0 8.93 441.40 450.33 NOTE
r-devel-linux-x86_64-fedora-clang 1.3.0 693.98 OK
r-devel-linux-x86_64-fedora-gcc 1.3.0 1190.20 OK
r-devel-windows-x86_64 1.3.0 13.00 333.00 346.00 OK
r-patched-linux-x86_64 1.3.0 15.23 469.73 484.96 OK
r-release-linux-x86_64 1.3.0 13.27 462.60 475.87 OK
r-release-macos-arm64 1.3.0 555.00 OK
r-release-macos-x86_64 1.3.0 910.00 OK
r-release-windows-x86_64 1.3.0 15.00 333.00 348.00 OK
r-oldrel-macos-arm64 1.3.0 569.00 OK
r-oldrel-macos-x86_64 1.3.0 986.00 OK
r-oldrel-windows-x86_64 1.3.0 21.00 408.00 429.00 OK

Check Details

Version: 1.3.0
Check: HTML version of manual
Result: NOTE Found the following HTML validation problems: dot-is_deprecated.html:52:1 (dot-is_deprecated.Rd:13): Warning: missing </ul> before </div> visualisation_recipe.html:69:1 (visualisation_recipe.Rd:12): Warning: missing </ul> before </div> Flavor: r-devel-linux-x86_64-debian-gcc