Last updated on 2025-10-21 09:48:29 CEST.
Flavor | Version | Tinstall | Tcheck | Ttotal | Status | Flags |
---|---|---|---|---|---|---|
r-devel-linux-x86_64-debian-clang | 0.4.4 | 2.87 | 343.13 | 346.00 | NOTE | |
r-devel-linux-x86_64-debian-gcc | 0.4.4 | 3.04 | 202.56 | 205.60 | NOTE | |
r-devel-linux-x86_64-fedora-clang | 0.4.4 | 568.75 | OK | |||
r-devel-linux-x86_64-fedora-gcc | 0.4.4 | 550.30 | OK | |||
r-devel-windows-x86_64 | 0.4.4 | 6.00 | 197.00 | 203.00 | OK | --no-vignettes |
r-patched-linux-x86_64 | 0.4.4 | 4.22 | 326.08 | 330.30 | OK | |
r-release-linux-x86_64 | 0.4.4 | 3.69 | 324.21 | 327.90 | OK | |
r-release-macos-arm64 | 0.4.4 | 137.00 | OK | |||
r-release-macos-x86_64 | 0.4.4 | 345.00 | OK | |||
r-release-windows-x86_64 | 0.4.4 | 7.00 | 206.00 | 213.00 | OK | --no-vignettes |
r-oldrel-macos-arm64 | 0.4.4 | 121.00 | OK | |||
r-oldrel-macos-x86_64 | 0.4.4 | 251.00 | OK | |||
r-oldrel-windows-x86_64 | 0.4.4 | 7.00 | 263.00 | 270.00 | OK | --no-vignettes |
Version: 0.4.4
Check: CRAN incoming feasibility
Result: NOTE
Maintainer: ‘Philipp H Boersch-Supan <pboesu@gmail.com>’
Package CITATION file contains call(s) to old-style personList() or
as.personList(). Please use c() on person objects instead.
Package CITATION file contains call(s) to old-style citEntry(). Please
use bibentry() instead.
Flavors: r-devel-linux-x86_64-debian-clang, r-devel-linux-x86_64-debian-gcc
Version: 0.4.4
Check: HTML version of manual
Result: NOTE
Found the following HTML validation problems:
is.debinfer_parlist.html:46:1 (is.debinfer_parlist.Rd:10): Warning: missing </ul> before </div>
is.debinfer_result.html:46:1 (is.debinfer_result.Rd:10): Warning: missing </ul> before </div>
log_post_params.html:70:1 (log_post_params.Rd:22): Warning: missing </ul> before </div>
log_prior_params.html:58:1 (log_prior_params.Rd:16): Warning: missing </ul> before </div>
pairs.debinfer_result.html:67:1 (pairs.debinfer_result.Rd:20): Warning: missing </ul> before </div>
plot.post_sim_list.html:79:1 (plot.post_sim_list.Rd:30): Warning: missing </ul> before </div>
post_prior_densplot.html:73:1 (post_prior_densplot.Rd:27): Warning: missing </ul> before </div>
prior_draw_rev.html:54:1 (prior_draw_rev.Rd:14): Warning: missing </ul> before </div>
propose_single_rev.html:50:1 (propose_single_rev.Rd:12): Warning: missing </ul> before </div>
reshape_post_sim.html:46:1 (reshape_post_sim.Rd:10): Warning: missing </ul> before </div>
update_sample_rev.html:158:1 (update_sample_rev.Rd:78): Warning: missing </ul> before </div>
Flavor: r-devel-linux-x86_64-debian-gcc