Last updated on 2025-10-22 09:50:30 CEST.
Flavor | Version | Tinstall | Tcheck | Ttotal | Status | Flags |
---|---|---|---|---|---|---|
r-devel-linux-x86_64-debian-clang | 0.3.0 | 4.28 | 50.84 | 55.12 | NOTE | |
r-devel-linux-x86_64-debian-gcc | 0.3.0 | 2.69 | 38.83 | 41.52 | NOTE | |
r-devel-linux-x86_64-fedora-clang | 0.3.0 | 13.00 | 67.58 | 80.58 | OK | |
r-devel-linux-x86_64-fedora-gcc | 0.3.0 | 90.27 | OK | |||
r-devel-windows-x86_64 | 0.3.0 | 7.00 | 71.00 | 78.00 | OK | |
r-patched-linux-x86_64 | 0.3.0 | 5.42 | 45.10 | 50.52 | OK | |
r-release-linux-x86_64 | 0.3.0 | 4.01 | 45.39 | 49.40 | OK | |
r-release-macos-arm64 | 0.3.0 | 2.00 | 31.00 | 33.00 | OK | |
r-release-macos-x86_64 | 0.3.0 | 4.00 | 55.00 | 59.00 | OK | |
r-release-windows-x86_64 | 0.3.0 | 9.00 | 75.00 | 84.00 | OK | |
r-oldrel-macos-arm64 | 0.3.0 | 2.00 | 30.00 | 32.00 | OK | |
r-oldrel-macos-x86_64 | 0.3.0 | 4.00 | 54.00 | 58.00 | OK | |
r-oldrel-windows-x86_64 | 0.3.0 | 9.00 | 91.00 | 100.00 | OK |
Version: 0.3.0
Check: HTML version of manual
Result: NOTE
Found the following HTML validation problems:
add_basemap.html:54:1 (add_basemap.Rd:14): Warning: missing </ul> before </div>
add_data.html:54:1 (add_data.Rd:14): Warning: missing </ul> before </div>
add_json_editor.html:60:1 (add_json_editor.Rd:18): Warning: missing </ul> before </div>
add_legend.html:79:1 (add_legend.Rd:31): Warning: missing </ul> before </div>
add_source_as_dep.html:54:1 (add_source_as_dep.Rd:14): Warning: missing </ul> before </div>
deckgl-shiny.html:68:1 (deckgl-shiny.Rd:25): Warning: missing </ul> before </div>
deckgl_proxy.html:52:1 (deckgl_proxy.Rd:14): Warning: missing </ul> before </div>
does_it_work.html:46:1 (does_it_work.Rd:10): Warning: missing </ul> before </div>
get_data.html:46:1 (get_data.Rd:10): Warning: missing </ul> before </div>
set_view_state.html:73:1 (set_view_state.Rd:27): Warning: missing </ul> before </div>
use_carto_style.html:46:1 (use_carto_style.Rd:10): Warning: missing </ul> before </div>
use_contour_definition.html:58:1 (use_contour_definition.Rd:18): Warning: missing </ul> before </div>
use_default_icon_properties.html:63:1 (use_default_icon_properties.Rd:22): Warning: missing </ul> before </div>
use_icon_definition.html:80:1 (use_icon_definition.Rd:32): Warning: missing </ul> before </div>
Flavors: r-devel-linux-x86_64-debian-clang, r-devel-linux-x86_64-debian-gcc