Last updated on 2025-10-21 09:48:29 CEST.
Flavor | Version | Tinstall | Tcheck | Ttotal | Status | Flags |
---|---|---|---|---|---|---|
r-devel-linux-x86_64-debian-clang | 0.1.0 | 2.75 | 29.21 | 31.96 | OK | |
r-devel-linux-x86_64-debian-gcc | 0.1.0 | 2.11 | 23.49 | 25.60 | NOTE | |
r-devel-linux-x86_64-fedora-clang | 0.1.0 | 47.56 | OK | |||
r-devel-linux-x86_64-fedora-gcc | 0.1.0 | 44.24 | OK | |||
r-devel-windows-x86_64 | 0.1.0 | 4.00 | 45.00 | 49.00 | OK | |
r-patched-linux-x86_64 | 0.1.0 | 2.71 | 27.10 | 29.81 | OK | |
r-release-linux-x86_64 | 0.1.0 | 2.31 | 26.42 | 28.73 | OK | |
r-release-macos-arm64 | 0.1.0 | 18.00 | OK | |||
r-release-macos-x86_64 | 0.1.0 | 29.00 | OK | |||
r-release-windows-x86_64 | 0.1.0 | 5.00 | 46.00 | 51.00 | OK | |
r-oldrel-macos-arm64 | 0.1.0 | 32.00 | OK | |||
r-oldrel-macos-x86_64 | 0.1.0 | 55.00 | OK | |||
r-oldrel-windows-x86_64 | 0.1.0 | 6.00 | 53.00 | 59.00 | OK |
Version: 0.1.0
Check: HTML version of manual
Result: NOTE
Found the following HTML validation problems:
DeltaMethodForRatio.html:118:1 (DeltaMethodForRatio.Rd:62): Warning: <h5> anchor "Usage" already defined
DeltaMethodForRatio.html:141:1 (DeltaMethodForRatio.Rd:75): Warning: <h5> anchor "Usage" already defined
DeltaMethodForRatio.html:147:1 (DeltaMethodForRatio.Rd:79): Warning: <h5> anchor "Returns" already defined
DeltaMethodForRatio.html:164:1 (DeltaMethodForRatio.Rd:88): Warning: <h5> anchor "Usage" already defined
DeltaMethodForRatio.html:170:1 (DeltaMethodForRatio.Rd:92): Warning: <h5> anchor "Returns" already defined
DeltaMethodForRatio.html:187:1 (DeltaMethodForRatio.Rd:101): Warning: <h5> anchor "Usage" already defined
DeltaMethodForRatio.html:193:1 (DeltaMethodForRatio.Rd:105): Warning: <h5> anchor "Returns" already defined
DeltaMethodForRatio.html:210:1 (DeltaMethodForRatio.Rd:114): Warning: <h5> anchor "Usage" already defined
DeltaMethodForRatio.html:219:1 (DeltaMethodForRatio.Rd:121): Warning: <h5> anchor "Arguments" already defined
DeltaMethodForRatio.html:237:1 (DeltaMethodForRatio.Rd:133): Warning: <h5> anchor "Returns" already defined
DeltaMethodForRatio.html:255:1 (DeltaMethodForRatio.Rd:143): Warning: <h5> anchor "Usage" already defined
DeltaMethodForRatio.html:264:1 (DeltaMethodForRatio.Rd:150): Warning: <h5> anchor "Arguments" already defined
DeltaMethodForRatio.html:282:1 (DeltaMethodForRatio.Rd:162): Warning: <h5> anchor "Returns" already defined
DeltaMethodForRatio.html:301:1 (DeltaMethodForRatio.Rd:173): Warning: <h5> anchor "Usage" already defined
DeltaMethodForRatio.html:313:1 (DeltaMethodForRatio.Rd:183): Warning: <h5> anchor "Arguments" already defined
DeltaMethodForRatio.html:337:1 (DeltaMethodForRatio.Rd:201): Warning: <h5> anchor "Returns" already defined
DeltaMethodForRatio.html:354:1 (DeltaMethodForRatio.Rd:210): Warning: <h5> anchor "Usage" already defined
DeltaMethodForRatio.html:360:1 (DeltaMethodForRatio.Rd:214): Warning: <h5> anchor "Arguments" already defined
DeltaMethodForRatio.html:382:1 (DeltaMethodForRatio.Rd:230): Warning: <h5> anchor "Returns" already defined
DeltaMethodForRatio.html:400:1 (DeltaMethodForRatio.Rd:240): Warning: <h5> anchor "Usage" already defined
DeltaMethodForRatio.html:411:1 (DeltaMethodForRatio.Rd:249): Warning: <h5> anchor "Arguments" already defined
DeltaMethodForRatio.html:434:1 (DeltaMethodForRatio.Rd:266): Warning: <h5> anchor "Returns" already defined
DeltaMethodForRatio.html:452:1 (DeltaMethodForRatio.Rd:276): Warning: <h5> anchor "Usage" already defined
DeltaMethodForRatio.html:458:1 (DeltaMethodForRatio.Rd:280): Warning: <h5> anchor "Arguments" already defined
Flavor: r-devel-linux-x86_64-debian-gcc