CRAN Package Check Results for Package diathor

Last updated on 2025-10-21 09:48:29 CEST.

Flavor Version Tinstall Tcheck Ttotal Status Flags
r-devel-linux-x86_64-debian-clang 0.1.5 19.96 116.89 136.85 OK
r-devel-linux-x86_64-debian-gcc 0.1.5 14.54 83.20 97.74 NOTE
r-devel-linux-x86_64-fedora-clang 0.1.5 221.84 OK
r-devel-linux-x86_64-fedora-gcc 0.1.5 202.25 OK
r-devel-windows-x86_64 0.1.5 21.00 117.00 138.00 OK
r-patched-linux-x86_64 0.1.5 19.22 108.44 127.66 OK
r-release-linux-x86_64 0.1.5 20.78 109.34 130.12 OK
r-release-macos-arm64 0.1.5 54.00 OK
r-release-macos-x86_64 0.1.5 115.00 OK
r-release-windows-x86_64 0.1.5 24.00 119.00 143.00 OK
r-oldrel-macos-arm64 0.1.5 56.00 OK
r-oldrel-macos-x86_64 0.1.5 114.00 OK
r-oldrel-windows-x86_64 0.1.5 31.00 150.00 181.00 OK

Check Details

Version: 0.1.5
Check: HTML version of manual
Result: NOTE Found the following HTML validation problems: diat_checkName.html:50:1 (diat_checkName.Rd:13): Warning: missing </ul> before </div> diat_diversity.html:61:1 (diat_diversity.Rd:11): Warning: missing </ul> before </div> diat_loadData.html:89:1 (diat_loadData.Rd:25): Warning: missing </ul> before </div> Flavor: r-devel-linux-x86_64-debian-gcc