CRAN Package Check Results for Package distcomp

Last updated on 2025-10-21 09:48:29 CEST.

Flavor Version Tinstall Tcheck Ttotal Status Flags
r-devel-linux-x86_64-debian-clang 1.3-3 18.36 104.15 122.51 NOTE
r-devel-linux-x86_64-debian-gcc 1.3-3 14.49 76.70 91.19 NOTE
r-devel-linux-x86_64-fedora-clang 1.3-3 194.29 NOTE
r-devel-linux-x86_64-fedora-gcc 1.3-3 198.24 NOTE
r-devel-windows-x86_64 1.3-3 27.00 115.00 142.00 NOTE
r-patched-linux-x86_64 1.3-3 18.10 99.39 117.49 NOTE
r-release-linux-x86_64 1.3-3 18.75 99.00 117.75 NOTE
r-release-macos-arm64 1.3-3 78.00 NOTE
r-release-macos-x86_64 1.3-3 124.00 NOTE
r-release-windows-x86_64 1.3-3 27.00 119.00 146.00 NOTE
r-oldrel-macos-arm64 1.3-3 63.00 OK
r-oldrel-macos-x86_64 1.3-3 102.00 OK
r-oldrel-windows-x86_64 1.3-3 33.00 146.00 179.00 OK

Check Details

Version: 1.3-3
Check: compiled code
Result: NOTE File ‘distcomp/libs/distcomp.so’: Found non-API call to R: ‘NAMED’ Compiled code should not call non-API entry points in R. See ‘Writing portable packages’ in the ‘Writing R Extensions’ manual, and section ‘Moving into C API compliance’ for issues with the use of non-API entry points. Flavors: r-devel-linux-x86_64-debian-clang, r-devel-linux-x86_64-debian-gcc, r-devel-linux-x86_64-fedora-clang, r-devel-linux-x86_64-fedora-gcc, r-patched-linux-x86_64, r-release-linux-x86_64, r-release-macos-arm64, r-release-macos-x86_64

Version: 1.3-3
Check: HTML version of manual
Result: NOTE Found the following HTML validation problems: CoxMaster.html:109:1 (CoxMaster.Rd:53): Warning: <h5> anchor "Usage" already defined CoxMaster.html:115:1 (CoxMaster.Rd:57): Warning: <h5> anchor "Returns" already defined CoxMaster.html:132:1 (CoxMaster.Rd:66): Warning: <h5> anchor "Usage" already defined CoxMaster.html:138:1 (CoxMaster.Rd:70): Warning: <h5> anchor "Arguments" already defined CoxMaster.html:151:1 (CoxMaster.Rd:77): Warning: <h5> anchor "Returns" already defined CoxMaster.html:170:1 (CoxMaster.Rd:88): Warning: <h5> anchor "Usage" already defined CoxMaster.html:176:1 (CoxMaster.Rd:92): Warning: <h5> anchor "Arguments" already defined CoxMaster.html:203:1 (CoxMaster.Rd:109): Warning: <h5> anchor "Usage" already defined CoxMaster.html:209:1 (CoxMaster.Rd:113): Warning: <h5> anchor "Arguments" already defined CoxMaster.html:222:1 (CoxMaster.Rd:120): Warning: <h5> anchor "Returns" already defined CoxMaster.html:238:1 (CoxMaster.Rd:129): Warning: <h5> anchor "Usage" already defined CoxMaster.html:244:1 (CoxMaster.Rd:133): Warning: <h5> anchor "Returns" already defined CoxMaster.html:264:1 (CoxMaster.Rd:145): Warning: <h5> anchor "Usage" already defined CoxMaster.html:270:1 (CoxMaster.Rd:149): Warning: <h5> anchor "Arguments" already defined CoxWorker.html:110:1 (CoxWorker.Rd:54): Warning: <h5> anchor "Usage" already defined CoxWorker.html:116:1 (CoxWorker.Rd:58): Warning: <h5> anchor "Arguments" already defined CoxWorker.html:129:1 (CoxWorker.Rd:65): Warning: <h5> anchor "Returns" already defined CoxWorker.html:146:1 (CoxWorker.Rd:74): Warning: <h5> anchor "Usage" already defined CoxWorker.html:152:1 (CoxWorker.Rd:78): Warning: <h5> anchor "Returns" already defined CoxWorker.html:169:1 (CoxWorker.Rd:87): Warning: <h5> anchor "Usage" already defined CoxWorker.html:175:1 (CoxWorker.Rd:91): Warning: <h5> anchor "Arguments" already defined CoxWorker.html:190:1 (CoxWorker.Rd:100): Warning: <h5> anchor "Returns" already defined CoxWorker.html:209:1 (CoxWorker.Rd:111): Warning: <h5> anchor "Usage" already defined CoxWorker.html:215:1 (CoxWorker.Rd:115): Warning: <h5> anchor "Arguments" already defined CoxWorker.html:230:1 (CoxWorker.Rd:124): Warning: <h5> anchor "Returns" already defined CoxWorker.html:247:1 (CoxWorker.Rd:133): Warning: <h5> anchor "Usage" already defined CoxWorker.html:253:1 (CoxWorker.Rd:137): Warning: <h5> anchor "Returns" already defined CoxWorker.html:270:1 (CoxWorker.Rd:146): Warning: <h5> anchor "Usage" already defined CoxWorker.html:276:1 (CoxWorker.Rd:150): Warning: <h5> anchor "Arguments" already defined HEMaster.html:121:1 (HEMaster.Rd:62): Warning: <h5> anchor "Usage" already defined HEMaster.html:127:1 (HEMaster.Rd:66): Warning: <h5> anchor "Returns" already defined HEMaster.html:144:1 (HEMaster.Rd:75): Warning: <h5> anchor "Usage" already defined HEMaster.html:150:1 (HEMaster.Rd:79): Warning: <h5> anchor "Returns" already defined HEMaster.html:167:1 (HEMaster.Rd:88): Warning: <h5> anchor "Usage" already defined HEMaster.html:173:1 (HEMaster.Rd:92): Warning: <h5> anchor "Arguments" already defined HEMaster.html:200:1 (HEMaster.Rd:109): Warning: <h5> anchor "Usage" already defined HEMaster.html:206:1 (HEMaster.Rd:113): Warning: <h5> anchor "Arguments" already defined HEMaster.html:219:1 (HEMaster.Rd:120): Warning: <h5> anchor "Returns" already defined HEMaster.html:236:1 (HEMaster.Rd:129): Warning: <h5> anchor "Usage" already defined HEMaster.html:242:1 (HEMaster.Rd:133): Warning: <h5> anchor "Arguments" already defined HEQueryCountMaster.html:143:1 (HEQueryCountMaster.Rd:79): Warning: <h5> anchor "Usage" already defined HEQueryCountMaster.html:149:1 (HEQueryCountMaster.Rd:83): Warning: <h5> anchor "Arguments" already defined HEQueryCountMaster.html:176:1 (HEQueryCountMaster.Rd:100): Warning: <h5> anchor "Usage" already defined HEQueryCountMaster.html:182:1 (HEQueryCountMaster.Rd:104): Warning: <h5> anchor "Returns" already defined HEQueryCountMaster.html:199:1 (HEQueryCountMaster.Rd:113): Warning: <h5> anchor "Usage" already defined HEQueryCountMaster.html:205:1 (HEQueryCountMaster.Rd:117): Warning: <h5> anchor "Arguments" already defined HEQueryCountMaster.html:218:1 (HEQueryCountMaster.Rd:124): Warning: <h5> anchor "Returns" already defined HEQueryCountMaster.html:235:1 (HEQueryCountMaster.Rd:133): Warning: <h5> anchor "Usage" already defined HEQueryCountMaster.html:251:1 (HEQueryCountMaster.Rd:143): Warning: <h5> anchor "Usage" already defined HEQueryCountMaster.html:257:1 (HEQueryCountMaster.Rd:147): Warning: <h5> anchor "Arguments" already defined HEQueryCountMaster.html:270:1 (HEQueryCountMaster.Rd:154): Warning: <h5> anchor "Returns" already defined HEQueryCountMaster.html:287:1 (HEQueryCountMaster.Rd:163): Warning: <h5> anchor "Usage" already defined HEQueryCountMaster.html:293:1 (HEQueryCountMaster.Rd:167): Warning: <h5> anchor "Arguments" already defined HEQueryCountWorker.html:139:1 (HEQueryCountWorker.Rd:81): Warning: <h5> anchor "Usage" already defined HEQueryCountWorker.html:145:1 (HEQueryCountWorker.Rd:85): Warning: <h5> anchor "Arguments" already defined HEQueryCountWorker.html:172:1 (HEQueryCountWorker.Rd:102): Warning: <h5> anchor "Usage" already defined HEQueryCountWorker.html:178:1 (HEQueryCountWorker.Rd:106): Warning: <h5> anchor "Arguments" already defined HEQueryCountWorker.html:193:1 (HEQueryCountWorker.Rd:115): Warning: <h5> anchor "Returns" already defined HEQueryCountWorker.html:210:1 (HEQueryCountWorker.Rd:124): Warning: <h5> anchor "Usage" already defined HEQueryCountWorker.html:216:1 (HEQueryCountWorker.Rd:128): Warning: <h5> anchor "Arguments" already defined NCP.html:371:1 (NCP.Rd:215): Warning: missing </ul> before </div> NCP.html:156:1 (NCP.Rd:88): Warning: <h5> anchor "Usage" already defined NCP.html:172:1 (NCP.Rd:98): Warning: <h5> anchor "Usage" already defined NCP.html:178:1 (NCP.Rd:102): Warning: <h5> anchor "Arguments" already defined NCP.html:205:1 (NCP.Rd:119): Warning: <h5> anchor "Usage" already defined NCP.html:221:1 (NCP.Rd:129): Warning: <h5> anchor "Usage" already defined NCP.html:227:1 (NCP.Rd:133): Warning: <h5> anchor "Arguments" already defined NCP.html:250:1 (NCP.Rd:146): Warning: <h5> anchor "Usage" already defined NCP.html:256:1 (NCP.Rd:150): Warning: <h5> anchor "Arguments" already defined NCP.html:283:1 (NCP.Rd:167): Warning: <h5> anchor "Usage" already defined NCP.html:289:1 (NCP.Rd:171): Warning: <h5> anchor "Arguments" already defined NCP.html:312:1 (NCP.Rd:184): Warning: <h5> anchor "Usage" already defined NCP.html:318:1 (NCP.Rd:188): Warning: <h5> anchor "Arguments" already defined NCP.html:331:1 (NCP.Rd:195): Warning: <h5> anchor "Returns" already defined NCP.html:348:1 (NCP.Rd:204): Warning: <h5> anchor "Usage" already defined NCP.html:354:1 (NCP.Rd:208): Warning: <h5> anchor "Arguments" already defined QueryCountMaster.html:107:1 (QueryCountMaster.Rd:52): Warning: <h5> anchor "Usage" already defined QueryCountMaster.html:113:1 (QueryCountMaster.Rd:56): Warning: <h5> anchor "Returns" already defined QueryCountMaster.html:130:1 (QueryCountMaster.Rd:65): Warning: <h5> anchor "Usage" already defined QueryCountMaster.html:136:1 (QueryCountMaster.Rd:69): Warning: <h5> anchor "Returns" already defined QueryCountMaster.html:153:1 (QueryCountMaster.Rd:78): Warning: <h5> anchor "Usage" already defined QueryCountMaster.html:169:1 (QueryCountMaster.Rd:88): Warning: <h5> anchor "Usage" already defined QueryCountMaster.html:175:1 (QueryCountMaster.Rd:92): Warning: <h5> anchor "Arguments" already defined QueryCountMaster.html:202:1 (QueryCountMaster.Rd:109): Warning: <h5> anchor "Usage" already defined QueryCountMaster.html:208:1 (QueryCountMaster.Rd:113): Warning: <h5> anchor "Returns" already defined QueryCountMaster.html:225:1 (QueryCountMaster.Rd:122): Warning: <h5> anchor "Usage" already defined QueryCountMaster.html:231:1 (QueryCountMaster.Rd:126): Warning: <h5> anchor "Arguments" already defined QueryCountWorker.html:104:1 (QueryCountWorker.Rd:52): Warning: <h5> anchor "Usage" already defined QueryCountWorker.html:120:1 (QueryCountWorker.Rd:62): Warning: <h5> anchor "Usage" already defined QueryCountWorker.html:126:1 (QueryCountWorker.Rd:66): Warning: <h5> anchor "Returns" already defined QueryCountWorker.html:143:1 (QueryCountWorker.Rd:75): Warning: <h5> anchor "Usage" already defined QueryCountWorker.html:159:1 (QueryCountWorker.Rd:85): Warning: <h5> anchor "Usage" already defined QueryCountWorker.html:165:1 (QueryCountWorker.Rd:89): Warning: <h5> anchor "Arguments" already defined SVDMaster.html:116:1 (SVDMaster.Rd:54): Warning: <h5> anchor "Usage" already defined SVDMaster.html:122:1 (SVDMaster.Rd:58): Warning: <h5> anchor "Returns" already defined SVDMaster.html:139:1 (SVDMaster.Rd:67): Warning: <h5> anchor "Usage" already defined SVDMaster.html:145:1 (SVDMaster.Rd:71): Warning: <h5> anchor "Arguments" already defined SVDMaster.html:160:1 (SVDMaster.Rd:80): Warning: <h5> anchor "Returns" already defined SVDMaster.html:177:1 (SVDMaster.Rd:89): Warning: <h5> anchor "Usage" already defined SVDMaster.html:183:1 (SVDMaster.Rd:93): Warning: <h5> anchor "Arguments" already defined SVDMaster.html:198:1 (SVDMaster.Rd:102): Warning: <h5> anchor "Returns" already defined SVDMaster.html:215:1 (SVDMaster.Rd:111): Warning: <h5> anchor "Usage" already defined SVDMaster.html:221:1 (SVDMaster.Rd:115): Warning: <h5> anchor "Arguments" already defined SVDMaster.html:236:1 (SVDMaster.Rd:124): Warning: <h5> anchor "Returns" already defined SVDMaster.html:253:1 (SVDMaster.Rd:133): Warning: <h5> anchor "Usage" already defined SVDMaster.html:269:1 (SVDMaster.Rd:143): Warning: <h5> anchor "Usage" already defined SVDMaster.html:275:1 (SVDMaster.Rd:147): Warning: <h5> anchor "Arguments" already defined SVDMaster.html:302:1 (SVDMaster.Rd:164): Warning: <h5> anchor "Usage" already defined SVDMaster.html:308:1 (SVDMaster.Rd:168): Warning: <h5> anchor "Arguments" already defined SVDMaster.html:323:1 (SVDMaster.Rd:177): Warning: <h5> anchor "Returns" already defined SVDMaster.html:340:1 (SVDMaster.Rd:186): Warning: <h5> anchor "Usage" already defined SVDMaster.html:346:1 (SVDMaster.Rd:190): Warning: <h5> anchor "Returns" already defined SVDMaster.html:363:1 (SVDMaster.Rd:199): Warning: <h5> anchor "Usage" already defined SVDMaster.html:369:1 (SVDMaster.Rd:203): Warning: <h5> anchor "Arguments" already defined SVDWorker.html:124:1 (SVDWorker.Rd:58): Warning: <h5> anchor "Usage" already defined SVDWorker.html:140:1 (SVDWorker.Rd:68): Warning: <h5> anchor "Usage" already defined SVDWorker.html:146:1 (SVDWorker.Rd:72): Warning: <h5> anchor "Arguments" already defined SVDWorker.html:159:1 (SVDWorker.Rd:79): Warning: <h5> anchor "Returns" already defined SVDWorker.html:176:1 (SVDWorker.Rd:88): Warning: <h5> anchor "Usage" already defined SVDWorker.html:182:1 (SVDWorker.Rd:92): Warning: <h5> anchor "Arguments" already defined SVDWorker.html:197:1 (SVDWorker.Rd:101): Warning: <h5> anchor "Returns" already defined SVDWorker.html:214:1 (SVDWorker.Rd:110): Warning: <h5> anchor "Usage" already defined SVDWorker.html:220:1 (SVDWorker.Rd:114): Warning: <h5> anchor "Arguments" already defined SVDWorker.html:235:1 (SVDWorker.Rd:123): Warning: <h5> anchor "Returns" already defined SVDWorker.html:252:1 (SVDWorker.Rd:132): Warning: <h5> anchor "Usage" already defined SVDWorker.html:258:1 (SVDWorker.Rd:136): Warning: <h5> anchor "Arguments" already defined SVDWorker.html:273:1 (SVDWorker.Rd:145): Warning: <h5> anchor "Returns" already defined SVDWorker.html:290:1 (SVDWorker.Rd:154): Warning: <h5> anchor "Usage" already defined SVDWorker.html:296:1 (SVDWorker.Rd:158): Warning: <h5> anchor "Arguments" already defined SVDWorker.html:321:1 (SVDWorker.Rd:173): Warning: <h5> anchor "Usage" already defined SVDWorker.html:327:1 (SVDWorker.Rd:177): Warning: <h5> anchor "Returns" already defined SVDWorker.html:344:1 (SVDWorker.Rd:186): Warning: <h5> anchor "Usage" already defined SVDWorker.html:350:1 (SVDWorker.Rd:190): Warning: <h5> anchor "Returns" already defined SVDWorker.html:367:1 (SVDWorker.Rd:199): Warning: <h5> anchor "Usage" already defined SVDWorker.html:373:1 (SVDWorker.Rd:203): Warning: <h5> anchor "Returns" already defined SVDWorker.html:390:1 (SVDWorker.Rd:212): Warning: <h5> anchor "Usage" already defined SVDWorker.html:396:1 (SVDWorker.Rd:216): Warning: <h5> anchor "Returns" already defined SVDWorker.html:413:1 (SVDWorker.Rd:225): Warning: <h5> anchor "Usage" already defined SVDWorker.html:419:1 (SVDWorker.Rd:229): Warning: <h5> anchor "Arguments" already defined Flavor: r-devel-linux-x86_64-debian-gcc

Version: 1.3-3
Check: compiled code
Result: NOTE File 'distcomp/libs/x64/distcomp.dll': Found non-API call to R: 'NAMED' Compiled code should not call non-API entry points in R. See 'Writing portable packages' in the 'Writing R Extensions' manual, and section 'Moving into C API compliance' for issues with the use of non-API entry points. Flavors: r-devel-windows-x86_64, r-release-windows-x86_64